{"id":29202,"date":"2022-08-29T08:52:07","date_gmt":"2022-08-29T14:52:07","guid":{"rendered":"https:\/\/mickyandoniehn.com\/radio\/?page_id=29202"},"modified":"2022-09-01T11:49:42","modified_gmt":"2022-09-01T17:49:42","slug":"paul-rodger","status":"publish","type":"page","link":"https:\/\/mickyandoniehn.com\/radio\/paul-rodger\/","title":{"rendered":"Paul Rodger"},"content":{"rendered":"<p style=\"text-align: justify;\"><img loading=\"lazy\" decoding=\"async\" class=\" wp-image-24021 aligncenter\" src=\"http:\/\/mickyandoniehn.com\/radio\/wp-content\/uploads\/2022\/08\/Paul-Rodgers-266x300.jpg\" alt=\"\" width=\"467\" height=\"526\" srcset=\"https:\/\/mickyandoniehn.com\/radio\/wp-content\/uploads\/2022\/08\/Paul-Rodgers-266x300.jpg 266w, https:\/\/mickyandoniehn.com\/radio\/wp-content\/uploads\/2022\/08\/Paul-Rodgers.jpg 331w\" sizes=\"auto, (max-width: 467px) 100vw, 467px\" \/><\/p>\n<p>&nbsp;<\/p>\n<div class=\"cxmmr5t8 oygrvhab hcukyx3x c1et5uql o9v6fnle ii04i59q\" style=\"text-align: justify;\">\n<div dir=\"auto\"><strong>Fecha de Nacimiento:<\/strong> 17 de diciembre de 1949<\/div>\n<p>&nbsp;<\/p>\n<div dir=\"auto\"><\/div>\n<\/div>\n<div class=\"cxmmr5t8 oygrvhab hcukyx3x c1et5uql o9v6fnle ii04i59q\" style=\"text-align: justify;\">\n<div dir=\"auto\"><strong>Biograf\u00eda:<\/strong><\/div>\n<p>&nbsp;<\/p>\n<div dir=\"auto\"><\/div>\n<div dir=\"auto\">Rodgers naci\u00f3 en Middlesbrough, ciudad del norte de Inglaterra. Tocaba el bajo (posteriormente tomar\u00eda el rol de cantante) en la banda local The Roadrunners, la cual poco antes de trasladarse desde Middlesbrough hacia la escena musical de Londres cambi\u00f3 su nombre a The Wildflowers. Otros miembros de esta banda fueron Micky Moody (futuro integrante de Whitesnake) y Bruce Thomas (quien despu\u00e9s tocar\u00eda con Elvis Costello and The Attractions).<\/div>\n<p>&nbsp;<\/p>\n<div dir=\"auto\"><\/div>\n<\/div>\n<div class=\"cxmmr5t8 oygrvhab hcukyx3x c1et5uql o9v6fnle ii04i59q\" style=\"text-align: justify;\">\n<div dir=\"auto\">Rodgers apareci\u00f3 en la escena musical brit\u00e1nica en 1968 como cantante y compositor en la banda de blues-rock Free. En 1970, lideraron los rankings radiales a nivel internacional con &#8220;All Right Now&#8221;, la cual Rodgers escribi\u00f3 junto al bajista del grupo Andy Fraser. Lleg\u00f3 al primer puesto en m\u00e1s de 20 pa\u00edses y en 1990 fue reconocida por ASCAP tras recibir m\u00e1s de 1 mill\u00f3n de emisiones radiales solo en Estados Unidos.<\/div>\n<p>&nbsp;<\/p>\n<div dir=\"auto\"><\/div>\n<\/div>\n<div class=\"cxmmr5t8 oygrvhab hcukyx3x c1et5uql o9v6fnle ii04i59q\" style=\"text-align: justify;\">\n<div dir=\"auto\">La canci\u00f3n tuvo un papel fundamental en la introducci\u00f3n del estilo de Rodgers, mientras ayudaba a establecer el sonido blues-rock de la invasi\u00f3n brit\u00e1nica. Por entonces, las actuaciones de Free y Led Zeppelin eran las m\u00e1s aclamadas en Gran Breta\u00f1a. Free public\u00f3 cuatro \u00e1lbumes que estuvieron en los 5 primeros lugares de las listas, los cuales tra\u00edan una combinaci\u00f3n de blues, baladas y rock. En 2000 la Industria Musical Brit\u00e1nica entreg\u00f3 a Paul Rodgers la distinci\u00f3n Multi Million Award cuando &#8220;All Right Now&#8221; sobrepas\u00f3 los 2 millones de emisiones en las radios brit\u00e1nicas.<\/div>\n<p>&nbsp;<\/p>\n<div dir=\"auto\"><\/div>\n<\/div>\n<div class=\"cxmmr5t8 oygrvhab hcukyx3x c1et5uql o9v6fnle ii04i59q\" style=\"text-align: justify;\">\n<div dir=\"auto\">Despu\u00e9s de la separaci\u00f3n de Free, Rodgers form\u00f3 brevemente un tr\u00edo llamado Peace en el cual tocaba guitarra y, por supuesto, era su vocalista. Aunque Peace ensay\u00f3 y grab\u00f3 algunos demos, ninguno de estos fue publicado antes que Rodgers formara Bad Company.<\/div>\n<p>&nbsp;<\/p>\n<div dir=\"auto\"><\/div>\n<\/div>\n<div class=\"cxmmr5t8 oygrvhab hcukyx3x c1et5uql o9v6fnle ii04i59q\" style=\"text-align: justify;\">\n<div dir=\"auto\"><strong>Wikipedia in English<\/strong><\/div>\n<p>&nbsp;<\/p>\n<div dir=\"auto\"><\/div>\n<\/div>\n<div class=\"cxmmr5t8 oygrvhab hcukyx3x c1et5uql o9v6fnle ii04i59q\" style=\"text-align: justify;\">\n<div dir=\"auto\"><strong>Date of Birth:<\/strong> December 17, 1949<\/div>\n<p>&nbsp;<\/p>\n<div dir=\"auto\"><\/div>\n<\/div>\n<div class=\"cxmmr5t8 oygrvhab hcukyx3x c1et5uql o9v6fnle ii04i59q\" style=\"text-align: justify;\">\n<div dir=\"auto\"><strong>Biography:<\/strong><\/div>\n<p>&nbsp;<\/p>\n<div dir=\"auto\"><\/div>\n<div dir=\"auto\">Rodgers was born in Middlesbrough, a city in the north of England. He played bass (later taking on the role of singer) in the local band The Roadrunners, which shortly before moving from Middlesbrough to the London music scene changed their name to The Wildflowers. Other members of this band were Micky Moody (future member of Whitesnake) and Bruce Thomas (who later would play with Elvis Costello and The Attractions).<\/div>\n<p>&nbsp;<\/p>\n<div dir=\"auto\"><\/div>\n<\/div>\n<div class=\"cxmmr5t8 oygrvhab hcukyx3x c1et5uql o9v6fnle ii04i59q\" style=\"text-align: justify;\">\n<div dir=\"auto\">Rodgers appeared on the British music scene in 1968 as a singer-songwriter in the blues-rock band Free. In 1970, they led the radio charts internationally with &#8220;All Right Now,&#8221; which Rodgers wrote with the group&#8217;s bassist Andy Fraser. It reached the top spot in more than 20 countries and in 1990 was recognized by ASCAP after receiving more than 1 million radio broadcasts in the United States alone.<\/div>\n<p>&nbsp;<\/p>\n<div dir=\"auto\"><\/div>\n<\/div>\n<div class=\"cxmmr5t8 oygrvhab hcukyx3x c1et5uql o9v6fnle ii04i59q\" style=\"text-align: justify;\">\n<div dir=\"auto\">The song played a pivotal role in introducing Rodgers&#8217; style, while helping to establish the blues-rock sound of the British Invasion. By then, the performances of Free and Led Zeppelin were the most acclaimed in Britain. Free released four albums that were in the top 5 on the charts, which featured a combination of blues, ballads, and rock. In 2000 the British Music Industry presented Paul Rodgers with the Multi Million Award when &#8220;All Right Now&#8221; surpassed 2 million broadcasts on British radio.<\/div>\n<p>&nbsp;<\/p>\n<div dir=\"auto\"><\/div>\n<\/div>\n<div class=\"cxmmr5t8 oygrvhab hcukyx3x c1et5uql o9v6fnle ii04i59q\" style=\"text-align: justify;\">\n<div dir=\"auto\">After the separation from Free, Rodgers briefly formed a trio called Peace in which he played guitar and, of course, was their vocalist. Although Peace rehearsed and recorded some demos, none of these were released before Rodgers formed Bad Company.<\/div>\n<p>&nbsp;<\/p>\n<div dir=\"auto\"><\/div>\n<\/div>\n<div class=\"cxmmr5t8 oygrvhab hcukyx3x c1et5uql o9v6fnle ii04i59q\" style=\"text-align: justify;\">\n<div dir=\"auto\"><strong>Discography<\/strong><\/div>\n<p>&nbsp;<\/p>\n<div dir=\"auto\"><\/div>\n<\/div>\n<table width=\"626\">\n<tbody>\n<tr>\n<td style=\"text-align: center;\" width=\"80\"><strong>G\u00e9nero Rock<\/strong><\/td>\n<td style=\"text-align: center;\" width=\"466\"><strong>Escuchar Tema<\/strong><\/td>\n<td style=\"text-align: center;\" width=\"80\"><strong>A\u00f1o de Publicaci\u00f3n<\/strong><\/td>\n<\/tr>\n<tr>\n<td style=\"text-align: center;\"><\/td>\n<td style=\"text-align: center;\"><strong>En solitario<\/strong><\/td>\n<td style=\"text-align: center;\"><\/td>\n<\/tr>\n<tr>\n<td><\/td>\n<td><\/td>\n<td><\/td>\n<\/tr>\n<tr>\n<td>1<\/td>\n<td>Cut Loose<\/td>\n<td>1983<\/td>\n<\/tr>\n<tr>\n<td>2<\/td>\n<td>Muddy Water Blues: A Tribute to Muddy Waters)<\/td>\n<td>1993<\/td>\n<\/tr>\n<tr>\n<td>3<\/td>\n<td>The Hendrix Set (live EP)<\/td>\n<td>1993<\/td>\n<\/tr>\n<tr>\n<td>4<\/td>\n<td>Live: The Loreley Tapes (live album)<\/td>\n<td>1996<\/td>\n<\/tr>\n<tr>\n<td>5<\/td>\n<td>Now<\/td>\n<td>1997<\/td>\n<\/tr>\n<tr>\n<td>6<\/td>\n<td>Now and Live (2CD compilation)<\/td>\n<td>1997<\/td>\n<\/tr>\n<tr>\n<td>7<\/td>\n<td>Electric<\/td>\n<td>2000<\/td>\n<\/tr>\n<tr>\n<td>8<\/td>\n<td>Live in Glasgow<\/td>\n<td>2007<\/td>\n<\/tr>\n<tr>\n<td>9<\/td>\n<td>The Royal Sessions<\/td>\n<td>2014<\/td>\n<\/tr>\n<tr>\n<td><\/td>\n<td><\/td>\n<td><\/td>\n<\/tr>\n<tr>\n<td style=\"text-align: center;\"><\/td>\n<td style=\"text-align: center;\"><strong>Bad Company<\/strong><\/td>\n<td><\/td>\n<\/tr>\n<tr>\n<td><\/td>\n<td><\/td>\n<td><\/td>\n<\/tr>\n<tr>\n<td>1<\/td>\n<td>Bad Company<\/td>\n<td>1974<\/td>\n<\/tr>\n<tr>\n<td>2<\/td>\n<td>Straight Shooter<\/td>\n<td>1975<\/td>\n<\/tr>\n<tr>\n<td>3<\/td>\n<td>Run With the Pack<\/td>\n<td>1976<\/td>\n<\/tr>\n<tr>\n<td>4<\/td>\n<td>Burnin&#8217; Sky<\/td>\n<td>1977<\/td>\n<\/tr>\n<tr>\n<td>5<\/td>\n<td>Desolation Angels<\/td>\n<td>1979<\/td>\n<\/tr>\n<tr>\n<td>6<\/td>\n<td>Rough Diamonds<\/td>\n<td>1982<\/td>\n<\/tr>\n<tr>\n<td>7<\/td>\n<td>The Original Bad Company Anthology<\/td>\n<td>1999<\/td>\n<\/tr>\n<tr>\n<td>8<\/td>\n<td>Merchants of Cool<\/td>\n<td>2002<\/td>\n<\/tr>\n<tr>\n<td>9<\/td>\n<td>Hard Rock Live<\/td>\n<td>2010<\/td>\n<\/tr>\n<tr>\n<td><\/td>\n<td><\/td>\n<td><\/td>\n<\/tr>\n<tr>\n<td style=\"text-align: center;\"><\/td>\n<td style=\"text-align: center;\"><strong>The Law<\/strong><\/td>\n<td><\/td>\n<\/tr>\n<tr>\n<td><\/td>\n<td><\/td>\n<td><\/td>\n<\/tr>\n<tr>\n<td>1<\/td>\n<td>The Law<\/td>\n<td>1991<\/td>\n<\/tr>\n<tr>\n<td>2<\/td>\n<td>The Law II (a\u00fan in\u00e9dito)<\/td>\n<td><\/td>\n<\/tr>\n<tr>\n<td><\/td>\n<td><\/td>\n<td><\/td>\n<\/tr>\n<\/tbody>\n<\/table>\n<p>&nbsp;<\/p>\n<div class=\"cxmmr5t8 oygrvhab hcukyx3x c1et5uql o9v6fnle ii04i59q\" style=\"text-align: justify;\">\n<div dir=\"auto\"><\/div>\n<\/div>\n<div class=\"cxmmr5t8 oygrvhab hcukyx3x c1et5uql o9v6fnle ii04i59q\" style=\"text-align: justify;\">\n<div dir=\"auto\">Cr\u00e9ditos tomados de Wikipedia:<\/div>\n<div dir=\"auto\"><a class=\"oajrlxb2 g5ia77u1 qu0x051f esr5mh6w e9989ue4 r7d6kgcz rq0escxv nhd2j8a9 nc684nl6 p7hjln8o kvgmc6g5 cxmmr5t8 oygrvhab hcukyx3x jb3vyjys rz4wbd8a qt6c0cv9 a8nywdso i1ao9s8h esuyzwwr f1sip0of lzcic4wl gpro0wi8 py34i1dx\" tabindex=\"0\" role=\"link\" href=\"https:\/\/es.wikipedia.org\/wiki\/Paul_Rodgers?fbclid=IwAR3r-jyJLigimU8jBXBM46oE0MjpWbJVYwTPYSZomjP40lffBf_wSZFLGL8\" target=\"_blank\" rel=\"nofollow noopener\">https:\/\/es.wikipedia.org\/wiki\/Paul_Rodgers<\/a><\/div>\n<div dir=\"auto\"><\/div>\n<p>&nbsp;<\/p>\n<\/div>\n<div class=\"epyt-video-wrapper\"><iframe loading=\"lazy\"  id=\"_ytid_53744\"  width=\"618\" height=\"347\"  data-origwidth=\"618\" data-origheight=\"347\" src=\"https:\/\/www.youtube.com\/embed\/_UIvIsb7T1Q?enablejsapi=1&#038;autoplay=0&#038;cc_load_policy=0&#038;cc_lang_pref=&#038;iv_load_policy=1&#038;loop=0&#038;modestbranding=0&#038;rel=1&#038;fs=1&#038;playsinline=0&#038;autohide=2&#038;theme=dark&#038;color=red&#038;controls=1&#038;\" class=\"__youtube_prefs__  epyt-is-override  no-lazyload\" title=\"YouTube player\"  allow=\"fullscreen; accelerometer; autoplay; clipboard-write; encrypted-media; gyroscope; picture-in-picture\" allowfullscreen data-no-lazy=\"1\" data-skipgform_ajax_framebjll=\"\"><\/iframe><\/div>\n","protected":false},"excerpt":{"rendered":"<p>&nbsp; Fecha de Nacimiento: 17 de diciembre de 1949 &nbsp; Biograf\u00eda: &nbsp; Rodgers naci\u00f3 en Middlesbrough, ciudad del norte de Inglaterra. Tocaba el bajo (posteriormente tomar\u00eda el rol de cantante) en la banda local The Roadrunners, la cual poco antes de trasladarse desde Middlesbrough hacia la escena musical de Londres cambi\u00f3 su nombre a The &hellip;<\/p>\n","protected":false},"author":1,"featured_media":0,"parent":0,"menu_order":0,"comment_status":"closed","ping_status":"closed","template":"","meta":{"footnotes":""},"class_list":["post-29202","page","type-page","status-publish",""],"jetpack_sharing_enabled":true,"_links":{"self":[{"href":"https:\/\/mickyandoniehn.com\/radio\/wp-json\/wp\/v2\/pages\/29202","targetHints":{"allow":["GET"]}}],"collection":[{"href":"https:\/\/mickyandoniehn.com\/radio\/wp-json\/wp\/v2\/pages"}],"about":[{"href":"https:\/\/mickyandoniehn.com\/radio\/wp-json\/wp\/v2\/types\/page"}],"author":[{"embeddable":true,"href":"https:\/\/mickyandoniehn.com\/radio\/wp-json\/wp\/v2\/users\/1"}],"replies":[{"embeddable":true,"href":"https:\/\/mickyandoniehn.com\/radio\/wp-json\/wp\/v2\/comments?post=29202"}],"version-history":[{"count":3,"href":"https:\/\/mickyandoniehn.com\/radio\/wp-json\/wp\/v2\/pages\/29202\/revisions"}],"predecessor-version":[{"id":30464,"href":"https:\/\/mickyandoniehn.com\/radio\/wp-json\/wp\/v2\/pages\/29202\/revisions\/30464"}],"wp:attachment":[{"href":"https:\/\/mickyandoniehn.com\/radio\/wp-json\/wp\/v2\/media?parent=29202"}],"curies":[{"name":"wp","href":"https:\/\/api.w.org\/{rel}","templated":true}]}}