{"id":28685,"date":"2022-08-26T11:30:11","date_gmt":"2022-08-26T17:30:11","guid":{"rendered":"https:\/\/mickyandoniehn.com\/radio\/?page_id=28685"},"modified":"2022-09-01T08:36:55","modified_gmt":"2022-09-01T14:36:55","slug":"avicii","status":"publish","type":"page","link":"https:\/\/mickyandoniehn.com\/radio\/avicii\/","title":{"rendered":"Avicii"},"content":{"rendered":"<p style=\"text-align: justify;\"><img loading=\"lazy\" decoding=\"async\" class=\" wp-image-23252 aligncenter\" src=\"http:\/\/mickyandoniehn.com\/radio\/wp-content\/uploads\/2022\/07\/Avicii-220x300.jpg\" alt=\"\" width=\"422\" height=\"576\" srcset=\"https:\/\/mickyandoniehn.com\/radio\/wp-content\/uploads\/2022\/07\/Avicii-220x300.jpg 220w, https:\/\/mickyandoniehn.com\/radio\/wp-content\/uploads\/2022\/07\/Avicii.jpg 490w\" sizes=\"auto, (max-width: 422px) 100vw, 422px\" \/><\/p>\n<p>&nbsp;<\/p>\n<div class=\"cxmmr5t8 oygrvhab hcukyx3x c1et5uql o9v6fnle ii04i59q\" style=\"text-align: justify;\">\n<div dir=\"auto\"><strong>Fecha de Nacimiento:<\/strong> 8 de septiembre de 1989<\/div>\n<p>&nbsp;<\/p>\n<div dir=\"auto\"><\/div>\n<div dir=\"auto\"><strong>Fecha de Fallecimiento:<\/strong> 20 de abril de 2018 (28 a\u00f1os)<\/div>\n<p>&nbsp;<\/p>\n<div dir=\"auto\"><\/div>\n<\/div>\n<div class=\"cxmmr5t8 oygrvhab hcukyx3x c1et5uql o9v6fnle ii04i59q\" style=\"text-align: justify;\">\n<div dir=\"auto\"><strong>Biograf\u00eda:<\/strong><\/div>\n<p>&nbsp;<\/p>\n<div dir=\"auto\"><\/div>\n<div dir=\"auto\">Especializado en programaci\u00f3n de audio, remezcla y producci\u00f3n de discos. A los 16 a\u00f1os, comenz\u00f3 a publicar sus remixes en foros de m\u00fasica electr\u00f3nica, lo que lo llev\u00f3 a su primer contrato discogr\u00e1fico. Alcanz\u00f3 la fama en 2011 con su sencillo \u00abLevels\u00bb. Su \u00e1lbum de estudio debut, True (2013), combin\u00f3 m\u00fasica electr\u00f3nica con elementos de m\u00faltiples g\u00e9neros y recibi\u00f3 cr\u00edticas generalmente positivas. Alcanz\u00f3 su punto m\u00e1ximo en el top ten en m\u00e1s de quince pa\u00edses y encabez\u00f3 las listas internacionales dance. El primer sencillo, \u00abWake Me Up\u00bb, encabez\u00f3 la mayor\u00eda de los mercados de m\u00fasica en Europa y alcanz\u00f3 el n\u00famero 4 en Estados Unidos.<\/div>\n<p>&nbsp;<\/p>\n<div dir=\"auto\"><\/div>\n<\/div>\n<div class=\"cxmmr5t8 oygrvhab hcukyx3x c1et5uql o9v6fnle ii04i59q\" style=\"text-align: justify;\">\n<div dir=\"auto\">En 2015 lanz\u00f3 su segundo \u00e1lbum de estudio, Stories y en 2017 lanz\u00f3 un extended play, titulado Avicii (01). Avicii fue nominado para un premio Grammy por su trabajo en \u00abSunshine\u00bb con David Guetta en 2012 \u00abLevels\u00bb en 2013. Varias publicaciones de m\u00fasica reconocen a Bergling como uno de los DJs que introdujeron la m\u00fasica electr\u00f3nica en la radio Top 40 a principios de 2010.<\/div>\n<p>&nbsp;<\/p>\n<\/div>\n<div class=\"cxmmr5t8 oygrvhab hcukyx3x c1et5uql o9v6fnle ii04i59q\" style=\"text-align: justify;\">\n<div dir=\"auto\">Bergling se retir\u00f3 de la gira en 2016 debido a problemas de salud, como consecuencia del estr\u00e9s y mala salud mental durante varios a\u00f1os. El 20 de abril de 2018, Bergling se suicid\u00f3 en Mascate (Om\u00e1n). Fue enterrado el 8 de junio en su ciudad natal, Estocolmo. Su primer \u00e1lbum p\u00f3stumo titulado Tim fue lanzado el 6 de junio de 2019.<\/div>\n<div dir=\"auto\"><\/div>\n<p>&nbsp;<\/p>\n<\/div>\n<div class=\"cxmmr5t8 oygrvhab hcukyx3x c1et5uql o9v6fnle ii04i59q\" style=\"text-align: justify;\">\n<div dir=\"auto\">Avicii muri\u00f3 el 20 de abril de 2018 cerca de Mascate, Om\u00e1n, a los 28 a\u00f1os. No se dio ninguna causa de muerte de inmediato. El 21 de abril, la polic\u00eda de Om\u00e1n declar\u00f3 que &#8220;no hab\u00eda sospecha criminal&#8221; ni evidencia de asesinato en la muerte de Bergling. El 1 de mayo, TMZ inform\u00f3 que la causa de la muerte fue un suicidio debido a lesiones autoinfligidas con una botella de vino rota.<\/div>\n<p>&nbsp;<\/p>\n<\/div>\n<div class=\"cxmmr5t8 oygrvhab hcukyx3x c1et5uql o9v6fnle ii04i59q\" style=\"text-align: justify;\">\n<div dir=\"auto\"><\/div>\n<\/div>\n<div class=\"cxmmr5t8 oygrvhab hcukyx3x c1et5uql o9v6fnle ii04i59q\" style=\"text-align: justify;\">\n<div dir=\"auto\"><strong>Date of Birth:<\/strong> September 8, 1989<\/div>\n<p>&nbsp;<\/p>\n<div dir=\"auto\"><\/div>\n<div dir=\"auto\"><strong>Date of Died:<\/strong> April 20, 2018 (age 28)<\/div>\n<p>&nbsp;<\/p>\n<div dir=\"auto\"><\/div>\n<\/div>\n<div class=\"cxmmr5t8 oygrvhab hcukyx3x c1et5uql o9v6fnle ii04i59q\" style=\"text-align: justify;\">\n<div dir=\"auto\"><strong>Biography:<\/strong><\/div>\n<p>&nbsp;<\/p>\n<div dir=\"auto\"><\/div>\n<div dir=\"auto\">Specializing in audio programming, remixing and record production. At age 16, he began posting his remixes on electronic music forums, which led to his first record deal. He rose to fame in 2011 with his single &#8220;Levels.&#8221; His debut studio album True (2013) combined electronic music with elements from multiple genres and received generally positive reviews. It peaked in the top ten in more than fifteen countries and topped the international dance charts. The first single, &#8220;Wake Me Up,&#8221; topped most music markets in Europe and reached number 4 in the United States.<\/div>\n<p>&nbsp;<\/p>\n<div dir=\"auto\"><\/div>\n<\/div>\n<div class=\"cxmmr5t8 oygrvhab hcukyx3x c1et5uql o9v6fnle ii04i59q\" style=\"text-align: justify;\">\n<div dir=\"auto\">In 2015 he released his second studio album, Stories and in 2017 he released an extended play, entitled Avicii (01). Avicii was nominated for a Grammy Award for his work on &#8220;Sunshine&#8221; with David Guetta in 2012 and &#8220;Levels&#8221; in 2013. Bergling is recognized by various music publications as one of the DJs who introduced electronic music to Top 40 radio in early 2000. 2010.<\/div>\n<p>&nbsp;<\/p>\n<div dir=\"auto\"><\/div>\n<\/div>\n<div class=\"cxmmr5t8 oygrvhab hcukyx3x c1et5uql o9v6fnle ii04i59q\" style=\"text-align: justify;\">\n<div dir=\"auto\">Bergling withdrew from the tour in 2016 due to health problems, as a result of stress and poor mental health over several years. On April 20, 2018, Bergling committed suicide in Muscat, Oman. He was buried on June 8 in his hometown, Stockholm. His first posthumous album titled Tim was released on June 6, 2019.<\/div>\n<p>&nbsp;<\/p>\n<div dir=\"auto\"><\/div>\n<\/div>\n<div class=\"cxmmr5t8 oygrvhab hcukyx3x c1et5uql o9v6fnle ii04i59q\" style=\"text-align: justify;\">\n<div dir=\"auto\">Avicii died on April 20, 2018 near Muscat, Oman, at the age of 28. No cause of death was immediately given. On April 21, Omani police declared that &#8220;there was no criminal suspicion&#8221; or evidence of murder in Bergling&#8217;s death. On May 1, TMZ reported that the cause of death was suicide due to self-inflicted injuries with a broken wine bottle.<\/div>\n<p>&nbsp;<\/p>\n<div dir=\"auto\"><\/div>\n<\/div>\n<div class=\"cxmmr5t8 oygrvhab hcukyx3x c1et5uql o9v6fnle ii04i59q\" style=\"text-align: justify;\">\n<div dir=\"auto\"><strong>Discograf\u00eda<\/strong><\/div>\n<p>&nbsp;<\/p>\n<div dir=\"auto\"><\/div>\n<\/div>\n<div class=\"cxmmr5t8 oygrvhab hcukyx3x c1et5uql o9v6fnle ii04i59q\" style=\"text-align: justify;\"><\/div>\n<div class=\"cxmmr5t8 oygrvhab hcukyx3x c1et5uql o9v6fnle ii04i59q\" style=\"text-align: justify;\">\n<div dir=\"auto\">\n<table width=\"539\">\n<tbody>\n<tr>\n<td style=\"text-align: center;\" width=\"145\"><strong>G\u00e9nero Dance, Electr\u00f3nica<\/strong><\/td>\n<td style=\"text-align: center;\" width=\"326\"><strong>Escuchar Tema<\/strong><\/td>\n<td style=\"text-align: center;\" width=\"68\"><strong>A\u00f1o de Publicaci\u00f3n<\/strong><\/td>\n<\/tr>\n<tr>\n<td style=\"text-align: center;\"><\/td>\n<td style=\"text-align: center;\"><strong>\u00c1lbumes de estudio<\/strong><\/td>\n<td style=\"text-align: center;\"><\/td>\n<\/tr>\n<tr>\n<td>1<\/td>\n<td>True<\/td>\n<td>2013<\/td>\n<\/tr>\n<tr>\n<td>2<\/td>\n<td>Stories<\/td>\n<td>2015<\/td>\n<\/tr>\n<tr>\n<td>3<\/td>\n<td>Tim<\/td>\n<td>2019<\/td>\n<\/tr>\n<tr>\n<td><\/td>\n<td><\/td>\n<td><\/td>\n<\/tr>\n<\/tbody>\n<\/table>\n<\/div>\n<div dir=\"auto\"><\/div>\n<\/div>\n<div class=\"cxmmr5t8 oygrvhab hcukyx3x c1et5uql o9v6fnle ii04i59q\" style=\"text-align: justify;\">\n<div dir=\"auto\">Cr\u00e9ditos: Tomado de Wikipedia<\/div>\n<div dir=\"auto\"><a class=\"oajrlxb2 g5ia77u1 qu0x051f esr5mh6w e9989ue4 r7d6kgcz rq0escxv nhd2j8a9 nc684nl6 p7hjln8o kvgmc6g5 cxmmr5t8 oygrvhab hcukyx3x jb3vyjys rz4wbd8a qt6c0cv9 a8nywdso i1ao9s8h esuyzwwr f1sip0of lzcic4wl gpro0wi8 py34i1dx\" tabindex=\"0\" role=\"link\" href=\"https:\/\/es.wikipedia.org\/wiki\/Avicii?fbclid=IwAR0dZCBRccHFkFcwhY6bnVD6PjKdh3i7-6Ku8C59eLLNuuZikcPvQbQJYCY\" target=\"_blank\" rel=\"nofollow noopener\">https:\/\/es.wikipedia.org\/wiki\/Avicii<\/a><\/div>\n<div dir=\"auto\"><\/div>\n<\/div>\n<div class=\"epyt-video-wrapper\"><iframe loading=\"lazy\"  id=\"_ytid_92055\"  width=\"618\" height=\"347\"  data-origwidth=\"618\" data-origheight=\"347\" src=\"https:\/\/www.youtube.com\/embed\/iSBELErkCNg?enablejsapi=1&#038;autoplay=0&#038;cc_load_policy=0&#038;cc_lang_pref=&#038;iv_load_policy=1&#038;loop=0&#038;modestbranding=0&#038;rel=1&#038;fs=1&#038;playsinline=0&#038;autohide=2&#038;theme=dark&#038;color=red&#038;controls=1&#038;\" class=\"__youtube_prefs__  epyt-is-override  no-lazyload\" title=\"YouTube player\"  allow=\"fullscreen; accelerometer; autoplay; clipboard-write; encrypted-media; gyroscope; picture-in-picture\" allowfullscreen data-no-lazy=\"1\" data-skipgform_ajax_framebjll=\"\"><\/iframe><\/div>\n","protected":false},"excerpt":{"rendered":"<p>&nbsp; Fecha de Nacimiento: 8 de septiembre de 1989 &nbsp; Fecha de Fallecimiento: 20 de abril de 2018 (28 a\u00f1os) &nbsp; Biograf\u00eda: &nbsp; Especializado en programaci\u00f3n de audio, remezcla y producci\u00f3n de discos. A los 16 a\u00f1os, comenz\u00f3 a publicar sus remixes en foros de m\u00fasica electr\u00f3nica, lo que lo llev\u00f3 a su primer contrato &hellip;<\/p>\n","protected":false},"author":1,"featured_media":0,"parent":0,"menu_order":0,"comment_status":"closed","ping_status":"closed","template":"","meta":{"footnotes":""},"class_list":["post-28685","page","type-page","status-publish",""],"jetpack_sharing_enabled":true,"_links":{"self":[{"href":"https:\/\/mickyandoniehn.com\/radio\/wp-json\/wp\/v2\/pages\/28685","targetHints":{"allow":["GET"]}}],"collection":[{"href":"https:\/\/mickyandoniehn.com\/radio\/wp-json\/wp\/v2\/pages"}],"about":[{"href":"https:\/\/mickyandoniehn.com\/radio\/wp-json\/wp\/v2\/types\/page"}],"author":[{"embeddable":true,"href":"https:\/\/mickyandoniehn.com\/radio\/wp-json\/wp\/v2\/users\/1"}],"replies":[{"embeddable":true,"href":"https:\/\/mickyandoniehn.com\/radio\/wp-json\/wp\/v2\/comments?post=28685"}],"version-history":[{"count":2,"href":"https:\/\/mickyandoniehn.com\/radio\/wp-json\/wp\/v2\/pages\/28685\/revisions"}],"predecessor-version":[{"id":30084,"href":"https:\/\/mickyandoniehn.com\/radio\/wp-json\/wp\/v2\/pages\/28685\/revisions\/30084"}],"wp:attachment":[{"href":"https:\/\/mickyandoniehn.com\/radio\/wp-json\/wp\/v2\/media?parent=28685"}],"curies":[{"name":"wp","href":"https:\/\/api.w.org\/{rel}","templated":true}]}}