{"id":28379,"date":"2022-08-26T09:20:00","date_gmt":"2022-08-26T15:20:00","guid":{"rendered":"https:\/\/mickyandoniehn.com\/radio\/?page_id=28379"},"modified":"2024-04-01T17:51:03","modified_gmt":"2024-04-01T23:51:03","slug":"alejandro-fernandez","status":"publish","type":"page","link":"https:\/\/mickyandoniehn.com\/radio\/alejandro-fernandez\/","title":{"rendered":"Alejandro Fern\u00e1ndez"},"content":{"rendered":"<p style=\"text-align: justify;\"><img loading=\"lazy\" decoding=\"async\" class=\" wp-image-70009 aligncenter\" src=\"http:\/\/mickyandoniehn.com\/radio\/wp-content\/uploads\/2023\/04\/Alejandro-Fernandez-300x300.jpg\" alt=\"\" width=\"578\" height=\"578\" srcset=\"https:\/\/mickyandoniehn.com\/radio\/wp-content\/uploads\/2023\/04\/Alejandro-Fernandez-300x300.jpg 300w, https:\/\/mickyandoniehn.com\/radio\/wp-content\/uploads\/2023\/04\/Alejandro-Fernandez-150x150.jpg 150w\" sizes=\"auto, (max-width: 578px) 100vw, 578px\" \/><\/p>\n<p>&nbsp;<\/p>\n<div class=\"cxmmr5t8 oygrvhab hcukyx3x c1et5uql o9v6fnle ii04i59q\" style=\"text-align: justify;\">\n<div dir=\"auto\"><strong>Fecha de Nacimiento:<\/strong> 24 de abril de 1971<\/div>\n<p>&nbsp;<\/p>\n<div dir=\"auto\"><\/div>\n<\/div>\n<div class=\"cxmmr5t8 oygrvhab hcukyx3x c1et5uql o9v6fnle ii04i59q\" style=\"text-align: justify;\">\n<div dir=\"auto\"><strong>Biograf\u00eda<\/strong><\/div>\n<p>&nbsp;<\/p>\n<div dir=\"auto\"><\/div>\n<div dir=\"auto\">Alejandro Fern\u00e1ndez Abarca (Guadalajara, Jalisco; 24 de abril de 1971) es un cantante mexicano de m\u00fasica regional mexicana y pop latino, hijo del cantante ranchero Vicente Fern\u00e1ndez. En un principio se especializ\u00f3 en formas tradicionales de m\u00fasica regional mexicana1 como mariachi. Posteriormente se ha diversificado hacia el pop latino con toques urbanos, la balada y los boleros. Posee una s\u00f3lida carrera discogr\u00e1fica y ha sido acreedor a dos Grammy Latinos y seis Premios Billboard. Ha logrado vender alrededor del mundo aproximadamente 15 millones de \u00e1lbumes Naci\u00f3 en Guadalajara, Jalisco el 24 de abril de 1971. Es hijo menor del famoso cantante ranchero Vicente Fern\u00e1ndez y de Mar\u00eda del Refugio, conocida como Do\u00f1a Cuca. Crece en el seno de una familia tradicionalmente unida. Tiene dos hermanos mayores Vicente Jr. y Gerardo, y una hermana Alejandra.<\/div>\n<p>&nbsp;<\/p>\n<div dir=\"auto\"><\/div>\n<\/div>\n<div class=\"cxmmr5t8 oygrvhab hcukyx3x c1et5uql o9v6fnle ii04i59q\" style=\"text-align: justify;\">\n<div dir=\"auto\">Adem\u00e1s de su inclinaci\u00f3n musical por herencia y por vocaci\u00f3n, Fern\u00e1ndez sinti\u00f3 tambi\u00e9n la necesidad de ampliar su formaci\u00f3n personal y, tras los estudios primarios y secundarios, ingres\u00f3 en la Universidad del Valle de Atemajac para estudiar Arquitectura.<\/div>\n<div dir=\"auto\"><\/div>\n<p>&nbsp;<\/p>\n<\/div>\n<div class=\"cxmmr5t8 oygrvhab hcukyx3x c1et5uql o9v6fnle ii04i59q\" style=\"text-align: justify;\">\n<div dir=\"auto\">Es conocido por todo el p\u00fablico y la prensa como \u00abEl Potrillo\u00bb, apodo que le viene debido a que el rancho de su padre es denominado \u00abLos Tres Potrillos\u00bb en honor a sus tres hijos varones. Como empresario, a Fern\u00e1ndez se le atribuye la propiedad del centro comercial Unicenter en Guadalajara, donde hay diferentes tipos de negocios y que genera empleo a m\u00e1s de 170 personas. Tambi\u00e9n particip\u00f3 con su familia en la construcci\u00f3n del \u00abLienzo Charro y Centro de Espect\u00e1culo Don Vicente Fern\u00e1ndez G\u00f3mez\u00bb, mejor conocido como la Arena VFG, el m\u00e1s grande lienzo de toda Am\u00e9rica con una capacidad para 11.000 personas. B\u00e1sicamente, dedicado a espect\u00e1culos masivos y eventualmente competiciones de charrer\u00eda.<\/div>\n<p>&nbsp;<\/p>\n<div dir=\"auto\"><\/div>\n<\/div>\n<div class=\"cxmmr5t8 oygrvhab hcukyx3x c1et5uql o9v6fnle ii04i59q\" style=\"text-align: justify;\">\n<div dir=\"auto\"><strong>Wikipedia in English<\/strong><\/div>\n<p>&nbsp;<\/p>\n<div dir=\"auto\"><\/div>\n<\/div>\n<div class=\"cxmmr5t8 oygrvhab hcukyx3x c1et5uql o9v6fnle ii04i59q\" style=\"text-align: justify;\">\n<div dir=\"auto\"><strong>Born:<\/strong> April 24, 1971<\/div>\n<p>&nbsp;<\/p>\n<div dir=\"auto\"><\/div>\n<\/div>\n<div class=\"cxmmr5t8 oygrvhab hcukyx3x c1et5uql o9v6fnle ii04i59q\" style=\"text-align: justify;\">\n<div dir=\"auto\"><strong>Biography<\/strong><\/div>\n<p>&nbsp;<\/p>\n<div dir=\"auto\"><\/div>\n<\/div>\n<div class=\"cxmmr5t8 oygrvhab hcukyx3x c1et5uql o9v6fnle ii04i59q\" style=\"text-align: justify;\">\n<div dir=\"auto\">Alejandro Fern\u00e1ndez Abarca (Guadalajara, Jalisco; April 24, 1971) is a Mexican singer of regional Mexican music and Latin pop, son of the ranchero singer Vicente Fern\u00e1ndez. At first he specialized in traditional forms of regional Mexican music1 such as mariachi. Later it has diversified into Latin pop with urban touches, ballads and boleros. He has a solid recording career and has been the recipient of two Latin Grammys and six Billboard Awards. He has sold approximately 15 million albums around the world. He was born in Guadalajara, Jalisco on April 24, 1971. He is the youngest son of the famous ranchero singer Vicente Fern\u00e1ndez and Mar\u00eda del Refugio, known as Do\u00f1a Cuca. He grows up in a traditionally united family. He has two older brothers Vicente Jr. and Gerardo, and a sister Alejandra.<\/div>\n<p>&nbsp;<\/p>\n<\/div>\n<div dir=\"auto\">\n<p>In addition to his musical inclination by inheritance and by vocation, Fern\u00e1ndez also felt the need to broaden his personal training and, after primary and secondary studies, he entered the Universidad del Valle de Atemajac to study architecture.<\/p>\n<p>He is known by the public and the press as &#8220;El Potrillo&#8221;, a nickname that comes to him because his father&#8217;s ranch is called &#8220;Los Tres Potrillos&#8221; in honor of his three sons. As a businessman, Fern\u00e1ndez is credited with owning the Unicenter shopping center in Guadalajara, where there are different types of businesses and which generates employment for more than 170 people. He also participated with his family in the construction of the &#8220;Don Vicente Fern\u00e1ndez G\u00f3mez Charro Canvas and Show Center&#8221;, better known as the VFG Arena, the largest canvas in all of America with a capacity for 11,000 people. Basically, dedicated to massive shows and eventually charrer\u00eda competitions.<\/p>\n<\/div>\n<p>&nbsp;<\/p>\n<div class=\"cxmmr5t8 oygrvhab hcukyx3x c1et5uql o9v6fnle ii04i59q\" style=\"text-align: justify;\">\n<div dir=\"auto\"><strong>Discography<\/strong><\/div>\n<p>&nbsp;<\/p>\n<div dir=\"auto\"><\/div>\n<div dir=\"auto\">\n<table width=\"695\">\n<tbody>\n<tr>\n<td style=\"text-align: center;\" width=\"237\"><strong>Genero T\u00edpico de Mexico<\/strong><\/td>\n<td style=\"text-align: center;\" width=\"368\"><strong>Escuchar tema<\/strong><\/td>\n<td style=\"text-align: center;\" width=\"90\"><strong>A\u00f1o<\/strong><\/td>\n<\/tr>\n<tr>\n<td style=\"text-align: center;\"><\/td>\n<td style=\"text-align: center;\"><strong>Alejandro Fernandez<\/strong><\/td>\n<td style=\"text-align: center;\"><strong>1992<\/strong><\/td>\n<\/tr>\n<tr>\n<td>1<\/td>\n<td>Todo Termino<\/td>\n<td><\/td>\n<\/tr>\n<tr>\n<td>2<\/td>\n<td>Equivocadamente<\/td>\n<td><\/td>\n<\/tr>\n<tr>\n<td>3<\/td>\n<td>Se Me Van Las Ganas<\/td>\n<td><\/td>\n<\/tr>\n<tr>\n<td>4<\/td>\n<td>Invierno<\/td>\n<td><\/td>\n<\/tr>\n<tr>\n<td>5<\/td>\n<td>Otra Vida<\/td>\n<td><\/td>\n<\/tr>\n<tr>\n<td>6<\/td>\n<td>Intenta Vivir Sin MI<\/td>\n<td><\/td>\n<\/tr>\n<tr>\n<td>7<\/td>\n<td>Necesito Olvidarla<\/td>\n<td><\/td>\n<\/tr>\n<tr>\n<td>8<\/td>\n<td>Brumas<\/td>\n<td><\/td>\n<\/tr>\n<tr>\n<td>9<\/td>\n<td>Cuando Yo Quiera Ser Grande<\/td>\n<td><\/td>\n<\/tr>\n<tr>\n<td>10<\/td>\n<td>En Cualquier Idioma<\/td>\n<td><\/td>\n<\/tr>\n<tr>\n<td>11<\/td>\n<td>Te Quedas O Te Vas<\/td>\n<td><\/td>\n<\/tr>\n<tr>\n<td>12<\/td>\n<td>Que Pregunta Muchacho (Dueto con Vicente Fern\u00e1ndez)<\/td>\n<td><\/td>\n<\/tr>\n<tr>\n<td><\/td>\n<td><\/td>\n<td><\/td>\n<\/tr>\n<tr>\n<td style=\"text-align: center;\"><\/td>\n<td style=\"text-align: center;\"><strong>Piel de Ni\u00f1a\u00a0<\/strong><\/td>\n<td style=\"text-align: center;\"><strong>1993<\/strong><\/td>\n<\/tr>\n<tr>\n<td>1<\/td>\n<td>Piel De Ni\u00f1a<\/td>\n<td><\/td>\n<\/tr>\n<tr>\n<td>2<\/td>\n<td>No Estoy Triste<\/td>\n<td><\/td>\n<\/tr>\n<tr>\n<td>3<\/td>\n<td>Acab\u00e9 Por Llorar<\/td>\n<td><\/td>\n<\/tr>\n<tr>\n<td>4<\/td>\n<td>Cenizas<\/td>\n<td><\/td>\n<\/tr>\n<tr>\n<td>5<\/td>\n<td>A La Vera Del Camino<\/td>\n<td><\/td>\n<\/tr>\n<tr>\n<td>6<\/td>\n<td>Cascos Ligeros<\/td>\n<td><\/td>\n<\/tr>\n<tr>\n<td>7<\/td>\n<td>Hasta Donde Est\u00e9s<\/td>\n<td><\/td>\n<\/tr>\n<tr>\n<td>8<\/td>\n<td>Mentira, Mentira<\/td>\n<td><\/td>\n<\/tr>\n<tr>\n<td>9<\/td>\n<td>Cuando Te Olvide<\/td>\n<td><\/td>\n<\/tr>\n<tr>\n<td>10<\/td>\n<td>Quisiera Olvidarme De T\u00ed<\/td>\n<td><\/td>\n<\/tr>\n<tr>\n<td>11<\/td>\n<td>Contigo Aprend\u00ed<\/td>\n<td><\/td>\n<\/tr>\n<tr>\n<td>12<\/td>\n<td>Si No Eres Tu<\/td>\n<td><\/td>\n<\/tr>\n<tr>\n<td><\/td>\n<td><\/td>\n<td><\/td>\n<\/tr>\n<tr>\n<td style=\"text-align: center;\"><\/td>\n<td style=\"text-align: center;\"><strong>Grandes Exitos a la Manera de Alejandro Fernandez<\/strong><\/td>\n<td style=\"text-align: center;\"><strong>1994<\/strong><\/td>\n<\/tr>\n<tr>\n<td>1<\/td>\n<td>La Gloria Eres Tu<\/td>\n<td><\/td>\n<\/tr>\n<tr>\n<td>2<\/td>\n<td>Consentida<\/td>\n<td><\/td>\n<\/tr>\n<tr>\n<td>3<\/td>\n<td>Encadenados<\/td>\n<td><\/td>\n<\/tr>\n<tr>\n<td>4<\/td>\n<td>Si Dios Me Quita la Vida<\/td>\n<td><\/td>\n<\/tr>\n<tr>\n<td>5<\/td>\n<td>Conozco A Los Dos<\/td>\n<td><\/td>\n<\/tr>\n<tr>\n<td>6<\/td>\n<td>Rival<\/td>\n<td><\/td>\n<\/tr>\n<tr>\n<td>7<\/td>\n<td>No<\/td>\n<td><\/td>\n<\/tr>\n<tr>\n<td>8<\/td>\n<td>A Pesar De Todo<\/td>\n<td><\/td>\n<\/tr>\n<tr>\n<td>9<\/td>\n<td>Noche De Ronda<\/td>\n<td><\/td>\n<\/tr>\n<tr>\n<td>10<\/td>\n<td>La Enramada<\/td>\n<td><\/td>\n<\/tr>\n<tr>\n<td>11<\/td>\n<td>El Dia Que Me Quieras<\/td>\n<td><\/td>\n<\/tr>\n<tr>\n<td>12<\/td>\n<td>Piensa En Mi<\/td>\n<td><\/td>\n<\/tr>\n<tr>\n<td>13<\/td>\n<td>Mitad Tu, Mitad Yo<\/td>\n<td><\/td>\n<\/tr>\n<tr>\n<td>14<\/td>\n<td>Voy<\/td>\n<td><\/td>\n<\/tr>\n<tr>\n<td><\/td>\n<td><\/td>\n<td><\/td>\n<\/tr>\n<tr>\n<td style=\"text-align: center;\"><\/td>\n<td style=\"text-align: center;\"><strong>Que seas Feliz<\/strong><\/td>\n<td style=\"text-align: center;\"><strong>1995<\/strong><\/td>\n<\/tr>\n<tr>\n<td>1<\/td>\n<td>Que Bueno<\/td>\n<td><\/td>\n<\/tr>\n<tr>\n<td>2<\/td>\n<td>Que Sera De Mi<\/td>\n<td><\/td>\n<\/tr>\n<tr>\n<td>3<\/td>\n<td>Llorando Penas<\/td>\n<td><\/td>\n<\/tr>\n<tr>\n<td>4<\/td>\n<td>Como Quien Pierde Una Estrella<\/td>\n<td><\/td>\n<\/tr>\n<tr>\n<td>5<\/td>\n<td>Ojo Por Ojo<\/td>\n<td><\/td>\n<\/tr>\n<tr>\n<td>6<\/td>\n<td>Paso Del Norte<\/td>\n<td><\/td>\n<\/tr>\n<tr>\n<td>7<\/td>\n<td>Uno Mas<\/td>\n<td><\/td>\n<\/tr>\n<tr>\n<td>8<\/td>\n<td>Y Despu\u00e9s<\/td>\n<td><\/td>\n<\/tr>\n<tr>\n<td>9<\/td>\n<td>Me Recordaras Llorando<\/td>\n<td><\/td>\n<\/tr>\n<tr>\n<td>10<\/td>\n<td>La Mitad Que Me Faltaba<\/td>\n<td><\/td>\n<\/tr>\n<tr>\n<td>11<\/td>\n<td>Que Seas Muy Feliz<\/td>\n<td><\/td>\n<\/tr>\n<tr>\n<td>12<\/td>\n<td>El Potrillo<\/td>\n<td><\/td>\n<\/tr>\n<tr>\n<td><\/td>\n<td><\/td>\n<td><\/td>\n<\/tr>\n<tr>\n<td style=\"text-align: center;\"><\/td>\n<td style=\"text-align: center;\"><strong>Muy Dentro de Mi Corazon<\/strong><\/td>\n<td style=\"text-align: center;\"><strong>1996<\/strong><\/td>\n<\/tr>\n<tr>\n<td>1<\/td>\n<td>Dentro De Mi Corazon<\/td>\n<td><\/td>\n<\/tr>\n<tr>\n<td>2<\/td>\n<td>Como Puede Ser<\/td>\n<td><\/td>\n<\/tr>\n<tr>\n<td>3<\/td>\n<td>Nube Viajera<\/td>\n<td><\/td>\n<\/tr>\n<tr>\n<td>4<\/td>\n<td>Que Digan Misa<\/td>\n<td><\/td>\n<\/tr>\n<tr>\n<td>5<\/td>\n<td>Es La Mujer<\/td>\n<td><\/td>\n<\/tr>\n<tr>\n<td>6<\/td>\n<td>Ya Se Que Dices<\/td>\n<td><\/td>\n<\/tr>\n<tr>\n<td>7<\/td>\n<td>Mono Negro<\/td>\n<td><\/td>\n<\/tr>\n<tr>\n<td>8<\/td>\n<td>Abrazame<\/td>\n<td><\/td>\n<\/tr>\n<tr>\n<td>9<\/td>\n<td>Me Llevaras En Ti<\/td>\n<td><\/td>\n<\/tr>\n<tr>\n<td>10<\/td>\n<td>Es Cosa De Hombres<\/td>\n<td><\/td>\n<\/tr>\n<tr>\n<td>11<\/td>\n<td>Chatita Querida<\/td>\n<td><\/td>\n<\/tr>\n<tr>\n<td>12<\/td>\n<td>Popurr\u00ed Caribe\u00f1o<\/td>\n<td><\/td>\n<\/tr>\n<tr>\n<td><\/td>\n<td><\/td>\n<td><\/td>\n<\/tr>\n<\/tbody>\n<\/table>\n<p>&nbsp;<\/p>\n<\/div>\n<\/div>\n<div class=\"epyt-video-wrapper\"><iframe loading=\"lazy\"  id=\"_ytid_33866\"  width=\"618\" height=\"347\"  data-origwidth=\"618\" data-origheight=\"347\" src=\"https:\/\/www.youtube.com\/embed\/3Dv9TY7-Ojs?enablejsapi=1&#038;autoplay=0&#038;cc_load_policy=0&#038;cc_lang_pref=&#038;iv_load_policy=1&#038;loop=0&#038;modestbranding=0&#038;rel=1&#038;fs=1&#038;playsinline=0&#038;autohide=2&#038;theme=dark&#038;color=red&#038;controls=1&#038;\" class=\"__youtube_prefs__  epyt-is-override  no-lazyload\" title=\"YouTube player\"  allow=\"fullscreen; accelerometer; autoplay; clipboard-write; encrypted-media; gyroscope; picture-in-picture\" allowfullscreen data-no-lazy=\"1\" data-skipgform_ajax_framebjll=\"\"><\/iframe><\/div>\n","protected":false},"excerpt":{"rendered":"<p>&nbsp; Fecha de Nacimiento: 24 de abril de 1971 &nbsp; Biograf\u00eda &nbsp; Alejandro Fern\u00e1ndez Abarca (Guadalajara, Jalisco; 24 de abril de 1971) es un cantante mexicano de m\u00fasica regional mexicana y pop latino, hijo del cantante ranchero Vicente Fern\u00e1ndez. En un principio se especializ\u00f3 en formas tradicionales de m\u00fasica regional mexicana1 como mariachi. Posteriormente se &hellip;<\/p>\n","protected":false},"author":1,"featured_media":0,"parent":0,"menu_order":0,"comment_status":"closed","ping_status":"closed","template":"","meta":{"footnotes":""},"class_list":["post-28379","page","type-page","status-publish",""],"jetpack_sharing_enabled":true,"_links":{"self":[{"href":"https:\/\/mickyandoniehn.com\/radio\/wp-json\/wp\/v2\/pages\/28379","targetHints":{"allow":["GET"]}}],"collection":[{"href":"https:\/\/mickyandoniehn.com\/radio\/wp-json\/wp\/v2\/pages"}],"about":[{"href":"https:\/\/mickyandoniehn.com\/radio\/wp-json\/wp\/v2\/types\/page"}],"author":[{"embeddable":true,"href":"https:\/\/mickyandoniehn.com\/radio\/wp-json\/wp\/v2\/users\/1"}],"replies":[{"embeddable":true,"href":"https:\/\/mickyandoniehn.com\/radio\/wp-json\/wp\/v2\/comments?post=28379"}],"version-history":[{"count":3,"href":"https:\/\/mickyandoniehn.com\/radio\/wp-json\/wp\/v2\/pages\/28379\/revisions"}],"predecessor-version":[{"id":70047,"href":"https:\/\/mickyandoniehn.com\/radio\/wp-json\/wp\/v2\/pages\/28379\/revisions\/70047"}],"wp:attachment":[{"href":"https:\/\/mickyandoniehn.com\/radio\/wp-json\/wp\/v2\/media?parent=28379"}],"curies":[{"name":"wp","href":"https:\/\/api.w.org\/{rel}","templated":true}]}}