{"id":27953,"date":"2022-08-25T12:32:54","date_gmt":"2022-08-25T18:32:54","guid":{"rendered":"https:\/\/mickyandoniehn.com\/radio\/?page_id=27953"},"modified":"2022-09-01T10:54:46","modified_gmt":"2022-09-01T16:54:46","slug":"jose-jose","status":"publish","type":"page","link":"https:\/\/mickyandoniehn.com\/radio\/jose-jose\/","title":{"rendered":"Jos\u00e9 Jos\u00e9"},"content":{"rendered":"<p style=\"text-align: justify;\"><img loading=\"lazy\" decoding=\"async\" class=\" wp-image-24676 aligncenter\" src=\"http:\/\/mickyandoniehn.com\/radio\/wp-content\/uploads\/2022\/08\/Jose-Jose-300x169.png\" alt=\"\" width=\"805\" height=\"453\" srcset=\"https:\/\/mickyandoniehn.com\/radio\/wp-content\/uploads\/2022\/08\/Jose-Jose-300x169.png 300w, https:\/\/mickyandoniehn.com\/radio\/wp-content\/uploads\/2022\/08\/Jose-Jose.png 583w\" sizes=\"auto, (max-width: 805px) 100vw, 805px\" \/><\/p>\n<p>&nbsp;<\/p>\n<div class=\"cxmmr5t8 oygrvhab hcukyx3x c1et5uql o9v6fnle ii04i59q\" style=\"text-align: justify;\">\n<div dir=\"auto\"><strong>Fecha de Nacimiento:<\/strong> 17 de febrero de 1948<\/div>\n<p>&nbsp;<\/p>\n<div dir=\"auto\"><\/div>\n<div dir=\"auto\"><strong>Fecha de Fallecimiento:<\/strong> 28 de septiembre de 2019<\/div>\n<p>&nbsp;<\/p>\n<div dir=\"auto\"><\/div>\n<\/div>\n<div class=\"cxmmr5t8 oygrvhab hcukyx3x c1et5uql o9v6fnle ii04i59q\" style=\"text-align: justify;\">\n<div dir=\"auto\"><strong>Biograf\u00eda:<\/strong><\/div>\n<p>&nbsp;<\/p>\n<div dir=\"auto\"><\/div>\n<div dir=\"auto\">Se le considera como un icono musical en la segunda mitad del siglo XX. Su legado y trayectoria como cantante le valieron el llegar a ser apodado como El Pr\u00edncipe de la Canci\u00f3n.<\/div>\n<p>&nbsp;<\/p>\n<div dir=\"auto\"><\/div>\n<\/div>\n<div class=\"cxmmr5t8 oygrvhab hcukyx3x c1et5uql o9v6fnle ii04i59q\" style=\"text-align: justify;\">\n<div dir=\"auto\">Nacido en una familia de m\u00fasicos, Jos\u00e9 comenz\u00f3 su carrera musical en su adolescencia tocando la guitarra y cantando serenatas. M\u00e1s tarde se uni\u00f3 a un tr\u00edo de jazz y bossa nova donde cant\u00f3 y toc\u00f3 el bajo y el contrabajo. Jos\u00e9 encontr\u00f3 el \u00e9xito como solista a principios de la d\u00e9cada de 1970. Demostrando su habilidad vocal con una impresionante interpretaci\u00f3n de la canci\u00f3n \u00abEl triste\u00bb en el segundo Festival de la Canci\u00f3n Latina celebrado en Ciudad de M\u00e9xico en 1970, subi\u00f3 a las listas latinas durante esa d\u00e9cada. Habiendo logrado el reconocimiento como baladista, su canto obtuvo la aclamaci\u00f3n cr\u00edtica universal de sus pares musicales y medios de comunicaci\u00f3n.<\/div>\n<p>&nbsp;<\/p>\n<div dir=\"auto\"><\/div>\n<\/div>\n<div class=\"cxmmr5t8 oygrvhab hcukyx3x c1et5uql o9v6fnle ii04i59q\" style=\"text-align: justify;\">\n<div dir=\"auto\">En la d\u00e9cada de los ochenta, despu\u00e9s de firmar con Ariola Records, Jos\u00e9 salt\u00f3 a la fama internacional como el artista n\u00famero 1 de M\u00e9xico y como uno de los artistas latinos m\u00e1s populares y talentosos. Seg\u00fan datos de Sony BGM, se estima que Jos\u00e9 Jos\u00e9 vendi\u00f3 m\u00e1s de 85 millones de copias. Con muchos \u00e9xitos internacionales, recibi\u00f3 9 nominaciones Grammy y numerosos reconocimientos en todo el mundo. Agot\u00f3 en lugares como Madison Square Garden y Radio City Music Hall donde se gan\u00f3 el apodo de Mr. Sold Out. Su m\u00fasica lleg\u00f3 a pa\u00edses de habla no espa\u00f1ola como Jap\u00f3n, Israel y Rusia. Tambi\u00e9n forj\u00f3 una carrera como actor, protagonizando en pel\u00edculas como Gavil\u00e1n o paloma (1985), la cual fue una cinta autobiogr\u00e1fica sobre su carrera, y Perd\u00f3name todo (1995). Adicional a esto, igualmente destaca su participaci\u00f3n en la telenovela La fea m\u00e1s bella de 2006.<\/div>\n<p>&nbsp;<\/p>\n<div dir=\"auto\"><\/div>\n<\/div>\n<div class=\"cxmmr5t8 oygrvhab hcukyx3x c1et5uql o9v6fnle ii04i59q\" style=\"text-align: justify;\">\n<div dir=\"auto\">Sus presentaciones y estilo vocal influyeron en muchos artistas latinos de diversas partes del mundo en un amplio rango de g\u00e9neros musicales, en una carrera que abarc\u00f3 m\u00e1s de cuatro d\u00e9cadas. Debido a su voz y popularidad, Jos\u00e9 Jos\u00e9 fue considerado por la audiencia y los medios latinos como un \u00edcono de la m\u00fasica pop latina y uno de los cantantes mexicanos m\u00e1s emblem\u00e1ticos de su tiempo.<\/div>\n<p>&nbsp;<\/p>\n<div dir=\"auto\"><\/div>\n<\/div>\n<div class=\"cxmmr5t8 oygrvhab hcukyx3x c1et5uql o9v6fnle ii04i59q\" style=\"text-align: justify;\">\n<div dir=\"auto\"><strong>Wikipedia in English<\/strong><\/div>\n<p>&nbsp;<\/p>\n<div dir=\"auto\"><\/div>\n<\/div>\n<div class=\"cxmmr5t8 oygrvhab hcukyx3x c1et5uql o9v6fnle ii04i59q\" style=\"text-align: justify;\">\n<div dir=\"auto\"><strong>Date of Birth:<\/strong> February 17, 1948<\/div>\n<p>&nbsp;<\/p>\n<div dir=\"auto\"><\/div>\n<div dir=\"auto\"><strong>Date of Died:<\/strong> September 28, 2019<\/div>\n<p>&nbsp;<\/p>\n<div dir=\"auto\"><\/div>\n<\/div>\n<div class=\"cxmmr5t8 oygrvhab hcukyx3x c1et5uql o9v6fnle ii04i59q\" style=\"text-align: justify;\">\n<div dir=\"auto\"><strong>Biography:<\/strong><\/div>\n<p>&nbsp;<\/p>\n<div dir=\"auto\"><\/div>\n<div dir=\"auto\">He is considered as a musical icon in the second half of the 20th century. His legacy and career as a singer earned him the nickname of The Prince of Song.<\/div>\n<p>&nbsp;<\/p>\n<div dir=\"auto\"><\/div>\n<\/div>\n<div class=\"cxmmr5t8 oygrvhab hcukyx3x c1et5uql o9v6fnle ii04i59q\" style=\"text-align: justify;\">\n<div dir=\"auto\">Born into a family of musicians, Jos\u00e9 began his musical career in his teens playing the guitar and singing serenades. He later joined a jazz and bossa nova trio where he sang and played bass and double bass. Jos\u00e9 found success as a solo artist in the early 1970s. Demonstrating his vocal ability with an impressive performance of the song &#8220;El triste&#8221; at the second Festival de la Canci\u00f3n Latina held in Mexico City in 1970, he rose to the Latin charts. during that decade. Having achieved recognition as a balladeer, his singing garnered universal critical acclaim from his musical peers and the media.<\/div>\n<p>&nbsp;<\/p>\n<div dir=\"auto\"><\/div>\n<\/div>\n<div class=\"cxmmr5t8 oygrvhab hcukyx3x c1et5uql o9v6fnle ii04i59q\" style=\"text-align: justify;\">\n<div dir=\"auto\">In the 1980s, after signing with Ariola Records, Jos\u00e9 rose to international fame as Mexico&#8217;s number 1 artist and as one of the most popular and talented Latin artists. According to data from Sony BGM, it is estimated that Jos\u00e9 Jos\u00e9 sold more than 85 million copies. With many international successes, he received 9 Grammy nominations and numerous recognitions around the world. He sold out at venues like Madison Square Garden and Radio City Music Hall where he earned the nickname Mr. Sold Out. His music reached non-Spanish speaking countries like Japan, Israel and Russia. He also forged an acting career, starring in such films as Gavil\u00e1n o Paloma (1985), which was an autobiographical film about his career, and Perd\u00f3name Todo (1995). In addition to this, he also highlights his participation in the telenovela La fea m\u00e1s bella of 2006.<\/div>\n<p>&nbsp;<\/p>\n<div dir=\"auto\"><\/div>\n<\/div>\n<div class=\"cxmmr5t8 oygrvhab hcukyx3x c1et5uql o9v6fnle ii04i59q\" style=\"text-align: justify;\">\n<div dir=\"auto\">His performances and vocal style influenced many Latin artists from around the world in a wide range of musical genres, in a career that spanned more than four decades. Due to his voice and popularity, Jos\u00e9 Jos\u00e9 was considered by the Latin audience and media as an icon of Latin pop music and one of the most emblematic Mexican singers of his time.<\/div>\n<p>&nbsp;<\/p>\n<div dir=\"auto\"><\/div>\n<\/div>\n<div class=\"cxmmr5t8 oygrvhab hcukyx3x c1et5uql o9v6fnle ii04i59q\" style=\"text-align: justify;\">\n<div dir=\"auto\"><strong>Discography<\/strong><\/div>\n<p>&nbsp;<\/p>\n<\/div>\n<div dir=\"auto\"><\/div>\n<div dir=\"auto\">\n<table width=\"605\">\n<tbody>\n<tr>\n<td style=\"text-align: center;\" width=\"237\"><strong>G\u00e9nero Balada Rom\u00e1ntica<\/strong><\/td>\n<td style=\"text-align: center;\" width=\"368\"><strong>Escuchar tema<\/strong><\/td>\n<\/tr>\n<tr>\n<td style=\"text-align: center;\"><\/td>\n<td style=\"text-align: center;\"><strong>Canciones<\/strong><\/td>\n<\/tr>\n<tr>\n<td style=\"text-align: right;\">1<\/td>\n<td>El triste<\/td>\n<\/tr>\n<tr>\n<td><strong>El triste\u00a0\u00b7\u00a01998<\/strong><\/td>\n<td><\/td>\n<\/tr>\n<tr>\n<td style=\"text-align: right;\">2<\/td>\n<td>El amar y el querer<\/td>\n<\/tr>\n<tr>\n<td><strong>Reencuentro\u00a0\u00b7\u00a01977<\/strong><\/td>\n<td><\/td>\n<\/tr>\n<tr>\n<td style=\"text-align: right;\">3<\/td>\n<td>He renunciado a ti<\/td>\n<\/tr>\n<tr>\n<td><strong>Secretos\u00a0\u00b7\u00a01983<\/strong><\/td>\n<td><\/td>\n<\/tr>\n<tr>\n<td style=\"text-align: right;\">4<\/td>\n<td>La nave del olvido<\/td>\n<\/tr>\n<tr>\n<td><strong>El triste\u00a0\u00b7\u00a01998<\/strong><\/td>\n<td><\/td>\n<\/tr>\n<tr>\n<td style=\"text-align: right;\">5<\/td>\n<td>Almohada<\/td>\n<\/tr>\n<tr>\n<td><strong>Lo pasado, pasado\u00a0\u00b7\u00a01978<\/strong><\/td>\n<td><\/td>\n<\/tr>\n<tr>\n<td style=\"text-align: right;\">6<\/td>\n<td>Vamos a darnos tiempo<\/td>\n<\/tr>\n<tr>\n<td><strong>Gracias\u00a0\u00b7\u00a01981<\/strong><\/td>\n<td><\/td>\n<\/tr>\n<tr>\n<td style=\"text-align: right;\">7<\/td>\n<td>Quiero perderme contigo<\/td>\n<\/tr>\n<tr>\n<td><strong>Secretos\u00a0\u00b7\u00a01983<\/strong><\/td>\n<td><\/td>\n<\/tr>\n<tr>\n<td style=\"text-align: right;\">8<\/td>\n<td>Gavil\u00e1n o paloma<\/td>\n<\/tr>\n<tr>\n<td><strong>Reencuentro\u00a0\u00b7\u00a01977<\/strong><\/td>\n<td><\/td>\n<\/tr>\n<tr>\n<td style=\"text-align: right;\">9<\/td>\n<td>Lo que no fue no ser\u00e1<\/td>\n<\/tr>\n<tr>\n<td><strong>Lo pasado, pasado\u00a0\u00b7\u00a01978<\/strong><\/td>\n<td><\/td>\n<\/tr>\n<tr>\n<td style=\"text-align: right;\">10<\/td>\n<td>Si me dejas ahora<\/td>\n<\/tr>\n<tr>\n<td><strong>Si me dejas ahora\u00a0\u00b7\u00a01979<\/strong><\/td>\n<td><\/td>\n<\/tr>\n<tr>\n<td style=\"text-align: right;\">11<\/td>\n<td>Lo pasado, pasado<\/td>\n<\/tr>\n<tr>\n<td><strong>Lo pasado, pasado\u00a0\u00b7\u00a01978<\/strong><\/td>\n<td><\/td>\n<\/tr>\n<tr>\n<td style=\"text-align: right;\">12<\/td>\n<td>Lo dudo<\/td>\n<\/tr>\n<tr>\n<td><strong>Secretos\u00a0\u00b7\u00a01983<\/strong><\/td>\n<td><\/td>\n<\/tr>\n<tr>\n<td style=\"text-align: right;\">13<\/td>\n<td>El amor acaba<\/td>\n<\/tr>\n<tr>\n<td><strong>Secretos\u00a0\u00b7\u00a01983<\/strong><\/td>\n<td><\/td>\n<\/tr>\n<tr>\n<td style=\"text-align: right;\">14<\/td>\n<td>\u00bfY qui\u00e9n puede ser?<\/td>\n<\/tr>\n<tr>\n<td><strong>Siempre contigo\u00a0\u00b7\u00a01986<\/strong><\/td>\n<td><\/td>\n<\/tr>\n<tr>\n<td style=\"text-align: right;\">15<\/td>\n<td>Ser\u00e1<\/td>\n<\/tr>\n<tr>\n<td><strong>Si me dejas ahora\u00a0\u00b7\u00a01979<\/strong><\/td>\n<td><\/td>\n<\/tr>\n<tr>\n<td style=\"text-align: right;\">16<\/td>\n<td>Preso<\/td>\n<\/tr>\n<tr>\n<td><strong>Gracias\u00a0\u00b7\u00a01981<\/strong><\/td>\n<td><\/td>\n<\/tr>\n<tr>\n<td style=\"text-align: right;\">17<\/td>\n<td>40 y 20<\/td>\n<\/tr>\n<tr>\n<td><strong>40 y 20\u00a0\u00b7\u00a01992<\/strong><\/td>\n<td><\/td>\n<\/tr>\n<tr>\n<td style=\"text-align: right;\">18<\/td>\n<td>No me digas que te vas<\/td>\n<\/tr>\n<tr>\n<td><strong>Amor, amor\u00a0\u00b7\u00a01980<\/strong><\/td>\n<td><\/td>\n<\/tr>\n<tr>\n<td style=\"text-align: right;\">19<\/td>\n<td>Desesperado<\/td>\n<\/tr>\n<tr>\n<td><strong>Mi vida\u00a0\u00b7\u00a01982<\/strong><\/td>\n<td><\/td>\n<\/tr>\n<tr>\n<td style=\"text-align: right;\">20<\/td>\n<td>Gotas de fuego<\/td>\n<\/tr>\n<tr>\n<td><strong>Reencuentro\u00a0\u00b7\u00a01977<\/strong><\/td>\n<td><\/td>\n<\/tr>\n<tr>\n<td style=\"text-align: right;\">21<\/td>\n<td>Piel de az\u00facar<\/td>\n<\/tr>\n<tr>\n<td><strong>\u00bfQu\u00e9 es el amor?\u00a0\u00b7\u00a01989<\/strong><\/td>\n<td><\/td>\n<\/tr>\n<tr>\n<td style=\"text-align: right;\">22<\/td>\n<td>Voy a llenarte toda<\/td>\n<\/tr>\n<tr>\n<td><strong>Secretos\u00a0\u00b7\u00a01983<\/strong><\/td>\n<td><\/td>\n<\/tr>\n<tr>\n<td style=\"text-align: right;\">23<\/td>\n<td>Amnesia<\/td>\n<\/tr>\n<tr>\n<td><strong>En las buenas&#8230; y en las malas\u00a0\u00b7\u00a01990<\/strong><\/td>\n<td><\/td>\n<\/tr>\n<tr>\n<td style=\"text-align: right;\">24<\/td>\n<td>Mujeriego<\/td>\n<\/tr>\n<tr>\n<td><strong>Mujeriego\u00a0\u00b7\u00a01995<\/strong><\/td>\n<td><\/td>\n<\/tr>\n<tr>\n<td style=\"text-align: right;\">25<\/td>\n<td>L\u00e1grimas<\/td>\n<\/tr>\n<tr>\n<td><strong>Secretos\u00a0\u00b7\u00a01983<\/strong><\/td>\n<td><\/td>\n<\/tr>\n<tr>\n<td style=\"text-align: right;\">26<\/td>\n<td>Me vas a echar de menos<\/td>\n<\/tr>\n<tr>\n<td><strong>Promesas\u00a0\u00b7\u00a01985<\/strong><\/td>\n<td><\/td>\n<\/tr>\n<tr>\n<td style=\"text-align: right;\">27<\/td>\n<td>Eso Nom\u00e1s<\/td>\n<\/tr>\n<tr>\n<td><strong>40 y 20\u00a0\u00b7\u00a01992<\/strong><\/td>\n<td><\/td>\n<\/tr>\n<tr>\n<td style=\"text-align: right;\">28<\/td>\n<td>Volc\u00e1n<\/td>\n<\/tr>\n<tr>\n<td><strong>Volc\u00e1n\u00a0\u00b7\u00a01978<\/strong><\/td>\n<td><\/td>\n<\/tr>\n<tr>\n<td style=\"text-align: right;\">29<\/td>\n<td>Buenos d\u00edas amor<\/td>\n<\/tr>\n<tr>\n<td><strong>Reencuentro\u00a0\u00b7\u00a01977<\/strong><\/td>\n<td><\/td>\n<\/tr>\n<tr>\n<td style=\"text-align: right;\">30<\/td>\n<td>Amor, amor<\/td>\n<\/tr>\n<tr>\n<td><strong>Amor, amor\u00a0\u00b7\u00a01980<\/strong><\/td>\n<td><\/td>\n<\/tr>\n<tr>\n<td style=\"text-align: right;\">31<\/td>\n<td>Me basta<\/td>\n<\/tr>\n<tr>\n<td><strong>Gracias\u00a0\u00b7\u00a01981<\/strong><\/td>\n<td><\/td>\n<\/tr>\n<tr>\n<td style=\"text-align: right;\">32<\/td>\n<td>A\u00fan Estoy de Pie<\/td>\n<\/tr>\n<tr>\n<td><strong>El Pr\u00edncipe de la Canci\u00f3n\u00a0\u00b7\u00a02017<\/strong><\/td>\n<td><\/td>\n<\/tr>\n<tr>\n<td><\/td>\n<td><\/td>\n<\/tr>\n<\/tbody>\n<\/table>\n<\/div>\n<div class=\"cxmmr5t8 oygrvhab hcukyx3x c1et5uql o9v6fnle ii04i59q\" style=\"text-align: justify;\">\n<div dir=\"auto\"><\/div>\n<\/div>\n<p>&nbsp;<\/p>\n<div class=\"cxmmr5t8 oygrvhab hcukyx3x c1et5uql o9v6fnle ii04i59q\" style=\"text-align: justify;\">\n<div dir=\"auto\">Cr\u00e9ditos tomados de Wikipedia:<\/div>\n<div dir=\"auto\"><a class=\"oajrlxb2 g5ia77u1 qu0x051f esr5mh6w e9989ue4 r7d6kgcz rq0escxv nhd2j8a9 nc684nl6 p7hjln8o kvgmc6g5 cxmmr5t8 oygrvhab hcukyx3x jb3vyjys rz4wbd8a qt6c0cv9 a8nywdso i1ao9s8h esuyzwwr f1sip0of lzcic4wl gpro0wi8 py34i1dx\" tabindex=\"0\" role=\"link\" href=\"https:\/\/es.wikipedia.org\/wiki\/Jos%C3%A9_Jos%C3%A9?fbclid=IwAR2G-ovOkuUF2ZBikp4T07AiSlXabAYrlZZEw98bAdJbBiFe4xcGMMVEUeo\" target=\"_blank\" rel=\"nofollow noopener\">https:\/\/es.wikipedia.org\/wiki\/Jos%C3%A9_Jos%C3%A9<\/a><\/div>\n<div dir=\"auto\"><\/div>\n<p>&nbsp;<\/p>\n<\/div>\n<div class=\"epyt-video-wrapper\"><iframe loading=\"lazy\"  id=\"_ytid_58755\"  width=\"618\" height=\"347\"  data-origwidth=\"618\" data-origheight=\"347\" src=\"https:\/\/www.youtube.com\/embed\/AejkC2xjEbE?enablejsapi=1&#038;autoplay=0&#038;cc_load_policy=0&#038;cc_lang_pref=&#038;iv_load_policy=1&#038;loop=0&#038;modestbranding=0&#038;rel=1&#038;fs=1&#038;playsinline=0&#038;autohide=2&#038;theme=dark&#038;color=red&#038;controls=1&#038;\" class=\"__youtube_prefs__  epyt-is-override  no-lazyload\" title=\"YouTube player\"  allow=\"fullscreen; accelerometer; autoplay; clipboard-write; encrypted-media; gyroscope; picture-in-picture\" allowfullscreen data-no-lazy=\"1\" data-skipgform_ajax_framebjll=\"\"><\/iframe><\/div>\n","protected":false},"excerpt":{"rendered":"<p>&nbsp; Fecha de Nacimiento: 17 de febrero de 1948 &nbsp; Fecha de Fallecimiento: 28 de septiembre de 2019 &nbsp; Biograf\u00eda: &nbsp; Se le considera como un icono musical en la segunda mitad del siglo XX. Su legado y trayectoria como cantante le valieron el llegar a ser apodado como El Pr\u00edncipe de la Canci\u00f3n. &nbsp; &hellip;<\/p>\n","protected":false},"author":1,"featured_media":0,"parent":0,"menu_order":0,"comment_status":"closed","ping_status":"closed","template":"","meta":{"footnotes":""},"class_list":["post-27953","page","type-page","status-publish",""],"jetpack_sharing_enabled":true,"_links":{"self":[{"href":"https:\/\/mickyandoniehn.com\/radio\/wp-json\/wp\/v2\/pages\/27953","targetHints":{"allow":["GET"]}}],"collection":[{"href":"https:\/\/mickyandoniehn.com\/radio\/wp-json\/wp\/v2\/pages"}],"about":[{"href":"https:\/\/mickyandoniehn.com\/radio\/wp-json\/wp\/v2\/types\/page"}],"author":[{"embeddable":true,"href":"https:\/\/mickyandoniehn.com\/radio\/wp-json\/wp\/v2\/users\/1"}],"replies":[{"embeddable":true,"href":"https:\/\/mickyandoniehn.com\/radio\/wp-json\/wp\/v2\/comments?post=27953"}],"version-history":[{"count":2,"href":"https:\/\/mickyandoniehn.com\/radio\/wp-json\/wp\/v2\/pages\/27953\/revisions"}],"predecessor-version":[{"id":30309,"href":"https:\/\/mickyandoniehn.com\/radio\/wp-json\/wp\/v2\/pages\/27953\/revisions\/30309"}],"wp:attachment":[{"href":"https:\/\/mickyandoniehn.com\/radio\/wp-json\/wp\/v2\/media?parent=27953"}],"curies":[{"name":"wp","href":"https:\/\/api.w.org\/{rel}","templated":true}]}}