{"id":160,"date":"2021-07-05T06:42:50","date_gmt":"2021-07-05T06:42:50","guid":{"rendered":"http:\/\/mickyandoniehn.com\/radio\/?page_id=160"},"modified":"2022-08-29T09:40:17","modified_gmt":"2022-08-29T15:40:17","slug":"josh-kelle","status":"publish","type":"page","link":"https:\/\/mickyandoniehn.com\/radio\/josh-kelle\/","title":{"rendered":"Josh Kelle"},"content":{"rendered":"\r\n<div class=\"wp-block-image\">\r\n<figure class=\"aligncenter size-large\">\r\n<p style=\"text-align: justify;\"><img loading=\"lazy\" decoding=\"async\" class=\" wp-image-24400 aligncenter\" src=\"http:\/\/mickyandoniehn.com\/radio\/wp-content\/uploads\/2022\/08\/Josh-Kelley-226x300.jpg\" alt=\"\" width=\"562\" height=\"745\" \/><\/p>\r\n<p>&nbsp;<\/p>\r\n<p>&nbsp;<\/p>\r\n<div class=\"cxmmr5t8 oygrvhab hcukyx3x c1et5uql o9v6fnle ii04i59q\" style=\"text-align: justify;\">\r\n<div dir=\"auto\"><strong>Nacimiento:<\/strong> 30 de enero de 1980<\/div>\r\n<div dir=\"auto\">\u00a0<\/div>\r\n<\/div>\r\n<div class=\"cxmmr5t8 oygrvhab hcukyx3x c1et5uql o9v6fnle ii04i59q\" style=\"text-align: justify;\">\r\n<div dir=\"auto\"><strong>Biograf\u00eda:<\/strong><\/div>\r\n<div dir=\"auto\">\u00a0<\/div>\r\n<div dir=\"auto\">Comenz\u00f3 su carrera musical a la edad de 11 a\u00f1os, cuando su madre le regal\u00f3 su primera guitarra. M\u00e1s tarde, durante su adolescencia, form\u00f3 un grupo llamado &#8220;Inside Blue&#8221; con su hermano peque\u00f1o, Charles. A los 14 a\u00f1os el grupo lanz\u00f3 un CD con 5 canciones llamando la atenci\u00f3n de una discogr\u00e1fica que les dio la oportunidad de conocer a James Brown.<\/div>\r\n<div dir=\"auto\">\u00a0<\/div>\r\n<\/div>\r\n<div class=\"cxmmr5t8 oygrvhab hcukyx3x c1et5uql o9v6fnle ii04i59q\" style=\"text-align: justify;\">\r\n<div dir=\"auto\">El 23 de diciembre de 2007 contrajo matrimonio con la actriz Katherine Heigl. En septiembre de 2009 (casi dos a\u00f1os despu\u00e9s de su boda), la pareja adopt\u00f3 a una ni\u00f1a de origen coreano, a la que pusieron el nombre de Nancy Leigh , aunque la llaman Naleigh. En mayo de 2012 la pareja decidi\u00f3 adoptar de nuevo, esta vez en EE.UU., una ni\u00f1a de nombre Adelaide Marie Hope. En junio del 2016 la pareja anunci\u00f3 que esperaba su tercer hijo, el peque\u00f1o Joshua Bishop Kelley Jr. naci\u00f3 el 20 de diciembre de 2016.<\/div>\r\n<div dir=\"auto\">\u00a0<\/div>\r\n<\/div>\r\n<div class=\"cxmmr5t8 oygrvhab hcukyx3x c1et5uql o9v6fnle ii04i59q\" style=\"text-align: justify;\">\r\n<div dir=\"auto\"><strong>Wikipedia in English<\/strong><\/div>\r\n<div dir=\"auto\">\u00a0<\/div>\r\n<\/div>\r\n<div class=\"cxmmr5t8 oygrvhab hcukyx3x c1et5uql o9v6fnle ii04i59q\" style=\"text-align: justify;\">\r\n<div dir=\"auto\"><strong>Birth:<\/strong> January 30, 1980<\/div>\r\n<div dir=\"auto\">\u00a0<\/div>\r\n<\/div>\r\n<div class=\"cxmmr5t8 oygrvhab hcukyx3x c1et5uql o9v6fnle ii04i59q\" style=\"text-align: justify;\">\r\n<div dir=\"auto\"><strong>Biography:<\/strong><\/div>\r\n<div dir=\"auto\">\u00a0<\/div>\r\n<div dir=\"auto\">He started his musical career at the age of 11, when his mother gave him his first guitar. Later, during adolescence, he formed a group called &#8220;Inside Blue&#8221; with his little brother, Charles. At the age of 14, the group released a CD with 5 songs, attracting the attention of a record company that gave them the opportunity to meet James Brown.<\/div>\r\n<div dir=\"auto\">\u00a0<\/div>\r\n<\/div>\r\n<div class=\"cxmmr5t8 oygrvhab hcukyx3x c1et5uql o9v6fnle ii04i59q\" style=\"text-align: justify;\">\r\n<div dir=\"auto\">On December 23, 2007, he married actress Katherine Heigl. In September 2009 (almost two years after their wedding), the couple adopted a girl of Korean origin, whom they named Nancy Leigh, although they call her Naleigh. In May 2012 the couple decided to adopt again, this time in the US, a girl named Adelaide Marie Hope. In June 2016, the couple announced that they were expecting their third child, little Joshua Bishop Kelley Jr. He was born on December 20, 2016.<\/div>\r\n<div dir=\"auto\">\u00a0<\/div>\r\n<\/div>\r\n<div class=\"cxmmr5t8 oygrvhab hcukyx3x c1et5uql o9v6fnle ii04i59q\" style=\"text-align: justify;\">\r\n<div dir=\"auto\"><strong>Discography<\/strong><\/div>\r\n<\/div>\r\n<div dir=\"auto\">\u00a0<\/div>\r\n<div dir=\"auto\">\r\n<table width=\"542\">\r\n<tbody>\r\n<tr>\r\n<td style=\"text-align: center;\" width=\"148\"><strong>Genero\u00a0 Rock y country<\/strong><\/td>\r\n<td style=\"text-align: center;\" width=\"310\"><strong>Escuchar Tema<\/strong><\/td>\r\n<td style=\"text-align: center;\" width=\"84\"><strong>A\u00f1o<\/strong><\/td>\r\n<\/tr>\r\n<tr>\r\n<td>1<\/td>\r\n<td>\u00a0For The Ride Home<\/td>\r\n<td>2003<\/td>\r\n<\/tr>\r\n<tr>\r\n<td>2<\/td>\r\n<td>\u00a0Almost Honest<\/td>\r\n<td>2005<\/td>\r\n<\/tr>\r\n<tr>\r\n<td>3<\/td>\r\n<td>Just Say The Word<\/td>\r\n<td>2006<\/td>\r\n<\/tr>\r\n<tr>\r\n<td>4<\/td>\r\n<td>\u00a0Fall Album Sampler<\/td>\r\n<td>2007<\/td>\r\n<\/tr>\r\n<tr>\r\n<td>5<\/td>\r\n<td>\u00a0Special Company<\/td>\r\n<td>2008<\/td>\r\n<\/tr>\r\n<tr>\r\n<td>6<\/td>\r\n<td>\u00a0To Remember \u200e<\/td>\r\n<td>2008<\/td>\r\n<\/tr>\r\n<tr>\r\n<td>7<\/td>\r\n<td>\u00a0Georgia Clay<\/td>\r\n<td>2011<\/td>\r\n<\/tr>\r\n<tr>\r\n<td>\u00a0<\/td>\r\n<td>\u00a0<\/td>\r\n<td>\u00a0<\/td>\r\n<\/tr>\r\n<\/tbody>\r\n<\/table>\r\n<\/div>\r\n<div class=\"cxmmr5t8 oygrvhab hcukyx3x c1et5uql o9v6fnle ii04i59q\" style=\"text-align: justify; padding-left: 40px;\">\r\n<div dir=\"auto\">\u00a0<\/div>\r\n<\/div>\r\n<div class=\"cxmmr5t8 oygrvhab hcukyx3x c1et5uql o9v6fnle ii04i59q\">\r\n<div dir=\"auto\" style=\"text-align: justify;\">Cr\u00e9ditos tomados de Wikipedia:<\/div>\r\n<div dir=\"auto\" style=\"text-align: justify;\"><a class=\"oajrlxb2 g5ia77u1 qu0x051f esr5mh6w e9989ue4 r7d6kgcz rq0escxv nhd2j8a9 nc684nl6 p7hjln8o kvgmc6g5 cxmmr5t8 oygrvhab hcukyx3x jb3vyjys rz4wbd8a qt6c0cv9 a8nywdso i1ao9s8h esuyzwwr f1sip0of lzcic4wl gpro0wi8 py34i1dx\" tabindex=\"0\" role=\"link\" href=\"https:\/\/es.wikipedia.org\/wiki\/Josh_Kelley?fbclid=IwAR3RPptReq9eqZHZpX9HyN_89JsyZEeOxGvqqYg1l_y5FoPbSZcI7amcXVk\" target=\"_blank\" rel=\"nofollow noopener\">https:\/\/es.wikipedia.org\/wiki\/Josh_Kelley<\/a><\/div>\r\n<\/div>\r\n<div dir=\"auto\">\u00a0<\/div>\r\n<div dir=\"auto\">\u00a0<\/div>\r\n<p><iframe loading=\"lazy\" title=\"JOSH KELLEY\" width=\"618\" height=\"464\" src=\"https:\/\/www.youtube.com\/embed\/Pv2eHXL79ec?feature=oembed\" frameborder=\"0\" allow=\"accelerometer; autoplay; clipboard-write; encrypted-media; gyroscope; picture-in-picture; web-share\" referrerpolicy=\"strict-origin-when-cross-origin\" allowfullscreen><\/iframe><\/p>\r\n<\/figure>\r\n<\/div>\r\n","protected":false},"excerpt":{"rendered":"<p>&nbsp; &nbsp; Nacimiento: 30 de enero de 1980 \u00a0 Biograf\u00eda: \u00a0 Comenz\u00f3 su carrera musical a la edad de 11 a\u00f1os, cuando su madre le regal\u00f3 su primera guitarra. M\u00e1s tarde, durante su adolescencia, form\u00f3 un grupo llamado &#8220;Inside Blue&#8221; con su hermano peque\u00f1o, Charles. A los 14 a\u00f1os el grupo lanz\u00f3 un CD con &hellip;<\/p>\n","protected":false},"author":1,"featured_media":0,"parent":0,"menu_order":0,"comment_status":"open","ping_status":"closed","template":"","meta":{"footnotes":""},"class_list":["post-160","page","type-page","status-publish",""],"jetpack_sharing_enabled":true,"_links":{"self":[{"href":"https:\/\/mickyandoniehn.com\/radio\/wp-json\/wp\/v2\/pages\/160","targetHints":{"allow":["GET"]}}],"collection":[{"href":"https:\/\/mickyandoniehn.com\/radio\/wp-json\/wp\/v2\/pages"}],"about":[{"href":"https:\/\/mickyandoniehn.com\/radio\/wp-json\/wp\/v2\/types\/page"}],"author":[{"embeddable":true,"href":"https:\/\/mickyandoniehn.com\/radio\/wp-json\/wp\/v2\/users\/1"}],"replies":[{"embeddable":true,"href":"https:\/\/mickyandoniehn.com\/radio\/wp-json\/wp\/v2\/comments?post=160"}],"version-history":[{"count":3,"href":"https:\/\/mickyandoniehn.com\/radio\/wp-json\/wp\/v2\/pages\/160\/revisions"}],"predecessor-version":[{"id":29229,"href":"https:\/\/mickyandoniehn.com\/radio\/wp-json\/wp\/v2\/pages\/160\/revisions\/29229"}],"wp:attachment":[{"href":"https:\/\/mickyandoniehn.com\/radio\/wp-json\/wp\/v2\/media?parent=160"}],"curies":[{"name":"wp","href":"https:\/\/api.w.org\/{rel}","templated":true}]}}