{"id":133,"date":"2021-07-05T06:35:36","date_gmt":"2021-07-05T06:35:36","guid":{"rendered":"http:\/\/mickyandoniehn.com\/radio\/?page_id=133"},"modified":"2022-08-29T09:39:27","modified_gmt":"2022-08-29T15:39:27","slug":"jose-alfredo-jimenez","status":"publish","type":"page","link":"https:\/\/mickyandoniehn.com\/radio\/jose-alfredo-jimenez\/","title":{"rendered":"Jos\u00e9 Alfredo Jim\u00e9nez"},"content":{"rendered":"\r\n<div class=\"wp-block-image\">\r\n<figure class=\"aligncenter size-large\">\r\n<p style=\"text-align: justify;\"><img loading=\"lazy\" decoding=\"async\" class=\" wp-image-1618 aligncenter\" src=\"http:\/\/mickyandoniehn.com\/radio\/wp-content\/uploads\/2021\/10\/76395d3f98774d0eb5e904920aae4722-219x300.jpg\" alt=\"\" width=\"626\" height=\"858\" srcset=\"https:\/\/mickyandoniehn.com\/radio\/wp-content\/uploads\/2021\/10\/76395d3f98774d0eb5e904920aae4722-219x300.jpg 219w, https:\/\/mickyandoniehn.com\/radio\/wp-content\/uploads\/2021\/10\/76395d3f98774d0eb5e904920aae4722-748x1024.jpg 748w, https:\/\/mickyandoniehn.com\/radio\/wp-content\/uploads\/2021\/10\/76395d3f98774d0eb5e904920aae4722-768x1051.jpg 768w, https:\/\/mickyandoniehn.com\/radio\/wp-content\/uploads\/2021\/10\/76395d3f98774d0eb5e904920aae4722.jpg 770w\" sizes=\"auto, (max-width: 626px) 100vw, 626px\" \/><\/p>\r\n<p>&nbsp;<\/p>\r\n<p>&nbsp;<\/p>\r\n<p style=\"text-align: justify;\"><strong>Fecha de Nacimiento:<\/strong> 19 de Enero de 1926<\/p>\r\n\r\n\r\n\r\n<p style=\"text-align: justify;\"><strong>Fecha de Fallecimiento:<\/strong> 23 de Noviembre de 1973<\/p>\r\n<p><strong>Biografia<\/strong><\/p>\r\n\r\n\r\n\r\n<p style=\"text-align: justify;\">Hijo de Agust\u00edn Jim\u00e9nez Albo y de Carmen Sandoval, naci\u00f3 en la ciudad de Dolores Hidalgo, en el estado mexicano de Guanajuato, donde pas\u00f3 sus primeros a\u00f1os de vida, hasta poco despu\u00e9s de la muerte de su padre en 1936, quien era due\u00f1o de una farmacia denominada &#8220;San Vicente&#8221;. Jos\u00e9 Alfredo ten\u00eda tres hermanos: Concepci\u00f3n, V\u00edctor e Ignacio.<\/p>\r\n\r\n\r\n\r\n<p style=\"text-align: justify;\">A los once a\u00f1os lleg\u00f3 a la Ciudad de M\u00e9xico donde desde adolescente empez\u00f3 a componer sus primeras canciones. Su madre abri\u00f3 una peque\u00f1a tienda que no prosper\u00f3, por lo que Jos\u00e9 Alfredo tuvo que contribuir a la econom\u00eda familiar y desempe\u00f1\u00f3 m\u00faltiples oficios, entre ellos, el de camarero; fue adem\u00e1s jugador de f\u00fatbol. Particip\u00f3 en los equipos Oviedo y Marte de la primera divisi\u00f3n de f\u00fatbol mexicano, en la posici\u00f3n de portero, llegando a coincidir como compa\u00f1ero de equipo con Antonio &#8220;La Tota&#8221; Carbajal. M\u00e1s tarde, fue miembro de un grupo llamado &#8220;Los Rebeldes&#8221;.<\/p>\r\n\r\n\r\n\r\n<p style=\"text-align: justify;\">El restaurante donde trabajaba, &#8220;La Sirena&#8221;, era frecuentado por Andr\u00e9s Huesca, quien escuch\u00f3 algunos de los temas del entonces joven cantautor, entre los cuales estaba &#8220;Cuando el destino&#8221; (canci\u00f3n en la que Jos\u00e9 Alfredo ten\u00eda mucha fe) y &#8220;Yo&#8221;; Huesca decide grabar esta \u00faltima inmediatamente y a ra\u00edz de ah\u00ed cant\u00f3 en 1948 por primera vez en la emisora de radio XEX-AM y meses despu\u00e9s en la XEW-AM, en la que se catapult\u00f3 a la fama. Se cas\u00f3 con Paloma G\u00e1lvez con quien tuvo dos hijos, Jos\u00e9 Alfredo y Paloma. Posteriormente, en la relaci\u00f3n que sostuvo con Mary Medel, tuvieron cuatro hijos, Guadalupe, Jos\u00e9 Antonio, Martha y Jos\u00e9 Alfredo.<\/p>\r\n<p style=\"text-align: justify;\"><strong>Date of Birth:<\/strong> January 19, 1926<\/p>\r\n<p style=\"text-align: justify;\"><strong>Date of Death:<\/strong> November 23, 1973<\/p>\r\n<p><strong>Biography<\/strong><\/p>\r\n<p style=\"text-align: justify;\">Son of Agust\u00edn Jim\u00e9nez Albo and Carmen Sandoval, he was born in the city of Dolores Hidalgo, in the Mexican state of Guanajuato, where he spent his first years of life, until shortly after the death of his father in 1936, who owned a pharmacy called &#8220;San Vicente&#8221;. Jos\u00e9 Alfredo had three brothers: Concepci\u00f3n, V\u00edctor and Ignacio.<\/p>\r\n<p style=\"text-align: justify;\">At the age of eleven he arrived in Mexico City where as a teenager he began to compose his first songs. His mother opened a small store that did not prosper, so Jos\u00e9 Alfredo had to contribute to the family economy and held multiple jobs, among them, that of a waiter; He was also a soccer player. He participated in the Oviedo and Marte teams of the first division of Mexican soccer, in the goalkeeper position, coming to coincide as a teammate with Antonio &#8220;La Tota&#8221; Carbajal. Later, he was a member of a group called &#8220;Los Rebeldes&#8221;.<\/p>\r\n<p style=\"text-align: justify;\">The restaurant where he worked, &#8220;La Sirena&#8221;, was frequented by Andr\u00e9s Huesca, who listened to some of the songs by the then young singer-songwriter, among which was &#8220;Cuando el Destino&#8221; (a song in which Jos\u00e9 Alfredo had a lot of faith) and &#8220;Yo &#8220;; Huesca decides to record the latter immediately and as a result he sang in 1948 for the first time on the XEX-AM radio station and months later on XEW-AM, where he catapulted to fame. He married Paloma G\u00e1lvez with whom he had two children, Jos\u00e9 Alfredo and Paloma. Later, in the relationship he had with Mary Medel, they had four children, Guadalupe, Jos\u00e9 Antonio, Martha and Jos\u00e9 Alfredo.<\/p>\r\n\r\n\r\n\r\n<p style=\"text-align: justify;\"><b>Discograf\u00eda<\/b><\/p>\r\n<table width=\"695\">\r\n<tbody>\r\n<tr>\r\n<td style=\"text-align: center;\" width=\"237\"><strong>G\u00e9nero Ranchera Mexicana<\/strong><\/td>\r\n<td style=\"text-align: center;\" width=\"368\"><strong>Escuchar tema<\/strong><\/td>\r\n<td style=\"text-align: center;\" width=\"90\"><strong>A\u00f1o de Publicaci\u00f3n<\/strong><\/td>\r\n<\/tr>\r\n<tr>\r\n<td style=\"text-align: center;\">\u00a0<\/td>\r\n<td style=\"text-align: center;\"><strong>Disco de Oro<\/strong><\/td>\r\n<td style=\"text-align: center;\"><strong>1963<\/strong><\/td>\r\n<\/tr>\r\n<tr>\r\n<td>1<\/td>\r\n<td>Tu Y Los Nubes<\/td>\r\n<td>\u00a0<\/td>\r\n<\/tr>\r\n<tr>\r\n<td>2<\/td>\r\n<td>El Jinete<\/td>\r\n<td>\u00a0<\/td>\r\n<\/tr>\r\n<tr>\r\n<td>3<\/td>\r\n<td>Amor Del Alma<\/td>\r\n<td>\u00a0<\/td>\r\n<\/tr>\r\n<tr>\r\n<td>4<\/td>\r\n<td>Tu Y La Mentira<\/td>\r\n<td>\u00a0<\/td>\r\n<\/tr>\r\n<tr>\r\n<td>5<\/td>\r\n<td>Guitarras De Media Noche<\/td>\r\n<td>\u00a0<\/td>\r\n<\/tr>\r\n<tr>\r\n<td>6<\/td>\r\n<td>Cuatro Caminos<\/td>\r\n<td>\u00a0<\/td>\r\n<\/tr>\r\n<tr>\r\n<td>7<\/td>\r\n<td>Camino De Guanajuato<\/td>\r\n<td>\u00a0<\/td>\r\n<\/tr>\r\n<tr>\r\n<td>8<\/td>\r\n<td>Serenata Hausteca<\/td>\r\n<td>\u00a0<\/td>\r\n<\/tr>\r\n<tr>\r\n<td>9<\/td>\r\n<td>Ella<\/td>\r\n<td>\u00a0<\/td>\r\n<\/tr>\r\n<tr>\r\n<td>10<\/td>\r\n<td>Tu Recuerdo Y Yo<\/td>\r\n<td>\u00a0<\/td>\r\n<\/tr>\r\n<tr>\r\n<td>11<\/td>\r\n<td>Virgencita De Zapopan<\/td>\r\n<td>\u00a0<\/td>\r\n<\/tr>\r\n<tr>\r\n<td>12<\/td>\r\n<td>Cuando El Destino<\/td>\r\n<td>\u00a0<\/td>\r\n<\/tr>\r\n<tr>\r\n<td>\u00a0<\/td>\r\n<td>\u00a0<\/td>\r\n<td>\u00a0<\/td>\r\n<\/tr>\r\n<tr>\r\n<td style=\"text-align: center;\">\u00a0<\/td>\r\n<td style=\"text-align: center;\"><strong>Exitos del Ayer y Ma\u00f1ana<\/strong><\/td>\r\n<td style=\"text-align: center;\"><strong>1965<\/strong><\/td>\r\n<\/tr>\r\n<tr>\r\n<td>1<\/td>\r\n<td>Decl\u00e1rate Inocente<\/td>\r\n<td>\u00a0<\/td>\r\n<\/tr>\r\n<tr>\r\n<td>2<\/td>\r\n<td>Coraz\u00f3n, Coraz\u00f3n<\/td>\r\n<td>\u00a0<\/td>\r\n<\/tr>\r\n<tr>\r\n<td>3<\/td>\r\n<td>De Tanto Amar<\/td>\r\n<td>\u00a0<\/td>\r\n<\/tr>\r\n<tr>\r\n<td>4<\/td>\r\n<td>Una Luna Para Ti<\/td>\r\n<td>\u00a0<\/td>\r\n<\/tr>\r\n<tr>\r\n<td>5<\/td>\r\n<td>Alma de Acero<\/td>\r\n<td>\u00a0<\/td>\r\n<\/tr>\r\n<tr>\r\n<td>6<\/td>\r\n<td>Cuando Llegue El Momento<\/td>\r\n<td>\u00a0<\/td>\r\n<\/tr>\r\n<tr>\r\n<td>7<\/td>\r\n<td>Cuando Sale la Luna<\/td>\r\n<td>\u00a0<\/td>\r\n<\/tr>\r\n<tr>\r\n<td>8<\/td>\r\n<td>Un Pedazo de Luna<\/td>\r\n<td>\u00a0<\/td>\r\n<\/tr>\r\n<tr>\r\n<td>9<\/td>\r\n<td>El Coyote<\/td>\r\n<td>\u00a0<\/td>\r\n<\/tr>\r\n<tr>\r\n<td>10<\/td>\r\n<td>Maldito Abismo<\/td>\r\n<td>\u00a0<\/td>\r\n<\/tr>\r\n<tr>\r\n<td>11<\/td>\r\n<td>Serenata Huasteca<\/td>\r\n<td>\u00a0<\/td>\r\n<\/tr>\r\n<tr>\r\n<td>12<\/td>\r\n<td>Sucedi\u00f3 en la Barranca<\/td>\r\n<td>\u00a0<\/td>\r\n<\/tr>\r\n<tr>\r\n<td style=\"text-align: center;\">\u00a0<\/td>\r\n<td style=\"text-align: center;\">\u00a0<\/td>\r\n<td style=\"text-align: center;\">\u00a0<\/td>\r\n<\/tr>\r\n<tr>\r\n<td style=\"text-align: center;\">\u00a0<\/td>\r\n<td style=\"text-align: center;\"><strong>Mas Exitos de\u00a0<\/strong><\/td>\r\n<td style=\"text-align: center;\"><strong>1972<\/strong><\/td>\r\n<\/tr>\r\n<tr>\r\n<td>1<\/td>\r\n<td>Amor De Pobre<\/td>\r\n<td>\u00a0<\/td>\r\n<\/tr>\r\n<tr>\r\n<td>2<\/td>\r\n<td>Serenata Sin Luna<\/td>\r\n<td>\u00a0<\/td>\r\n<\/tr>\r\n<tr>\r\n<td>3<\/td>\r\n<td>Tu Mala Entra\u00f1a<\/td>\r\n<td>\u00a0<\/td>\r\n<\/tr>\r\n<tr>\r\n<td>4<\/td>\r\n<td>Mi Ranchito<\/td>\r\n<td>\u00a0<\/td>\r\n<\/tr>\r\n<tr>\r\n<td>5<\/td>\r\n<td>Sentimiento Ranchero<\/td>\r\n<td>\u00a0<\/td>\r\n<\/tr>\r\n<tr>\r\n<td>6<\/td>\r\n<td>La Noche De Mi Mal<\/td>\r\n<td>\u00a0<\/td>\r\n<\/tr>\r\n<tr>\r\n<td>7<\/td>\r\n<td>Serenata Huasteca<\/td>\r\n<td>\u00a0<\/td>\r\n<\/tr>\r\n<tr>\r\n<td>8<\/td>\r\n<td>A Punto De Llorar<\/td>\r\n<td>\u00a0<\/td>\r\n<\/tr>\r\n<tr>\r\n<td>9<\/td>\r\n<td>Una Noche De Julio<\/td>\r\n<td>\u00a0<\/td>\r\n<\/tr>\r\n<tr>\r\n<td>10<\/td>\r\n<td>Son Amores<\/td>\r\n<td>\u00a0<\/td>\r\n<\/tr>\r\n<tr>\r\n<td>\u00a0<\/td>\r\n<td>\u00a0<\/td>\r\n<td>\u00a0<\/td>\r\n<\/tr>\r\n<tr>\r\n<td style=\"text-align: center;\">\u00a0<\/td>\r\n<td style=\"text-align: center;\"><strong>Jose Alfredo Jim\u00e9nez<\/strong><\/td>\r\n<td style=\"text-align: center;\"><strong>1976<\/strong><\/td>\r\n<\/tr>\r\n<tr>\r\n<td>1<\/td>\r\n<td>De Tanto Amar<\/td>\r\n<td>\u00a0<\/td>\r\n<\/tr>\r\n<tr>\r\n<td>2<\/td>\r\n<td>Pensando En Ti<\/td>\r\n<td>\u00a0<\/td>\r\n<\/tr>\r\n<tr>\r\n<td>3<\/td>\r\n<td>Cuatro Caminos<\/td>\r\n<td>\u00a0<\/td>\r\n<\/tr>\r\n<tr>\r\n<td>4<\/td>\r\n<td>Mia<\/td>\r\n<td>\u00a0<\/td>\r\n<\/tr>\r\n<tr>\r\n<td>5<\/td>\r\n<td>Pedro El Herrero<\/td>\r\n<td>\u00a0<\/td>\r\n<\/tr>\r\n<tr>\r\n<td>6<\/td>\r\n<td>Un Pedazo De Luna<\/td>\r\n<td>\u00a0<\/td>\r\n<\/tr>\r\n<tr>\r\n<td>7<\/td>\r\n<td>Contigo Aprend\u00ed<\/td>\r\n<td>\u00a0<\/td>\r\n<\/tr>\r\n<tr>\r\n<td>8<\/td>\r\n<td>Yo Se Que Soy Lo Peor<\/td>\r\n<td>\u00a0<\/td>\r\n<\/tr>\r\n<tr>\r\n<td>9<\/td>\r\n<td>Para Cunado Regreses<\/td>\r\n<td>\u00a0<\/td>\r\n<\/tr>\r\n<tr>\r\n<td>10<\/td>\r\n<td>Tu Traje Blanco<\/td>\r\n<td>\u00a0<\/td>\r\n<\/tr>\r\n<tr>\r\n<td>\u00a0<\/td>\r\n<td>\u00a0<\/td>\r\n<td>\u00a0<\/td>\r\n<\/tr>\r\n<\/tbody>\r\n<\/table>\r\n\r\n\r\n\r\n<p><\/p>\r\n<p>&nbsp;<\/p>\r\n<\/figure>\r\n<\/div>\r\n","protected":false},"excerpt":{"rendered":"<p>&nbsp; &nbsp; Fecha de Nacimiento: 19 de Enero de 1926 Fecha de Fallecimiento: 23 de Noviembre de 1973 Biografia Hijo de Agust\u00edn Jim\u00e9nez Albo y de Carmen Sandoval, naci\u00f3 en la ciudad de Dolores Hidalgo, en el estado mexicano de Guanajuato, donde pas\u00f3 sus primeros a\u00f1os de vida, hasta poco despu\u00e9s de la muerte de &hellip;<\/p>\n","protected":false},"author":1,"featured_media":0,"parent":0,"menu_order":0,"comment_status":"open","ping_status":"closed","template":"","meta":{"footnotes":""},"class_list":["post-133","page","type-page","status-publish",""],"jetpack_sharing_enabled":true,"_links":{"self":[{"href":"https:\/\/mickyandoniehn.com\/radio\/wp-json\/wp\/v2\/pages\/133","targetHints":{"allow":["GET"]}}],"collection":[{"href":"https:\/\/mickyandoniehn.com\/radio\/wp-json\/wp\/v2\/pages"}],"about":[{"href":"https:\/\/mickyandoniehn.com\/radio\/wp-json\/wp\/v2\/types\/page"}],"author":[{"embeddable":true,"href":"https:\/\/mickyandoniehn.com\/radio\/wp-json\/wp\/v2\/users\/1"}],"replies":[{"embeddable":true,"href":"https:\/\/mickyandoniehn.com\/radio\/wp-json\/wp\/v2\/comments?post=133"}],"version-history":[{"count":2,"href":"https:\/\/mickyandoniehn.com\/radio\/wp-json\/wp\/v2\/pages\/133\/revisions"}],"predecessor-version":[{"id":29228,"href":"https:\/\/mickyandoniehn.com\/radio\/wp-json\/wp\/v2\/pages\/133\/revisions\/29228"}],"wp:attachment":[{"href":"https:\/\/mickyandoniehn.com\/radio\/wp-json\/wp\/v2\/media?parent=133"}],"curies":[{"name":"wp","href":"https:\/\/api.w.org\/{rel}","templated":true}]}}