{"id":29155,"date":"2022-08-29T08:26:21","date_gmt":"2022-08-29T14:26:21","guid":{"rendered":"https:\/\/mickyandoniehn.com\/radio\/?page_id=29155"},"modified":"2022-09-01T11:40:49","modified_gmt":"2022-09-01T17:40:49","slug":"neneco-norton","status":"publish","type":"page","link":"http:\/\/mickyandoniehn.com\/radio\/neneco-norton\/","title":{"rendered":"Neneco Norton"},"content":{"rendered":"<p style=\"text-align: justify;\"><img loading=\"lazy\" decoding=\"async\" class=\" wp-image-24039 aligncenter\" src=\"http:\/\/mickyandoniehn.com\/radio\/wp-content\/uploads\/2022\/08\/NENECO-NORTON-300x293.jpg\" alt=\"\" width=\"797\" height=\"778\" srcset=\"http:\/\/mickyandoniehn.com\/radio\/wp-content\/uploads\/2022\/08\/NENECO-NORTON-300x293.jpg 300w, http:\/\/mickyandoniehn.com\/radio\/wp-content\/uploads\/2022\/08\/NENECO-NORTON.jpg 507w\" sizes=\"auto, (max-width: 797px) 100vw, 797px\" \/><\/p>\n<p>&nbsp;<\/p>\n<div class=\"cxmmr5t8 oygrvhab hcukyx3x c1et5uql o9v6fnle\" style=\"text-align: justify;\">\n<div dir=\"auto\"><strong>Fecha de Nacimiento:<\/strong> 8 de diciembre de 1923<\/div>\n<p>&nbsp;<\/p>\n<div dir=\"auto\"><\/div>\n<div dir=\"auto\"><strong>Fecha de Fallecimiento:<\/strong> 9 de marzo de 2013<\/div>\n<p>&nbsp;<\/p>\n<div dir=\"auto\"><\/div>\n<\/div>\n<div class=\"cxmmr5t8 oygrvhab hcukyx3x c1et5uql o9v6fnle\" style=\"text-align: justify;\">\n<div dir=\"auto\"><strong>Biograf\u00eda:<\/strong><\/div>\n<p>&nbsp;<\/p>\n<div dir=\"auto\"><\/div>\n<div dir=\"auto\">Neneco se inici\u00f3 musicalmente en la banda del batall\u00f3n Rojas Silva del Salesianito con el uso de la trompeta. Sus lecciones de teor\u00eda y solfeo elemental las tom\u00f3 con Padre Ernesto P\u00e9rez, el recordado y famoso Pa&#8217;i P\u00e9rez. Posteriormente, aprendi\u00f3 teor\u00eda y solfeo superior con el maestro Jos\u00e9 De Jes\u00fas Villalba, para luego seguir cursos de armon\u00eda con el profesor Otakar Platill.<\/div>\n<p>&nbsp;<\/p>\n<div dir=\"auto\"><\/div>\n<\/div>\n<div class=\"cxmmr5t8 oygrvhab hcukyx3x c1et5uql o9v6fnle\" style=\"text-align: justify;\">\n<div dir=\"auto\">Estando en el Batall\u00f3n &#8220;Rojas Silva&#8221;, form\u00f3 un grupo musical integrado por los exploradores salesianos, siendo sus integrantes: como cantante, Luis Osmer Meza, quien posteriormente ser\u00eda el famoso Luis Alberto del Paran\u00e1, Rubito Medina en la guitarra y como clarinetista, Benjam\u00edn Caba\u00f1as.<\/div>\n<p>&nbsp;<\/p>\n<div dir=\"auto\"><\/div>\n<\/div>\n<div class=\"cxmmr5t8 oygrvhab hcukyx3x c1et5uql o9v6fnle\" style=\"text-align: justify;\">\n<div dir=\"auto\">Este m\u00fasico obtiene el t\u00edtulo de profesor superior de la teor\u00eda y solfeo en el conservatorio Jorge B\u00e1ez y, ya inserto en la carrera de la m\u00fasica, forma su propia orquesta &#8220;Los Caballeros del Ritmo&#8221;, notable agrupaci\u00f3n integrada por Rudy Heyn, Chono Duarte, Paco G\u00f3mez, Victorio Ort\u00edz y Nelson Mendoza. Con la banda realiza giras por todo el territorio de la Rep\u00fablica del Paraguay, as\u00ed como por ciudades de la Argentina, Brasil y Uruguay.<\/div>\n<p>&nbsp;<\/p>\n<div dir=\"auto\"><\/div>\n<\/div>\n<div class=\"cxmmr5t8 oygrvhab hcukyx3x c1et5uql o9v6fnle\" style=\"text-align: justify;\">\n<div dir=\"auto\">Neneco Norton es autor de una de las canciones paraguayas m\u00e1s difundidas, &#8220;Paloma blanca&#8221;. La letra dice entre sus l\u00edneas: \u201cAman\u00f3ta de quebranto guyram\u00ed jaula pe gu\u00e1icha, porque ndarek\u00f3i consuelo mi linda paloma blanca\u201d.<\/div>\n<p>&nbsp;<\/p>\n<div dir=\"auto\"><\/div>\n<\/div>\n<div class=\"cxmmr5t8 oygrvhab hcukyx3x c1et5uql o9v6fnle\" style=\"text-align: justify;\">\n<div dir=\"auto\">Este tema ha sido grabado por innumerables int\u00e9rpretes nacionales e internacionales, como Julio Iglesias. Esto significa que Neneco Norton, llamado as\u00ed art\u00edsticamente, ha consolidado su condici\u00f3n de gran creador. Pero a este \u00e9xito se suman numerosas composiciones, que dentro de su larga carrera en la m\u00fasica, han conocido gran difusi\u00f3n y aceptaci\u00f3n.<\/div>\n<p>&nbsp;<\/p>\n<div dir=\"auto\"><\/div>\n<\/div>\n<div class=\"cxmmr5t8 oygrvhab hcukyx3x c1et5uql o9v6fnle\" style=\"text-align: justify;\">\n<div dir=\"auto\">Neneco Norton posee una larga carrera en el campo de la composici\u00f3n, autor\u00eda, direcci\u00f3n orquestal y arreglador.<\/div>\n<p>&nbsp;<\/p>\n<div dir=\"auto\"><\/div>\n<\/div>\n<div class=\"cxmmr5t8 oygrvhab hcukyx3x c1et5uql o9v6fnle\" style=\"text-align: justify;\">\n<div dir=\"auto\"><\/div>\n<\/div>\n<div class=\"cxmmr5t8 oygrvhab hcukyx3x c1et5uql o9v6fnle\" style=\"text-align: justify;\">\n<div dir=\"auto\"><strong>Date of Birth:<\/strong> December 08, 1923<\/div>\n<p>&nbsp;<\/p>\n<div dir=\"auto\"><\/div>\n<div dir=\"auto\"><strong>Date of Death:<\/strong> March 9, 2013<\/div>\n<p>&nbsp;<\/p>\n<div dir=\"auto\"><\/div>\n<\/div>\n<div class=\"cxmmr5t8 oygrvhab hcukyx3x c1et5uql o9v6fnle\" style=\"text-align: justify;\">\n<div dir=\"auto\"><strong>Biography:<\/strong><\/div>\n<p>&nbsp;<\/p>\n<div dir=\"auto\"><\/div>\n<div dir=\"auto\">Neneco began musically in the band of the Rojas Silva del Salesianito battalion with the use of the trumpet. He took his lessons in theory and elementary music theory with Father Ernesto P\u00e9rez, the remembered and famous Pa&#8217;i P\u00e9rez. Later, he learned theory and higher solfeggio with the teacher Jos\u00e9 De Jes\u00fas Villalba, to later follow harmony courses with the teacher Otakar Platill.<\/div>\n<p>&nbsp;<\/p>\n<\/div>\n<div class=\"cxmmr5t8 oygrvhab hcukyx3x c1et5uql o9v6fnle\" style=\"text-align: justify;\">\n<div dir=\"auto\">While in the &#8220;Rojas Silva&#8221; Battalion, he formed a musical group made up of Salesian explorers, its members being: as a singer, Luis Osmer Meza, who would later become the famous Luis Alberto del Paran\u00e1, Rubito Medina on guitar and as a clarinetist, Benjamin Cabins.<\/div>\n<p>&nbsp;<\/p>\n<div dir=\"auto\"><\/div>\n<\/div>\n<div class=\"cxmmr5t8 oygrvhab hcukyx3x c1et5uql o9v6fnle\" style=\"text-align: justify;\">\n<div dir=\"auto\">This musician obtains the title of superior professor of theory and music theory at the Jorge B\u00e1ez Conservatory and, already inserted in the music career, forms his own orchestra &#8220;Los Caballeros del Ritmo&#8221;, a notable group made up of Rudy Heyn, Chono Duarte, Paco G\u00f3mez, Victorio Ort\u00edz and Nelson Mendoza. With the band he tours throughout the territory of the Republic of Paraguay, as well as cities in Argentina, Brazil and Uruguay.<\/div>\n<p>&nbsp;<\/p>\n<div dir=\"auto\"><\/div>\n<\/div>\n<div class=\"cxmmr5t8 oygrvhab hcukyx3x c1et5uql o9v6fnle\" style=\"text-align: justify;\">\n<div dir=\"auto\">Neneco Norton is the author of one of the most popular Paraguayan songs, &#8220;Paloma blanca&#8221;. The lyrics say between its lines: &#8220;Aman\u00f3ta de quebranto guyram\u00ed caula pe gu\u00e1icha, because ndarek\u00f3i consolation my pretty white dove.&#8221;<\/div>\n<p>&nbsp;<\/p>\n<div dir=\"auto\"><\/div>\n<\/div>\n<div class=\"cxmmr5t8 oygrvhab hcukyx3x c1et5uql o9v6fnle\" style=\"text-align: justify;\">\n<div dir=\"auto\">This song has been recorded by countless national and international interpreters, such as Julio Iglesias. This means that Neneco Norton, artistically named, has established his status as a great creator. But to this success are added numerous compositions, which within his long career in music, have known great diffusion and acceptance.<\/div>\n<p>&nbsp;<\/p>\n<div dir=\"auto\"><\/div>\n<\/div>\n<div class=\"cxmmr5t8 oygrvhab hcukyx3x c1et5uql o9v6fnle\" style=\"text-align: justify;\">\n<div dir=\"auto\">Neneco Norton has a long career in the field of composition, authorship, conduction and arranging.<\/div>\n<p>&nbsp;<\/p>\n<div dir=\"auto\"><\/div>\n<\/div>\n<div class=\"cxmmr5t8 oygrvhab hcukyx3x c1et5uql o9v6fnle\" style=\"text-align: justify;\">\n<div dir=\"auto\"><strong>Discography<\/strong><\/div>\n<p>&nbsp;<\/p>\n<div dir=\"auto\"><\/div>\n<\/div>\n<div class=\"cxmmr5t8 oygrvhab hcukyx3x c1et5uql o9v6fnle\" style=\"text-align: justify;\">\n<table width=\"493\">\n<tbody>\n<tr>\n<td style=\"text-align: center;\" width=\"184\"><strong>Temas Folclor y Jazz<\/strong><\/td>\n<td style=\"text-align: center;\" width=\"309\"><strong>Escuchar tema<\/strong><\/td>\n<\/tr>\n<tr>\n<td style=\"text-align: center;\"><\/td>\n<td style=\"text-align: center;\"><strong>Serenata a mi Asunci\u00f3n<\/strong><\/td>\n<\/tr>\n<tr>\n<td>1<\/td>\n<td>Serenata A Mi Asunci\u00f3n, Polca<\/td>\n<\/tr>\n<tr>\n<td>2<\/td>\n<td>Villeta, Polca<\/td>\n<\/tr>\n<tr>\n<td>3<\/td>\n<td>Aquel Ayer, Guarania<\/td>\n<\/tr>\n<tr>\n<td>4<\/td>\n<td>Busc\u00e1ndote, Polca<\/td>\n<\/tr>\n<tr>\n<td>5<\/td>\n<td>Nde Rejhe-Y (Sin Ti), Polca<\/td>\n<\/tr>\n<tr>\n<td>6<\/td>\n<td>Quisiera Decirte, Guarania<\/td>\n<\/tr>\n<tr>\n<td>7<\/td>\n<td>Mi Chaque\u00f1ita, Polca<\/td>\n<\/tr>\n<tr>\n<td>8<\/td>\n<td>Nunca Es Muy Tarde, Polca<\/td>\n<\/tr>\n<tr>\n<td>9<\/td>\n<td>Perdida Ilusion, Guarania<\/td>\n<\/tr>\n<tr>\n<td>10<\/td>\n<td>Paloma Blanca, Polca<\/td>\n<\/tr>\n<tr>\n<td>11<\/td>\n<td>Al Partir, Polca<\/td>\n<\/tr>\n<tr>\n<td>12<\/td>\n<td>Flor Sanjuanina, Polca<\/td>\n<\/tr>\n<tr>\n<td><\/td>\n<td><\/td>\n<\/tr>\n<\/tbody>\n<\/table>\n<p>&nbsp;<\/p>\n<\/div>\n<div class=\"cxmmr5t8 oygrvhab hcukyx3x c1et5uql o9v6fnle\" style=\"text-align: justify;\">\n<div dir=\"auto\">Cr\u00e9ditos tomados de Wikipedia:<\/div>\n<div dir=\"auto\"><a class=\"oajrlxb2 g5ia77u1 qu0x051f esr5mh6w e9989ue4 r7d6kgcz rq0escxv nhd2j8a9 nc684nl6 p7hjln8o kvgmc6g5 cxmmr5t8 oygrvhab hcukyx3x jb3vyjys rz4wbd8a qt6c0cv9 a8nywdso i1ao9s8h esuyzwwr f1sip0of lzcic4wl gpro0wi8 py34i1dx\" tabindex=\"0\" role=\"link\" href=\"https:\/\/es.wikipedia.org\/wiki\/Neneco_Norton?fbclid=IwAR2bR1I2ri2u3xAC-bGPXioCP5btq0H7KsLwtvYdEW8iQfga2ZW7ICxEw9k\" target=\"_blank\" rel=\"nofollow noopener\">https:\/\/es.wikipedia.org\/wiki\/Neneco_Norton<\/a><\/div>\n<div dir=\"auto\"><\/div>\n<\/div>\n<div class=\"epyt-video-wrapper\"><iframe loading=\"lazy\"  id=\"_ytid_60508\"  width=\"618\" height=\"347\"  data-origwidth=\"618\" data-origheight=\"347\" src=\"https:\/\/www.youtube.com\/embed\/r_BCOeRYZFk?enablejsapi=1&#038;autoplay=0&#038;cc_load_policy=0&#038;cc_lang_pref=&#038;iv_load_policy=1&#038;loop=0&#038;modestbranding=0&#038;rel=1&#038;fs=1&#038;playsinline=0&#038;autohide=2&#038;theme=dark&#038;color=red&#038;controls=1&#038;\" class=\"__youtube_prefs__  epyt-is-override  no-lazyload\" title=\"YouTube player\"  allow=\"fullscreen; accelerometer; autoplay; clipboard-write; encrypted-media; gyroscope; picture-in-picture\" allowfullscreen data-no-lazy=\"1\" data-skipgform_ajax_framebjll=\"\"><\/iframe><\/div>\n","protected":false},"excerpt":{"rendered":"<p>&nbsp; Fecha de Nacimiento: 8 de diciembre de 1923 &nbsp; Fecha de Fallecimiento: 9 de marzo de 2013 &nbsp; Biograf\u00eda: &nbsp; Neneco se inici\u00f3 musicalmente en la banda del batall\u00f3n Rojas Silva del Salesianito con el uso de la trompeta. Sus lecciones de teor\u00eda y solfeo elemental las tom\u00f3 con Padre Ernesto P\u00e9rez, el recordado &hellip;<\/p>\n","protected":false},"author":1,"featured_media":0,"parent":0,"menu_order":0,"comment_status":"closed","ping_status":"closed","template":"","meta":{"footnotes":""},"class_list":["post-29155","page","type-page","status-publish",""],"jetpack_sharing_enabled":true,"_links":{"self":[{"href":"http:\/\/mickyandoniehn.com\/radio\/wp-json\/wp\/v2\/pages\/29155","targetHints":{"allow":["GET"]}}],"collection":[{"href":"http:\/\/mickyandoniehn.com\/radio\/wp-json\/wp\/v2\/pages"}],"about":[{"href":"http:\/\/mickyandoniehn.com\/radio\/wp-json\/wp\/v2\/types\/page"}],"author":[{"embeddable":true,"href":"http:\/\/mickyandoniehn.com\/radio\/wp-json\/wp\/v2\/users\/1"}],"replies":[{"embeddable":true,"href":"http:\/\/mickyandoniehn.com\/radio\/wp-json\/wp\/v2\/comments?post=29155"}],"version-history":[{"count":3,"href":"http:\/\/mickyandoniehn.com\/radio\/wp-json\/wp\/v2\/pages\/29155\/revisions"}],"predecessor-version":[{"id":30430,"href":"http:\/\/mickyandoniehn.com\/radio\/wp-json\/wp\/v2\/pages\/29155\/revisions\/30430"}],"wp:attachment":[{"href":"http:\/\/mickyandoniehn.com\/radio\/wp-json\/wp\/v2\/media?parent=29155"}],"curies":[{"name":"wp","href":"https:\/\/api.w.org\/{rel}","templated":true}]}}