{"id":28863,"date":"2022-08-26T12:29:02","date_gmt":"2022-08-26T18:29:02","guid":{"rendered":"https:\/\/mickyandoniehn.com\/radio\/?page_id=28863"},"modified":"2022-09-01T11:27:53","modified_gmt":"2022-09-01T17:27:53","slug":"lyle-lovett","status":"publish","type":"page","link":"http:\/\/mickyandoniehn.com\/radio\/lyle-lovett\/","title":{"rendered":"Lyle Lovett"},"content":{"rendered":"<p style=\"text-align: justify;\"><img loading=\"lazy\" decoding=\"async\" class=\" wp-image-23724 aligncenter\" src=\"http:\/\/mickyandoniehn.com\/radio\/wp-content\/uploads\/2022\/07\/Lyle-Lovett-200x300.jpg\" alt=\"\" width=\"456\" height=\"683\" \/><\/p>\n<p>&nbsp;<\/p>\n<div class=\"cxmmr5t8 oygrvhab hcukyx3x c1et5uql o9v6fnle ii04i59q\" style=\"text-align: justify;\">\n<div dir=\"auto\"><strong>Fecha de Nacimiento:<\/strong>\u00a01 de noviembre de 1957<\/div>\n<p>&nbsp;<\/p>\n<\/div>\n<div dir=\"auto\"><\/div>\n<div dir=\"auto\"><strong>Biografia<\/strong><\/div>\n<p>&nbsp;<\/p>\n<div class=\"cxmmr5t8 oygrvhab hcukyx3x c1et5uql o9v6fnle ii04i59q\" style=\"text-align: justify;\">\n<div dir=\"auto\"><\/div>\n<\/div>\n<div class=\"cxmmr5t8 oygrvhab hcukyx3x c1et5uql o9v6fnle ii04i59q\" style=\"text-align: justify;\">\n<div dir=\"auto\">Biograf\u00eda: es un actor y m\u00fasico de country estadounidense. Nacido y criado en Texas, comenz\u00f3 a trabajar como cantante en la d\u00e9cada de los ochenta, despu\u00e9s de haber estudiado periodismo. En 1986 firm\u00f3 con RCA Records y publica un \u00e1lbum debut con su nombre de t\u00edtulo.<\/div>\n<p>&nbsp;<\/p>\n<div dir=\"auto\"><\/div>\n<\/div>\n<div class=\"cxmmr5t8 oygrvhab hcukyx3x c1et5uql o9v6fnle ii04i59q\" style=\"text-align: justify;\">\n<div dir=\"auto\">En el curso de su carrera, ha ganado cuatro Premios Grammy: Mejor \u00e1lbum country, en 1997, por El Camino a Ensenada; Mejor interpretaci\u00f3n vocal country de un grupo o d\u00fao en 1994 por The Blues for Dixie con Asleep at the Wheel; Mejor colaboraci\u00f3n vocal en 1994 para Funny How Time Slips Away con Al Green; y Mejor interpretaci\u00f3n vocal country en 1989.<\/div>\n<p>&nbsp;<\/p>\n<div dir=\"auto\"><\/div>\n<\/div>\n<div class=\"cxmmr5t8 oygrvhab hcukyx3x c1et5uql o9v6fnle ii04i59q\" style=\"text-align: justify;\">\n<div dir=\"auto\">Como actor ha participado en numerosas pel\u00edculas, a menudo trabajando con el director Robert Altman (The Player, Short Cuts, Pr\u00eat-\u00e0-Porter, Cookie&#8217;s Fortune y como m\u00fasico en el El Dr. T y las mujeres). En 1996 particip\u00f3 en la banda sonora de Toy Story.<\/div>\n<p>&nbsp;<\/p>\n<div dir=\"auto\"><\/div>\n<\/div>\n<div class=\"cxmmr5t8 oygrvhab hcukyx3x c1et5uql o9v6fnle ii04i59q\" style=\"text-align: justify;\">\n<div dir=\"auto\">Para la televisi\u00f3n se interpret\u00f3 a s\u00ed mismo en el episodio 15 de la tercera temporada de la sit-com Dharma y Greg.<\/div>\n<p>&nbsp;<\/p>\n<\/div>\n<div dir=\"auto\" style=\"text-align: justify;\"><\/div>\n<div dir=\"auto\" style=\"text-align: justify;\"><\/div>\n<div dir=\"auto\" style=\"text-align: justify;\"><strong>Date of Birth<\/strong>\u00a0November 1, 1957<\/div>\n<p>&nbsp;<\/p>\n<div dir=\"auto\"><\/div>\n<div dir=\"auto\"><\/div>\n<div dir=\"auto\" style=\"text-align: justify;\"><strong>Biography<\/strong><\/div>\n<p>&nbsp;<\/p>\n<div dir=\"auto\"><\/div>\n<div dir=\"auto\" style=\"text-align: justify;\">He is an American country actor and musician. Born and raised in Texas, he began working as a singer in the 1980s after studying journalism. In 1986 he signed with RCA Records and released a debut album under his title name.<\/div>\n<p>&nbsp;<\/p>\n<div dir=\"auto\" style=\"text-align: justify;\">Over the course of his career, he has won four Grammy Awards: Best Country Album, in 1997, for El Camino a Ensenada; Best Country Vocal Performance by a Group or Duo in 1994 for The Blues for Dixie featuring Asleep at the Wheel; Best Vocal Collaboration in 1994 for Funny How Time Slips Away with Al Green; and Best Country Vocal Performance in 1989.<\/div>\n<p>&nbsp;<\/p>\n<div dir=\"auto\" style=\"text-align: justify;\">As an actor he has participated in numerous films, often working with director Robert Altman (The Player, Short Cuts, Pr\u00eat-\u00e0-Porter, Cookie&#8217;s Fortune and as a musician in Dr. T and the Women). In 1996 he participated in the soundtrack of Toy Story.<\/div>\n<p>&nbsp;<\/p>\n<div dir=\"auto\" style=\"text-align: justify;\">For television he played himself in the 15th episode of the third season of the sit-com Dharma and Greg.<\/div>\n<p>&nbsp;<\/p>\n<div dir=\"auto\"><\/div>\n<div dir=\"auto\">\n<p><strong>Discograf\u00eda<\/strong><\/p>\n<table width=\"440\">\n<tbody>\n<tr>\n<td style=\"text-align: center;\" width=\"99\"><strong>G\u00e9nero Country<\/strong><\/td>\n<td style=\"text-align: center;\" width=\"244\"><strong>Escuchar Tema<\/strong><\/td>\n<td style=\"text-align: center;\" width=\"97\"><strong>A\u00f1o de Publicaci\u00f3n<\/strong><\/td>\n<\/tr>\n<tr>\n<td style=\"text-align: center;\"><\/td>\n<td style=\"text-align: center;\"><strong>\u00c1lbumes de estudio<\/strong><\/td>\n<td style=\"text-align: center;\"><\/td>\n<\/tr>\n<tr>\n<td><\/td>\n<td><\/td>\n<td><\/td>\n<\/tr>\n<tr>\n<td>1<\/td>\n<td>Lyle Lovett<\/td>\n<td>1986<\/td>\n<\/tr>\n<tr>\n<td>2<\/td>\n<td>Pontiac<\/td>\n<td>1988<\/td>\n<\/tr>\n<tr>\n<td>3<\/td>\n<td>Lyle Lovett and His Large Band<\/td>\n<td>1989<\/td>\n<\/tr>\n<tr>\n<td>4<\/td>\n<td>Joshua Judges Ruth<\/td>\n<td>1992<\/td>\n<\/tr>\n<tr>\n<td>5<\/td>\n<td>I Love Everybody<\/td>\n<td>1994<\/td>\n<\/tr>\n<tr>\n<td>6<\/td>\n<td>The Road to Ensenada<\/td>\n<td>1996<\/td>\n<\/tr>\n<tr>\n<td>7<\/td>\n<td>Step Inside This House<\/td>\n<td>1998<\/td>\n<\/tr>\n<tr>\n<td>8<\/td>\n<td>My Baby Don&#8217;t Tolerate<\/td>\n<td>2003<\/td>\n<\/tr>\n<tr>\n<td>9<\/td>\n<td>It&#8217;s Not Big It&#8217;s Large<\/td>\n<td>2007<\/td>\n<\/tr>\n<tr>\n<td>10<\/td>\n<td>Natural Forces<\/td>\n<td>2009<\/td>\n<\/tr>\n<tr>\n<td>11<\/td>\n<td>Release Me<\/td>\n<td>2012<\/td>\n<\/tr>\n<tr>\n<td><\/td>\n<td><\/td>\n<td><\/td>\n<\/tr>\n<\/tbody>\n<\/table>\n<p>&nbsp;<\/p>\n<\/div>\n<div class=\"epyt-video-wrapper\"><iframe loading=\"lazy\"  id=\"_ytid_50684\"  width=\"618\" height=\"347\"  data-origwidth=\"618\" data-origheight=\"347\" src=\"https:\/\/www.youtube.com\/embed\/kR8LRt_EKzc?enablejsapi=1&#038;autoplay=0&#038;cc_load_policy=0&#038;cc_lang_pref=&#038;iv_load_policy=1&#038;loop=0&#038;modestbranding=0&#038;rel=1&#038;fs=1&#038;playsinline=0&#038;autohide=2&#038;theme=dark&#038;color=red&#038;controls=1&#038;\" class=\"__youtube_prefs__  epyt-is-override  no-lazyload\" title=\"YouTube player\"  allow=\"fullscreen; accelerometer; autoplay; clipboard-write; encrypted-media; gyroscope; picture-in-picture\" allowfullscreen data-no-lazy=\"1\" data-skipgform_ajax_framebjll=\"\"><\/iframe><\/div>\n","protected":false},"excerpt":{"rendered":"<p>&nbsp; Fecha de Nacimiento:\u00a01 de noviembre de 1957 &nbsp; Biografia &nbsp; Biograf\u00eda: es un actor y m\u00fasico de country estadounidense. Nacido y criado en Texas, comenz\u00f3 a trabajar como cantante en la d\u00e9cada de los ochenta, despu\u00e9s de haber estudiado periodismo. En 1986 firm\u00f3 con RCA Records y publica un \u00e1lbum debut con su nombre &hellip;<\/p>\n","protected":false},"author":1,"featured_media":0,"parent":0,"menu_order":0,"comment_status":"closed","ping_status":"closed","template":"","meta":{"footnotes":""},"class_list":["post-28863","page","type-page","status-publish",""],"jetpack_sharing_enabled":true,"_links":{"self":[{"href":"http:\/\/mickyandoniehn.com\/radio\/wp-json\/wp\/v2\/pages\/28863","targetHints":{"allow":["GET"]}}],"collection":[{"href":"http:\/\/mickyandoniehn.com\/radio\/wp-json\/wp\/v2\/pages"}],"about":[{"href":"http:\/\/mickyandoniehn.com\/radio\/wp-json\/wp\/v2\/types\/page"}],"author":[{"embeddable":true,"href":"http:\/\/mickyandoniehn.com\/radio\/wp-json\/wp\/v2\/users\/1"}],"replies":[{"embeddable":true,"href":"http:\/\/mickyandoniehn.com\/radio\/wp-json\/wp\/v2\/comments?post=28863"}],"version-history":[{"count":3,"href":"http:\/\/mickyandoniehn.com\/radio\/wp-json\/wp\/v2\/pages\/28863\/revisions"}],"predecessor-version":[{"id":30384,"href":"http:\/\/mickyandoniehn.com\/radio\/wp-json\/wp\/v2\/pages\/28863\/revisions\/30384"}],"wp:attachment":[{"href":"http:\/\/mickyandoniehn.com\/radio\/wp-json\/wp\/v2\/media?parent=28863"}],"curies":[{"name":"wp","href":"https:\/\/api.w.org\/{rel}","templated":true}]}}