{"id":28811,"date":"2022-08-26T12:11:22","date_gmt":"2022-08-26T18:11:22","guid":{"rendered":"https:\/\/mickyandoniehn.com\/radio\/?page_id=28811"},"modified":"2022-09-01T09:20:07","modified_gmt":"2022-09-01T15:20:07","slug":"cecilia","status":"publish","type":"page","link":"http:\/\/mickyandoniehn.com\/radio\/cecilia\/","title":{"rendered":"Cecilia"},"content":{"rendered":"<p>&nbsp;<\/p>\n<p><img loading=\"lazy\" decoding=\"async\" class=\" wp-image-23641 aligncenter\" src=\"http:\/\/mickyandoniehn.com\/radio\/wp-content\/uploads\/2022\/07\/Cecilia-Cantautora-300x169.jpg\" alt=\"\" width=\"774\" height=\"436\" srcset=\"http:\/\/mickyandoniehn.com\/radio\/wp-content\/uploads\/2022\/07\/Cecilia-Cantautora-300x169.jpg 300w, http:\/\/mickyandoniehn.com\/radio\/wp-content\/uploads\/2022\/07\/Cecilia-Cantautora.jpg 724w\" sizes=\"auto, (max-width: 774px) 100vw, 774px\" \/><\/p>\n<p><strong>Fecha de Nacimiento: <\/strong>11 de octubre de 1948 (Madrid Espa\u00f1a)<\/p>\n<p><strong>Fecha de Fallecimiento: <\/strong>02 de agosto de 1976 (27 a\u00f1os)<\/p>\n<p><strong>Biografia\u00a0<\/strong><\/p>\n<p>Evangelina Sobredo Galanes, m\u00e1s conocida como Cecilia (Madrid, 11 de octubre de 1948-Colinas de Trasmonte, 2 de agosto de 1976), fue una cantautora espa\u00f1ola de m\u00fasica popular.<\/p>\n<p>Su carrera art\u00edstica fue corta, pero consigui\u00f3 gran popularidad con canciones como \u00abUn ramito de violetas\u00bb, \u00abMi querida Espa\u00f1a\u00bb, \u00abDama, dama\u00bb o \u00abAmor de medianoche\u00bb, que lograron ser un \u00e9xito en Espa\u00f1a en la d\u00e9cada de los setenta.<\/p>\n<p>Falleci\u00f3 en un accidente automovil\u00edstico a los 27 a\u00f1os, cuando estaba en la cima de su \u00e9xito. Evangelina Sobredo Galanes naci\u00f3 en El Pardo el 11 de octubre de 1948. Como una de los ocho hijos del militar y diplom\u00e1tico espa\u00f1ol Jos\u00e9 Ram\u00f3n Sobredo y Rioboo (1909-1990) y Mar\u00eda Dolores Galanes Saavedra (4 de octubre de 1917-1 de febrero de 2013), tuvo una infancia itinerante (Reino Unido, EE. UU., Portugal, Argel, Jordania) y una educaci\u00f3n cosmopolita: aprendi\u00f3 a hablar en ingl\u00e9s al mismo tiempo que en espa\u00f1ol. Por eso sus primeras letras como cantautora fueron en estos dos idiomas por igual, aunque finalmente se decant\u00f3 por el espa\u00f1ol.<\/p>\n<p>Se educ\u00f3 con una monja estadounidense que la anim\u00f3 a tocar la guitarra y a cantar en fiestas de fin de curso. De regreso a Espa\u00f1a, comenz\u00f3 y abandon\u00f3 los estudios de Derecho, porque decidi\u00f3 dedicarse por completo a la m\u00fasica y a componer sus propias letras con una calidad po\u00e9tica y literaria por encima de lo habitual en su tiempo. Su l\u00edrica est\u00e1 vinculada al Existencialismo y a la canci\u00f3n de protesta feminista.1\u200b Mantuvo una relaci\u00f3n sentimental con el tambi\u00e9n m\u00fasico Luis G\u00f3mez-Escolar, con quien colabor\u00f3 en algunos trabajos.<\/p>\n<p><strong>Date of Birth:<\/strong> October 11, 1948 (Madrid Spain)<\/p>\n<p><strong>Date of Death:<\/strong> August 02, 1976 (27 years old)<\/p>\n<p><strong>Biography<\/strong><\/p>\n<p>Evangelina Sobredo Galanes, better known as Cecilia (Madrid, October 11, 1948-Colinas de Trasmonte, August 2, 1976), was a Spanish singer-songwriter of popular music.<br \/>\nHis artistic career was short, but he achieved great popularity with songs such as &#8220;Un ramito devioletas&#8221;, &#8220;Mi querida Espa\u00f1a&#8221;, &#8220;Dama, dama&#8221; or &#8220;Amor de midnight&#8221;, which managed to be a success in Spain in the decade of the seventy.<\/p>\n<p>He died in a car accident at the age of 27, when he was at the height of his success. Evangelina Sobredo Galanes was born in El Pardo on October 11, 1948. As one of the eight children of the Spanish soldier and diplomat Jos\u00e9 Ram\u00f3n Sobredo y Rioboo (1909-1990) and Mar\u00eda Dolores Galanes Saavedra (October 4, 1917-February 1 2013), he had an itinerant childhood (UK, USA, Portugal, Algiers, Jordan) and a cosmopolitan upbringing: he learned to speak English at the same time as Spanish. That is why her first lyrics as a singer-songwriter were in these two languages \u200b\u200bequally, although she finally opted for Spanish.<\/p>\n<p>She was educated by an American nun who encouraged her to play the guitar and sing at graduation parties. Back in Spain, he began and abandoned law studies, because he decided to dedicate himself entirely to music and to compose his own lyrics with a poetic and literary quality above what was usual in his time. Her lyrics are linked to Existentialism and feminist protest songs.1 She had a romantic relationship with fellow musician Luis G\u00f3mez-Escolar, with whom she collaborated on some works.<\/p>\n<p><strong>Discograf\u00eda<\/strong><\/p>\n<table width=\"840\">\n<tbody>\n<tr>\n<td style=\"text-align: center;\" width=\"248\"><strong>G\u00e9nero Polk, World and Country<\/strong><\/td>\n<td style=\"text-align: center;\" width=\"423\"><strong>Escuchar tema<\/strong><\/td>\n<td style=\"text-align: center;\" width=\"169\"><strong>A\u00f1o<\/strong><\/td>\n<\/tr>\n<tr>\n<td style=\"text-align: center;\"><\/td>\n<td style=\"text-align: center;\"><strong>Cecilia<\/strong><\/td>\n<td style=\"text-align: center;\"><strong>1972<\/strong><\/td>\n<\/tr>\n<tr>\n<td>1<\/td>\n<td>Fui<\/td>\n<td><\/td>\n<\/tr>\n<tr>\n<td>2<\/td>\n<td>Dama Dama<\/td>\n<td><\/td>\n<\/tr>\n<tr>\n<td>3<\/td>\n<td>Se\u00f1or Y Due\u00f1o<\/td>\n<td><\/td>\n<\/tr>\n<tr>\n<td>4<\/td>\n<td>Mi Gata<\/td>\n<td><\/td>\n<\/tr>\n<tr>\n<td>5<\/td>\n<td>Llora<\/td>\n<td><\/td>\n<\/tr>\n<tr>\n<td>6<\/td>\n<td>Portraits And Pictures<\/td>\n<td><\/td>\n<\/tr>\n<tr>\n<td>7<\/td>\n<td>Al Son Del Clar\u00edn<\/td>\n<td><\/td>\n<\/tr>\n<tr>\n<td>8<\/td>\n<td>Canci\u00f3n De Desamor<\/td>\n<td><\/td>\n<\/tr>\n<tr>\n<td>9<\/td>\n<td>Fauna<\/td>\n<td><\/td>\n<\/tr>\n<tr>\n<td>10<\/td>\n<td>Mama Don&#8217;t Cry<\/td>\n<td><\/td>\n<\/tr>\n<tr>\n<td>11<\/td>\n<td>Nada De Nada<\/td>\n<td><\/td>\n<\/tr>\n<tr>\n<td>12<\/td>\n<td>Lost Little Thing (De &#8220;Dear Prudence&#8221;)<\/td>\n<td><\/td>\n<\/tr>\n<tr>\n<td><\/td>\n<td><\/td>\n<td><\/td>\n<\/tr>\n<tr>\n<td style=\"text-align: center;\"><\/td>\n<td style=\"text-align: center;\"><strong>Cecilia 2<\/strong><\/td>\n<td style=\"text-align: center;\"><strong>1973<\/strong><\/td>\n<\/tr>\n<tr>\n<td>1<\/td>\n<td>Andar<\/td>\n<td><\/td>\n<\/tr>\n<tr>\n<td>2<\/td>\n<td>Me Quedar\u00e9 Soltera<\/td>\n<td><\/td>\n<\/tr>\n<tr>\n<td>3<\/td>\n<td>Si No Fuera Porque&#8230;<\/td>\n<td><\/td>\n<\/tr>\n<tr>\n<td>4<\/td>\n<td>Con Los Ojos En Paz<\/td>\n<td><\/td>\n<\/tr>\n<tr>\n<td>5<\/td>\n<td>Canci\u00f3n De Amor<\/td>\n<td><\/td>\n<\/tr>\n<tr>\n<td>6<\/td>\n<td>Un Mill\u00f3n De Sue\u00f1os<\/td>\n<td><\/td>\n<\/tr>\n<tr>\n<td>7<\/td>\n<td>Cuando Yo Era Peque\u00f1a<\/td>\n<td><\/td>\n<\/tr>\n<tr>\n<td>8<\/td>\n<td>Mi Ciudad<\/td>\n<td><\/td>\n<\/tr>\n<tr>\n<td>9<\/td>\n<td>Me Ir\u00e9 De Aqu\u00ed<\/td>\n<td><\/td>\n<\/tr>\n<tr>\n<td>10<\/td>\n<td>Equilibrista<\/td>\n<td><\/td>\n<\/tr>\n<tr>\n<td><\/td>\n<td><\/td>\n<td><\/td>\n<\/tr>\n<tr>\n<td style=\"text-align: center;\"><\/td>\n<td style=\"text-align: center;\"><strong>Un Ramito de Violetas<\/strong><\/td>\n<td style=\"text-align: center;\"><strong>1975<\/strong><\/td>\n<\/tr>\n<tr>\n<td><\/td>\n<td><\/td>\n<td><\/td>\n<\/tr>\n<tr>\n<td>1<\/td>\n<td>Decir Adios<\/td>\n<td><\/td>\n<\/tr>\n<tr>\n<td>2<\/td>\n<td>Sevilla<\/td>\n<td><\/td>\n<\/tr>\n<tr>\n<td>3<\/td>\n<td>La Primera Comuni\u00f3n<\/td>\n<td><\/td>\n<\/tr>\n<tr>\n<td>4<\/td>\n<td>Nuestro Cuarto<\/td>\n<td><\/td>\n<\/tr>\n<tr>\n<td>5<\/td>\n<td>Esta Tierra<\/td>\n<td><\/td>\n<\/tr>\n<tr>\n<td>6<\/td>\n<td>Mi Pobre Piano<\/td>\n<td><\/td>\n<\/tr>\n<tr>\n<td>7<\/td>\n<td>Un Ramito De Violetas<\/td>\n<td><\/td>\n<\/tr>\n<tr>\n<td>8<\/td>\n<td>Don Roque<\/td>\n<td><\/td>\n<\/tr>\n<tr>\n<td>9<\/td>\n<td>Tu Retrato<\/td>\n<td><\/td>\n<\/tr>\n<tr>\n<td><\/td>\n<td><\/td>\n<td><\/td>\n<\/tr>\n<\/tbody>\n<\/table>\n<p>&nbsp;<\/p>\n","protected":false},"excerpt":{"rendered":"<p>&nbsp; Fecha de Nacimiento: 11 de octubre de 1948 (Madrid Espa\u00f1a) Fecha de Fallecimiento: 02 de agosto de 1976 (27 a\u00f1os) Biografia\u00a0 Evangelina Sobredo Galanes, m\u00e1s conocida como Cecilia (Madrid, 11 de octubre de 1948-Colinas de Trasmonte, 2 de agosto de 1976), fue una cantautora espa\u00f1ola de m\u00fasica popular. Su carrera art\u00edstica fue corta, pero &hellip;<\/p>\n","protected":false},"author":1,"featured_media":0,"parent":0,"menu_order":0,"comment_status":"closed","ping_status":"closed","template":"","meta":{"footnotes":""},"class_list":["post-28811","page","type-page","status-publish",""],"jetpack_sharing_enabled":true,"_links":{"self":[{"href":"http:\/\/mickyandoniehn.com\/radio\/wp-json\/wp\/v2\/pages\/28811","targetHints":{"allow":["GET"]}}],"collection":[{"href":"http:\/\/mickyandoniehn.com\/radio\/wp-json\/wp\/v2\/pages"}],"about":[{"href":"http:\/\/mickyandoniehn.com\/radio\/wp-json\/wp\/v2\/types\/page"}],"author":[{"embeddable":true,"href":"http:\/\/mickyandoniehn.com\/radio\/wp-json\/wp\/v2\/users\/1"}],"replies":[{"embeddable":true,"href":"http:\/\/mickyandoniehn.com\/radio\/wp-json\/wp\/v2\/comments?post=28811"}],"version-history":[{"count":2,"href":"http:\/\/mickyandoniehn.com\/radio\/wp-json\/wp\/v2\/pages\/28811\/revisions"}],"predecessor-version":[{"id":30149,"href":"http:\/\/mickyandoniehn.com\/radio\/wp-json\/wp\/v2\/pages\/28811\/revisions\/30149"}],"wp:attachment":[{"href":"http:\/\/mickyandoniehn.com\/radio\/wp-json\/wp\/v2\/media?parent=28811"}],"curies":[{"name":"wp","href":"https:\/\/api.w.org\/{rel}","templated":true}]}}