{"id":28786,"date":"2022-08-26T12:03:38","date_gmt":"2022-08-26T18:03:38","guid":{"rendered":"https:\/\/mickyandoniehn.com\/radio\/?page_id=28786"},"modified":"2022-09-01T11:24:24","modified_gmt":"2022-09-01T17:24:24","slug":"luis-gerardo-tovar","status":"publish","type":"page","link":"http:\/\/mickyandoniehn.com\/radio\/luis-gerardo-tovar\/","title":{"rendered":"Luis Gerardo Tovar"},"content":{"rendered":"<p style=\"text-align: justify;\"><img loading=\"lazy\" decoding=\"async\" class=\" wp-image-23492 aligncenter\" src=\"http:\/\/mickyandoniehn.com\/radio\/wp-content\/uploads\/2022\/07\/Luis-Gerardo-Tovar.jpg\" alt=\"\" width=\"618\" height=\"618\" srcset=\"http:\/\/mickyandoniehn.com\/radio\/wp-content\/uploads\/2022\/07\/Luis-Gerardo-Tovar.jpg 200w, http:\/\/mickyandoniehn.com\/radio\/wp-content\/uploads\/2022\/07\/Luis-Gerardo-Tovar-150x150.jpg 150w\" sizes=\"auto, (max-width: 618px) 100vw, 618px\" \/><\/p>\n<p>&nbsp;<\/p>\n<div class=\"cxmmr5t8 oygrvhab hcukyx3x c1et5uql o9v6fnle\" style=\"text-align: justify;\">\n<div dir=\"auto\"><strong>Fecha de Nacimiento:<\/strong> 04 de octubre de 1932<\/div>\n<p>&nbsp;<\/p>\n<div dir=\"auto\"><\/div>\n<div dir=\"auto\"><strong>Fecha de Fallecimiento:<\/strong> 25 de octubre de 1991 (59 a\u00f1os)<\/div>\n<p>&nbsp;<\/p>\n<div dir=\"auto\"><\/div>\n<\/div>\n<div class=\"cxmmr5t8 oygrvhab hcukyx3x c1et5uql o9v6fnle\" style=\"text-align: justify;\">\n<div dir=\"auto\"><strong>Biograf\u00eda:<\/strong><\/div>\n<p>&nbsp;<\/p>\n<div dir=\"auto\"><\/div>\n<div dir=\"auto\">Luis Gerardo Tovar se inici\u00f3 en el mundo art\u00edstico al estudiar Teatro en el Liceo Ferm\u00edn Toro de Caracas junto a Rom\u00e1n Chalbaud y bajo la tutela de Alberto de Paz y Mateos. Posteriormente se march\u00f3 a Par\u00eds a estudiar Teatro con el dramaturgo rumano Eugene Ionesco y trabaj\u00f3 durante un a\u00f1o como escritor y locutor para Am\u00e9rica Latina en la BBC de Londres, adem\u00e1s que tambi\u00e9n trabaj\u00f3 en otras radioemisoras europeas como Radio Francia Internacional, Deutsche Welle, RAI y la Radio Nacional de Espa\u00f1a.2 Tras innumerables reconocimientos, Tovar tambi\u00e9n particip\u00f3 como actor en varias telenovelas del canal Venevisi\u00f3n (entre ellas La loba y Daniela) y en las pel\u00edculas Ca\u00edn adolescente de Rom\u00e1n Chalbaud y Le Sauvage, al lado de Catherine Deneuve e Yves Montand.<\/div>\n<p>&nbsp;<\/p>\n<div dir=\"auto\"><\/div>\n<\/div>\n<div class=\"cxmmr5t8 oygrvhab hcukyx3x c1et5uql o9v6fnle\" style=\"text-align: justify;\">\n<div dir=\"auto\">Tovar incursion\u00f3 en el medio discogr\u00e1fico como declamador, usando como m\u00fasica de fondo canciones previamente conocidas de diferentes artistas (como el grupo italiano &#8220;The comunicatives&#8221; y la agrupaci\u00f3n venezolana &#8220;Punto Sur&#8221;). Este tipo de declamaci\u00f3n denominada \u201cCanci\u00f3n Hablada\u201d se hizo famosa a finales de los 60 y comienzos de los 70 en las voces de diversos actores y locutores, como Clemente Vargas Jr., y algunas de las letras de estos poemas fueron escritas por \u00e9l o por sus colaboradores.<\/div>\n<p>&nbsp;<\/p>\n<div dir=\"auto\"><\/div>\n<\/div>\n<div class=\"cxmmr5t8 oygrvhab hcukyx3x c1et5uql o9v6fnle\" style=\"text-align: justify;\">\n<div dir=\"auto\">Adem\u00e1s de lo anterior, Tovar trabaj\u00f3 como locutor en radio, televisi\u00f3n, cine y publicidad. En este \u00faltimo caso, algunas empresas buscaron su voz grave, la cual se hizo &#8220;emblem\u00e1tica&#8221; para diversos productos e, igualmente, elabor\u00f3 por mucho tiempo los guiones de espect\u00e1culos como el certamen Miss Venezuela. Su trabajo en la locuci\u00f3n fue de tal magnitud que lleg\u00f3 a ser la voz oficial de las propagandas institucionales del gobierno del presidente Luis Herrera Campins (1979-1984), as\u00ed como tambi\u00e9n fue la voz para la comunidad hispana en Estados Unidos del Partido Republicano durante la campa\u00f1a para las Elecciones presidenciales de 1984.<\/div>\n<p>&nbsp;<\/p>\n<div dir=\"auto\"><\/div>\n<\/div>\n<div class=\"cxmmr5t8 oygrvhab hcukyx3x c1et5uql o9v6fnle\" style=\"text-align: justify;\">\n<div dir=\"auto\"><strong>Wikipedia in English<\/strong><\/div>\n<p>&nbsp;<\/p>\n<div dir=\"auto\"><\/div>\n<\/div>\n<div class=\"cxmmr5t8 oygrvhab hcukyx3x c1et5uql o9v6fnle\" style=\"text-align: justify;\">\n<div dir=\"auto\"><strong>Date of Birth:<\/strong> October 04, 1932<\/div>\n<p>&nbsp;<\/p>\n<div dir=\"auto\"><\/div>\n<div dir=\"auto\"><strong>Date of Death:<\/strong> October 25, 1991 (age 59)<\/div>\n<p>&nbsp;<\/p>\n<div dir=\"auto\"><\/div>\n<\/div>\n<div class=\"cxmmr5t8 oygrvhab hcukyx3x c1et5uql o9v6fnle\" style=\"text-align: justify;\">\n<div dir=\"auto\"><strong>Biography:<\/strong><\/div>\n<p>&nbsp;<\/p>\n<div dir=\"auto\"><\/div>\n<div dir=\"auto\">Luis Gerardo Tovar began in the artistic world by studying Theater at the Liceo Ferm\u00edn Toro in Caracas together with Rom\u00e1n Chalbaud and under the tutelage of Alberto de Paz y Mateos. Later he went to Paris to study theater with the Romanian playwright Eugene Ionesco and worked for a year as a writer and broadcaster for Latin America at the BBC in London, in addition to working for other European radio stations such as Radio France International, Deutsche Welle, RAI and the National Radio of Spain.2 After innumerable recognitions, Tovar also participated as an actor in several soap operas on the Venevisi\u00f3n channel (among them La loba and Daniela) and in the films Ca\u00edn Adolescentes by Rom\u00e1n Chalbaud and Le Sauvage, alongside Catherine Deneuve and Yves Montand.<\/div>\n<p>&nbsp;<\/p>\n<div dir=\"auto\"><\/div>\n<\/div>\n<div class=\"cxmmr5t8 oygrvhab hcukyx3x c1et5uql o9v6fnle\" style=\"text-align: justify;\">\n<div dir=\"auto\">Tovar ventured into the recording medium as a declaimer, using previously known songs by different artists (such as the Italian group &#8220;The comunicatives&#8221; and the Venezuelan group &#8220;Punto Sur&#8221;) as background music. This type of declamation called &#8220;Canci\u00f3n Hablada&#8221; became famous in the late 60s and early 70s in the voices of various actors and announcers, such as Clemente Vargas Jr., and some of the lyrics of these poems were written by him or by its collaborators.<\/div>\n<p>&nbsp;<\/p>\n<div dir=\"auto\"><\/div>\n<\/div>\n<div class=\"cxmmr5t8 oygrvhab hcukyx3x c1et5uql o9v6fnle\" style=\"text-align: justify;\">\n<div dir=\"auto\">In addition to the above, Tovar worked as a radio, television, film and advertising announcer. In the latter case, some companies sought his deep voice, which became &#8220;emblematic&#8221; for various products and, likewise, he drew up the scripts for shows such as the Miss Venezuela pageant for a long time. His work in the locution was of such magnitude that he became the official voice of the institutional propaganda of the government of President Luis Herrera Campins (1979-1984), as well as was the voice for the Hispanic community in the United States of the Republican Party during the campaign for the 1984 presidential election.<\/div>\n<p>&nbsp;<\/p>\n<div dir=\"auto\"><\/div>\n<\/div>\n<div class=\"cxmmr5t8 oygrvhab hcukyx3x c1et5uql o9v6fnle\" style=\"text-align: justify;\">\n<div dir=\"auto\"><strong>Discography<\/strong><\/div>\n<p>&nbsp;<\/p>\n<\/div>\n<div dir=\"auto\">\n<table style=\"height: 1419px;\" width=\"1037\">\n<tbody>\n<tr>\n<td style=\"text-align: center;\" width=\"211\"><strong>Tema\u00a0 Latin<\/strong><\/td>\n<td style=\"text-align: center;\" width=\"234\"><strong>Escuchar tema<\/strong><\/td>\n<td style=\"text-align: center;\" width=\"86\"><strong>A\u00f1o de Publicaci\u00f3n<\/strong><\/td>\n<\/tr>\n<tr>\n<td style=\"text-align: center;\"><\/td>\n<td style=\"text-align: center;\"><strong>Tu Amor<\/strong><\/td>\n<td style=\"text-align: center;\"><strong>1976<\/strong><\/td>\n<\/tr>\n<tr>\n<td>1<\/td>\n<td>Enmanuelle (Tu amor).<\/td>\n<td><\/td>\n<\/tr>\n<tr>\n<td>2<\/td>\n<td>Aunque t\u00fa no lo sepas.<\/td>\n<td><\/td>\n<\/tr>\n<tr>\n<td>3<\/td>\n<td colspan=\"2\">Isla Verde (Solo quiero mirar para atr\u00e1s).<\/td>\n<\/tr>\n<tr>\n<td>4<\/td>\n<td>\u00a0Si yo pudiera tener.<\/td>\n<td><\/td>\n<\/tr>\n<tr>\n<td>5<\/td>\n<td>Uno.<\/td>\n<td><\/td>\n<\/tr>\n<tr>\n<td>6<\/td>\n<td>\u00a0El hijo que no he tenido.<\/td>\n<td><\/td>\n<\/tr>\n<tr>\n<td>7<\/td>\n<td>Sayonara, amor.<\/td>\n<td><\/td>\n<\/tr>\n<tr>\n<td>8<\/td>\n<td>Te perd\u00ed (Nunca digas nunca).<\/td>\n<td><\/td>\n<\/tr>\n<tr>\n<td>9<\/td>\n<td>\u00a0Santo Domingo.<\/td>\n<td><\/td>\n<\/tr>\n<tr>\n<td>10<\/td>\n<td>\u00a0Cuando la hora del olvido llegue.<\/td>\n<td><\/td>\n<\/tr>\n<tr>\n<td><\/td>\n<td><\/td>\n<td><\/td>\n<\/tr>\n<tr>\n<td style=\"text-align: center;\"><\/td>\n<td style=\"text-align: center;\"><strong>Historia d&#8217;O<\/strong><\/td>\n<td style=\"text-align: center;\"><strong>1977<\/strong><\/td>\n<\/tr>\n<tr>\n<td>1<\/td>\n<td>Historia d&#8217;O.<\/td>\n<td><\/td>\n<\/tr>\n<tr>\n<td>2<\/td>\n<td>Torner\u00f3.<\/td>\n<td><\/td>\n<\/tr>\n<tr>\n<td>3<\/td>\n<td>Yo soy as\u00ed y tu no podr\u00e1s cambiarme.<\/td>\n<td><\/td>\n<\/tr>\n<tr>\n<td>4<\/td>\n<td>Nuestros tiempos juntos.<\/td>\n<td><\/td>\n<\/tr>\n<tr>\n<td>5<\/td>\n<td>Gretta Garbo.<\/td>\n<td><\/td>\n<\/tr>\n<tr>\n<td>6<\/td>\n<td>Mim\u00ed.<\/td>\n<td><\/td>\n<\/tr>\n<tr>\n<td>7<\/td>\n<td>S\u00f3lo se que estoy contigo.<\/td>\n<td><\/td>\n<\/tr>\n<tr>\n<td>8<\/td>\n<td>El d\u00eda que me quieras.<\/td>\n<td><\/td>\n<\/tr>\n<tr>\n<td>9<\/td>\n<td>Pienso en ti.<\/td>\n<td><\/td>\n<\/tr>\n<tr>\n<td>10<\/td>\n<td>\u00a0Si no has cambiado, no vuelvas.<\/td>\n<td><\/td>\n<\/tr>\n<tr>\n<td><\/td>\n<td><\/td>\n<td><\/td>\n<\/tr>\n<tr>\n<td style=\"text-align: center;\"><\/td>\n<td style=\"text-align: center;\"><strong>Te Amare<\/strong><\/td>\n<td style=\"text-align: center;\"><strong>1978<\/strong><\/td>\n<\/tr>\n<tr>\n<td>1<\/td>\n<td>Te Amar\u00e9.<\/td>\n<td><\/td>\n<\/tr>\n<tr>\n<td>2<\/td>\n<td>\u00a0Terciopelo.<\/td>\n<td><\/td>\n<\/tr>\n<tr>\n<td>3<\/td>\n<td colspan=\"2\">A Florinda en invierno, poema del escritor venezolano\u00a0Andr\u00e9s Eloy Blanco\u00a0y m\u00fasica de Rub\u00e9n Amado.<\/td>\n<\/tr>\n<tr>\n<td>4<\/td>\n<td colspan=\"2\">\u00a0A Puerto Rico, poema escrito por Luis Gerardo Tovar y m\u00fasica de Mario Selles, uno de los arreglistas de este disco.<\/td>\n<\/tr>\n<tr>\n<td>5<\/td>\n<td colspan=\"2\">\u00a0No tengo tiempo (Neimar do Barros).<\/td>\n<\/tr>\n<tr>\n<td>6<\/td>\n<td colspan=\"2\">Te Amo (Poema de Luis Gerardo Tovar, con m\u00fasica de fondo de\u00a0Umberto Tozzi.<\/td>\n<\/tr>\n<tr>\n<td>7<\/td>\n<td colspan=\"2\">Te Fuiste (Guillermo Ram\u00edrez y Poggy Almendra).<\/td>\n<\/tr>\n<tr>\n<td>8<\/td>\n<td colspan=\"2\">Ojala llueva ma\u00f1ana. (Guillermo Ram\u00edrez y R. Dupont).<\/td>\n<\/tr>\n<tr>\n<td>9<\/td>\n<td colspan=\"2\">Esas peque\u00f1as cosas (Caf\u00e9 Negro), poes\u00eda de Roberto Vicario.<\/td>\n<\/tr>\n<tr>\n<td>10<\/td>\n<td colspan=\"2\">Hoy vuelvo de nuevo, poes\u00eda de Thomas Fundora.<\/td>\n<\/tr>\n<tr>\n<td>11<\/td>\n<td colspan=\"2\">Temas arreglados por\u00a0Horacio Malvicino,\u00a0Jes\u00fas Gluck\u00a0y Mario Selles.<\/td>\n<\/tr>\n<tr>\n<td>12<\/td>\n<td colspan=\"2\">Direcci\u00f3n art\u00edstica: Luis Rivero Bruzual y Ernesto Duarte.<\/td>\n<\/tr>\n<tr>\n<td><\/td>\n<td><\/td>\n<td><\/td>\n<\/tr>\n<\/tbody>\n<\/table>\n<\/div>\n<div class=\"cxmmr5t8 oygrvhab hcukyx3x c1et5uql o9v6fnle\" style=\"text-align: justify;\">\n<div dir=\"auto\"><\/div>\n<\/div>\n<div class=\"cxmmr5t8 oygrvhab hcukyx3x c1et5uql o9v6fnle\" style=\"text-align: justify;\">\n<div dir=\"auto\">Cr\u00e9ditos tomados de Wikipedia:<\/div>\n<div dir=\"auto\"><a class=\"oajrlxb2 g5ia77u1 qu0x051f esr5mh6w e9989ue4 r7d6kgcz rq0escxv nhd2j8a9 nc684nl6 p7hjln8o kvgmc6g5 cxmmr5t8 oygrvhab hcukyx3x jb3vyjys rz4wbd8a qt6c0cv9 a8nywdso i1ao9s8h esuyzwwr f1sip0of lzcic4wl gpro0wi8 py34i1dx\" tabindex=\"0\" role=\"link\" href=\"https:\/\/es.wikipedia.org\/wiki\/Luis_Gerardo_Tovar?fbclid=IwAR2NWO7ob9zfmsIOvSzox3UjgVMd3sLluqt5kH6G9tVEvbtVLNHLoz-fkGI\" target=\"_blank\" rel=\"nofollow noopener\">https:\/\/es.wikipedia.org\/wiki\/Luis_Gerardo_Tovar<\/a><\/div>\n<\/div>\n<div dir=\"auto\"><\/div>\n<div class=\"epyt-video-wrapper\"><iframe loading=\"lazy\"  id=\"_ytid_33480\"  width=\"618\" height=\"347\"  data-origwidth=\"618\" data-origheight=\"347\" src=\"https:\/\/www.youtube.com\/embed\/TwFqC3PhNSI?enablejsapi=1&#038;autoplay=0&#038;cc_load_policy=0&#038;cc_lang_pref=&#038;iv_load_policy=1&#038;loop=0&#038;modestbranding=0&#038;rel=1&#038;fs=1&#038;playsinline=0&#038;autohide=2&#038;theme=dark&#038;color=red&#038;controls=1&#038;\" class=\"__youtube_prefs__  epyt-is-override  no-lazyload\" title=\"YouTube player\"  allow=\"fullscreen; accelerometer; autoplay; clipboard-write; encrypted-media; gyroscope; picture-in-picture\" allowfullscreen data-no-lazy=\"1\" data-skipgform_ajax_framebjll=\"\"><\/iframe><\/div>\n","protected":false},"excerpt":{"rendered":"<p>&nbsp; Fecha de Nacimiento: 04 de octubre de 1932 &nbsp; Fecha de Fallecimiento: 25 de octubre de 1991 (59 a\u00f1os) &nbsp; Biograf\u00eda: &nbsp; Luis Gerardo Tovar se inici\u00f3 en el mundo art\u00edstico al estudiar Teatro en el Liceo Ferm\u00edn Toro de Caracas junto a Rom\u00e1n Chalbaud y bajo la tutela de Alberto de Paz y &hellip;<\/p>\n","protected":false},"author":1,"featured_media":0,"parent":0,"menu_order":0,"comment_status":"closed","ping_status":"closed","template":"","meta":{"footnotes":""},"class_list":["post-28786","page","type-page","status-publish",""],"jetpack_sharing_enabled":true,"_links":{"self":[{"href":"http:\/\/mickyandoniehn.com\/radio\/wp-json\/wp\/v2\/pages\/28786","targetHints":{"allow":["GET"]}}],"collection":[{"href":"http:\/\/mickyandoniehn.com\/radio\/wp-json\/wp\/v2\/pages"}],"about":[{"href":"http:\/\/mickyandoniehn.com\/radio\/wp-json\/wp\/v2\/types\/page"}],"author":[{"embeddable":true,"href":"http:\/\/mickyandoniehn.com\/radio\/wp-json\/wp\/v2\/users\/1"}],"replies":[{"embeddable":true,"href":"http:\/\/mickyandoniehn.com\/radio\/wp-json\/wp\/v2\/comments?post=28786"}],"version-history":[{"count":3,"href":"http:\/\/mickyandoniehn.com\/radio\/wp-json\/wp\/v2\/pages\/28786\/revisions"}],"predecessor-version":[{"id":30372,"href":"http:\/\/mickyandoniehn.com\/radio\/wp-json\/wp\/v2\/pages\/28786\/revisions\/30372"}],"wp:attachment":[{"href":"http:\/\/mickyandoniehn.com\/radio\/wp-json\/wp\/v2\/media?parent=28786"}],"curies":[{"name":"wp","href":"https:\/\/api.w.org\/{rel}","templated":true}]}}