{"id":28763,"date":"2022-08-26T11:55:53","date_gmt":"2022-08-26T17:55:53","guid":{"rendered":"https:\/\/mickyandoniehn.com\/radio\/?page_id=28763"},"modified":"2022-09-01T08:24:49","modified_gmt":"2022-09-01T14:24:49","slug":"aleks-syntek","status":"publish","type":"page","link":"http:\/\/mickyandoniehn.com\/radio\/aleks-syntek\/","title":{"rendered":"Aleks Syntek"},"content":{"rendered":"<p style=\"text-align: justify;\"><img loading=\"lazy\" decoding=\"async\" class=\" wp-image-23434 aligncenter\" src=\"http:\/\/mickyandoniehn.com\/radio\/wp-content\/uploads\/2022\/07\/ALEKS-SYNTEK-219x300.jpg\" alt=\"\" width=\"575\" height=\"788\" srcset=\"http:\/\/mickyandoniehn.com\/radio\/wp-content\/uploads\/2022\/07\/ALEKS-SYNTEK-219x300.jpg 219w, http:\/\/mickyandoniehn.com\/radio\/wp-content\/uploads\/2022\/07\/ALEKS-SYNTEK.jpg 220w\" sizes=\"auto, (max-width: 575px) 100vw, 575px\" \/><\/p>\n<p>&nbsp;<\/p>\n<p style=\"text-align: justify;\"><strong>Fecha de Nacimiento: <\/strong>29 de septiembre de 1969<\/p>\n<p style=\"text-align: justify;\"><strong>Biograf\u00eda<\/strong><\/p>\n<p style=\"text-align: justify;\">Ra\u00fal Alejandro Escajadillo Pe\u00f1a, conocido como Aleks Syntek (M\u00e9rida, Yucat\u00e1n; 29 de septiembre de 1969), es un cantautor y productor mexicano. Ha obtenido siete nominaciones a los Premios Grammy Latinos, una nominaci\u00f3n al premio Grammy, cinco nominaciones a los premios MTV latinos, y fue ganador de dos premios Billboard latino. De igual forma, obtuvo el premio Ariel de la academia de Cinematograf\u00eda Mexicana a la mejor m\u00fasica de pel\u00edcula.<\/p>\n<p style=\"text-align: justify;\">De ni\u00f1o, en los a\u00f1os 1970, particip\u00f3 en comerciales para la televisi\u00f3n. Particip\u00f3 en el programa \u00abRehilete\u00bb producido por RTC, y despu\u00e9s como comediante inicia con \u00abAlegr\u00edas de medio d\u00eda (infantil)\u00bb en 1979 que despu\u00e9s deriv\u00f3 en el programa de televisi\u00f3n \u00abChiquilladas\u00bb transmitido por Televisa en la primera mitad de la d\u00e9cada de 1980.<\/p>\n<p style=\"text-align: justify;\">Tras su salida del programa decide dedicarse por completo al mundo de la m\u00fasica trabajando como asistente y programador en estudios de grabaci\u00f3n musical. Fue apodado por sus amigos debido a un suceso curioso: Aleks en ese entonces no contaba con el dinero suficiente para comprar un teclado, por lo que sol\u00eda pedirlos prestados a sus amigos, dicha situaci\u00f3n hizo que lo conocieran como \u00abEl sinTeclados\u00bb, que despu\u00e9s deriv\u00f3 a llamarlo Syntek.[cita requerida] Despu\u00e9s de haber participado con miembros del grupo Caifanes para formar la banda \u00abPistolas de Platino\u00bb y despu\u00e9s formar parte de Kenny y los el\u00e9ctricos hasta que en 1987 form\u00f3 su propio grupo, llamado Aleks Syntek y la Gente Normal.<\/p>\n<p style=\"text-align: justify;\">Aleks Syntek es un artista internacional de formaci\u00f3n autodidacta y forma parte del consejo directivo de la Sociedad de Autores y Compositores de M\u00e9xico (SACM).<\/p>\n<p style=\"text-align: justify;\">Syntek ha compartido el escenario con artistas como C\u00f3mplices, Fey, Enrique Iglesias, OV7, Kylie Minogue, Miguel Bos\u00e9, Juan Gabriel, Mal\u00fa, Sandoval, Los \u00c1ngeles Azules, Alejandro Sanz, Noel Schajris, Leonel Garc\u00eda, Cristian Castro, Armando Manzanero y La Orquesta Filarm\u00f3nica de las Am\u00e9ricas con Alondra de la Parra, Ana Torroja, Rub\u00e9n Blades, Jesse y Joy, David Bisbal, Luis Fonsi, Laura Pausini, Amaia Montero. Su trabajo no se centra solamente en el Pop y rock sino que tambi\u00e9n ha compuesto m\u00fasica instrumental para pel\u00edculas y cortos con excelentes resultados comerciales, cuando en 1999 fue galardonado el Premio de la academia mexicana de cinematograf\u00eda \u00abAriel\u00bb en la categor\u00eda the \u00abMejor Composici\u00f3n Original para Pel\u00edculas\u00bb por \u00abSexo, Pudor y L\u00e1grimas\u00bb.<\/p>\n<p style=\"text-align: justify;\"><strong>Wikipedia in English<\/strong><\/p>\n<p style=\"text-align: justify;\"><strong>Date of Birth:<\/strong> September 29, 1969<\/p>\n<p style=\"text-align: justify;\"><strong>Biography<\/strong><\/p>\n<p style=\"text-align: justify;\">Ra\u00fal Alejandro Escajadillo Pe\u00f1a, known as Aleks Syntek (M\u00e9rida, Yucat\u00e1n; September 29, 1969), is a Mexican singer-songwriter and producer. He has earned seven Latin Grammy Award nominations, one Grammy Award nomination, five Latin MTV Award nominations, and was the winner of two Latin Billboard Awards. Similarly, he won the Ariel award from the Academy of Mexican Cinematography for the best film score.<\/p>\n<p style=\"text-align: justify;\">As a child, in the 1970s, he participated in television commercials. He participated in the program &#8220;Rehilete&#8221; produced by RTC, and later as a comedian, he began with &#8220;Alegr\u00edas de medio d\u00eda (infantil)&#8221; in 1979, which later led to the television program &#8220;Chiquilladas&#8221; broadcast by Televisa in the first half of the decade of 1980.<\/p>\n<p style=\"text-align: justify;\">After leaving the program, he decides to dedicate himself completely to the world of music working as an assistant and programmer in music recording studios. He was nicknamed by his friends due to a curious event: Aleks at that time did not have enough money to buy a keyboard, so he used to borrow them from his friends. he derived to call it Syntek. [citation needed] After having participated with members of the Caifanes group to form the band &#8220;Pistolas de Platino&#8221; and later being part of Kenny y los El\u00e9ctricos until in 1987 he formed his own group, called Aleks Syntek y la Gente Normal.<\/p>\n<p style=\"text-align: justify;\">Aleks Syntek is a self-taught international artist and is a member of the board of directors of the Society of Authors and Composers of Mexico (SACM).<\/p>\n<p style=\"text-align: justify;\">Syntek has shared the stage with artists such as C\u00f3mplices, Fey, Enrique Iglesias, OV7, Kylie Minogue, Miguel Bos\u00e9, Juan Gabriel, Mal\u00fa, Sandoval, Los \u00c1ngeles Azules, Alejandro Sanz, Noel Schajris, Leonel Garc\u00eda, Cristian Castro, Armando Manzanero and La Philharmonic Orchestra of the Americas with Alondra de la Parra, Ana Torroja, Rub\u00e9n Blades, Jesse and Joy, David Bisbal, Luis Fonsi, Laura Pausini, Amaia Montero. His work is not only focused on Pop and rock, but he has also composed instrumental music for films and shorts with excellent commercial results, when in 1999 he was awarded the Prize of the Mexican Academy of Cinematography &#8220;Ariel&#8221; in the category &#8220;Best Original Composition. for Movies \u00bbfor\u00ab Sex, Shame and Tears \u00bb.<\/p>\n<p><strong>Discograf\u00eda<\/strong><\/p>\n<table width=\"695\">\n<tbody>\n<tr>\n<td style=\"text-align: center;\" width=\"237\"><b>G\u00e9nero Bolero<\/b><\/td>\n<td style=\"text-align: center;\" width=\"368\"><strong>Escuchar tema<\/strong><\/td>\n<td style=\"text-align: center;\" width=\"90\"><strong>A\u00f1o<\/strong><\/td>\n<\/tr>\n<tr>\n<td style=\"text-align: center;\"><\/td>\n<td style=\"text-align: center;\"><strong>Hey tu<\/strong><\/td>\n<td style=\"text-align: center;\"><strong>1990<\/strong><\/td>\n<\/tr>\n<tr>\n<td>1<\/td>\n<td>Hey Tu<\/td>\n<td><\/td>\n<\/tr>\n<tr>\n<td>2<\/td>\n<td>Una Peque\u00f1a Parte De Ti<\/td>\n<td><\/td>\n<\/tr>\n<tr>\n<td>3<\/td>\n<td>Aunque No Est\u00e9s Aqui<\/td>\n<td><\/td>\n<\/tr>\n<tr>\n<td>4<\/td>\n<td>Te Quiero As\u00ed<\/td>\n<td><\/td>\n<\/tr>\n<tr>\n<td>5<\/td>\n<td>Blue Jeans<\/td>\n<td><\/td>\n<\/tr>\n<tr>\n<td>6<\/td>\n<td>Unos Quieren Subir<\/td>\n<td><\/td>\n<\/tr>\n<tr>\n<td>7<\/td>\n<td>Para Poder Atraparte<\/td>\n<td><\/td>\n<\/tr>\n<tr>\n<td>8<\/td>\n<td>Los Poemas<\/td>\n<td><\/td>\n<\/tr>\n<tr>\n<td>9<\/td>\n<td>Cuando Se Quiere De Verdad<\/td>\n<td><\/td>\n<\/tr>\n<tr>\n<td>10<\/td>\n<td>Sombras De Papel<\/td>\n<td><\/td>\n<\/tr>\n<tr>\n<td><\/td>\n<td><\/td>\n<td><\/td>\n<\/tr>\n<tr>\n<td style=\"text-align: center;\"><\/td>\n<td style=\"text-align: center;\"><strong>Mas Fuerte de lo que pensaba<\/strong><\/td>\n<td style=\"text-align: center;\"><strong>1993<\/strong><\/td>\n<\/tr>\n<tr>\n<td>1<\/td>\n<td>El Camino<\/td>\n<td><\/td>\n<\/tr>\n<tr>\n<td>2<\/td>\n<td>Prefiero<\/td>\n<td><\/td>\n<\/tr>\n<tr>\n<td>3<\/td>\n<td>Mas Fuerte De Lo Que Pensaba<\/td>\n<td><\/td>\n<\/tr>\n<tr>\n<td>4<\/td>\n<td>Cuando Estoy Contigo<\/td>\n<td><\/td>\n<\/tr>\n<tr>\n<td>5<\/td>\n<td>Nuestras Costumbres<\/td>\n<td><\/td>\n<\/tr>\n<tr>\n<td>6<\/td>\n<td>Un Espacio Para Andar<\/td>\n<td><\/td>\n<\/tr>\n<tr>\n<td>7<\/td>\n<td>Lo Perfecto<\/td>\n<td><\/td>\n<\/tr>\n<tr>\n<td>8<\/td>\n<td>La Tierra Por Conquistar<\/td>\n<td><\/td>\n<\/tr>\n<tr>\n<td>9<\/td>\n<td>Mis Impulsos Sobre Ti<\/td>\n<td><\/td>\n<\/tr>\n<tr>\n<td>10<\/td>\n<td>La Historia De Un Hombre<\/td>\n<td><\/td>\n<\/tr>\n<tr>\n<td>11<\/td>\n<td>Nadie Mas Que Yo<\/td>\n<td><\/td>\n<\/tr>\n<tr>\n<td>12<\/td>\n<td>Rompiendo La Rutina<\/td>\n<td><\/td>\n<\/tr>\n<tr>\n<td>13<\/td>\n<td>En El Carnaval<\/td>\n<td><\/td>\n<\/tr>\n<tr>\n<td>14<\/td>\n<td>Mis Impulsos Sobre Ti (Version Ac\u00fastica)<\/td>\n<td><\/td>\n<\/tr>\n<tr>\n<td><\/td>\n<td><\/td>\n<td><\/td>\n<\/tr>\n<tr>\n<td style=\"text-align: center;\"><\/td>\n<td style=\"text-align: center;\"><strong>Bienvenido a la Vida<\/strong><\/td>\n<td style=\"text-align: center;\"><strong>1995<\/strong><\/td>\n<\/tr>\n<tr>\n<td>1<\/td>\n<td>Introducci\u00f3n<\/td>\n<td><\/td>\n<\/tr>\n<tr>\n<td>2<\/td>\n<td>Bienvenido A La Vida<\/td>\n<td><\/td>\n<\/tr>\n<tr>\n<td>3<\/td>\n<td>Por Donde Empezar?<\/td>\n<td><\/td>\n<\/tr>\n<tr>\n<td>4<\/td>\n<td>La Fe De Antes<\/td>\n<td><\/td>\n<\/tr>\n<tr>\n<td>5<\/td>\n<td>Santifica Mi Alma<\/td>\n<td><\/td>\n<\/tr>\n<tr>\n<td>6<\/td>\n<td>Evoluci\u00f3n<\/td>\n<td><\/td>\n<\/tr>\n<tr>\n<td>7<\/td>\n<td>Los Hijos Del Fin De Milenio<\/td>\n<td><\/td>\n<\/tr>\n<tr>\n<td>8<\/td>\n<td>Cancion De Cuna #1<\/td>\n<td><\/td>\n<\/tr>\n<tr>\n<td>9<\/td>\n<td>RGB<\/td>\n<td><\/td>\n<\/tr>\n<tr>\n<td>10<\/td>\n<td>Tu Huella En La Historia<\/td>\n<td><\/td>\n<\/tr>\n<tr>\n<td>11<\/td>\n<td>Un Secreto<\/td>\n<td><\/td>\n<\/tr>\n<tr>\n<td>12<\/td>\n<td>Mientras Respiro<\/td>\n<td><\/td>\n<\/tr>\n<tr>\n<td>13<\/td>\n<td>Cancion De Cuna #2<\/td>\n<td><\/td>\n<\/tr>\n<tr>\n<td>14<\/td>\n<td>Bienvenido (Final)<\/td>\n<td><\/td>\n<\/tr>\n<tr>\n<td><\/td>\n<td><\/td>\n<td><\/td>\n<\/tr>\n<tr>\n<td style=\"text-align: center;\"><\/td>\n<td style=\"text-align: center;\"><strong>Lugar Secreto:<\/strong><\/td>\n<td style=\"text-align: center;\"><strong>1997<\/strong><\/td>\n<\/tr>\n<tr>\n<td>1<\/td>\n<td>Sin Ti<\/td>\n<td><\/td>\n<\/tr>\n<tr>\n<td>2<\/td>\n<td>Pise La Tierra<\/td>\n<td><\/td>\n<\/tr>\n<tr>\n<td>3<\/td>\n<td>Lindas Criaturitas<\/td>\n<td><\/td>\n<\/tr>\n<tr>\n<td>4<\/td>\n<td>Una Ventana Del Cielo<\/td>\n<td><\/td>\n<\/tr>\n<tr>\n<td>5<\/td>\n<td>Otra Parte De Mi<\/td>\n<td><\/td>\n<\/tr>\n<tr>\n<td>6<\/td>\n<td>Volando Bajo<\/td>\n<td><\/td>\n<\/tr>\n<tr>\n<td>7<\/td>\n<td>Lugar Secreto<\/td>\n<td><\/td>\n<\/tr>\n<tr>\n<td>8<\/td>\n<td>Y Donde Esta El Amor<\/td>\n<td><\/td>\n<\/tr>\n<tr>\n<td>9<\/td>\n<td>Sembrando Voy<\/td>\n<td><\/td>\n<\/tr>\n<tr>\n<td>10<\/td>\n<td>Cuando El Mundo Cambia<\/td>\n<td><\/td>\n<\/tr>\n<tr>\n<td>11<\/td>\n<td>Pise La Tierra (Version Anti Mix)<\/td>\n<td><\/td>\n<\/tr>\n<tr>\n<td><\/td>\n<td><\/td>\n<td><\/td>\n<\/tr>\n<\/tbody>\n<\/table>\n<p>&nbsp;<\/p>\n<div class=\"epyt-video-wrapper\"><iframe loading=\"lazy\"  id=\"_ytid_74824\"  width=\"618\" height=\"347\"  data-origwidth=\"618\" data-origheight=\"347\" src=\"https:\/\/www.youtube.com\/embed\/jJZitxiTQFk?enablejsapi=1&#038;autoplay=0&#038;cc_load_policy=0&#038;cc_lang_pref=&#038;iv_load_policy=1&#038;loop=0&#038;modestbranding=0&#038;rel=1&#038;fs=1&#038;playsinline=0&#038;autohide=2&#038;theme=dark&#038;color=red&#038;controls=1&#038;\" class=\"__youtube_prefs__  epyt-is-override  no-lazyload\" title=\"YouTube player\"  allow=\"fullscreen; accelerometer; autoplay; clipboard-write; encrypted-media; gyroscope; picture-in-picture\" allowfullscreen data-no-lazy=\"1\" data-skipgform_ajax_framebjll=\"\"><\/iframe><\/div>\n","protected":false},"excerpt":{"rendered":"<p>&nbsp; Fecha de Nacimiento: 29 de septiembre de 1969 Biograf\u00eda Ra\u00fal Alejandro Escajadillo Pe\u00f1a, conocido como Aleks Syntek (M\u00e9rida, Yucat\u00e1n; 29 de septiembre de 1969), es un cantautor y productor mexicano. Ha obtenido siete nominaciones a los Premios Grammy Latinos, una nominaci\u00f3n al premio Grammy, cinco nominaciones a los premios MTV latinos, y fue ganador &hellip;<\/p>\n","protected":false},"author":1,"featured_media":0,"parent":0,"menu_order":0,"comment_status":"closed","ping_status":"closed","template":"","meta":{"footnotes":""},"class_list":["post-28763","page","type-page","status-publish",""],"jetpack_sharing_enabled":true,"_links":{"self":[{"href":"http:\/\/mickyandoniehn.com\/radio\/wp-json\/wp\/v2\/pages\/28763","targetHints":{"allow":["GET"]}}],"collection":[{"href":"http:\/\/mickyandoniehn.com\/radio\/wp-json\/wp\/v2\/pages"}],"about":[{"href":"http:\/\/mickyandoniehn.com\/radio\/wp-json\/wp\/v2\/types\/page"}],"author":[{"embeddable":true,"href":"http:\/\/mickyandoniehn.com\/radio\/wp-json\/wp\/v2\/users\/1"}],"replies":[{"embeddable":true,"href":"http:\/\/mickyandoniehn.com\/radio\/wp-json\/wp\/v2\/comments?post=28763"}],"version-history":[{"count":2,"href":"http:\/\/mickyandoniehn.com\/radio\/wp-json\/wp\/v2\/pages\/28763\/revisions"}],"predecessor-version":[{"id":30071,"href":"http:\/\/mickyandoniehn.com\/radio\/wp-json\/wp\/v2\/pages\/28763\/revisions\/30071"}],"wp:attachment":[{"href":"http:\/\/mickyandoniehn.com\/radio\/wp-json\/wp\/v2\/media?parent=28763"}],"curies":[{"name":"wp","href":"https:\/\/api.w.org\/{rel}","templated":true}]}}