{"id":28759,"date":"2022-08-26T11:55:00","date_gmt":"2022-08-26T17:55:00","guid":{"rendered":"https:\/\/mickyandoniehn.com\/radio\/?page_id=28759"},"modified":"2022-09-01T11:54:34","modified_gmt":"2022-09-01T17:54:34","slug":"quique-villanueva","status":"publish","type":"page","link":"http:\/\/mickyandoniehn.com\/radio\/quique-villanueva\/","title":{"rendered":"Quique Villanueva"},"content":{"rendered":"<p style=\"text-align: justify;\"><img loading=\"lazy\" decoding=\"async\" class=\"aligncenter wp-image-23436 \" src=\"http:\/\/mickyandoniehn.com\/radio\/wp-content\/uploads\/2022\/07\/QUIQUE-VILLANUEVA.jpg\" alt=\"\" width=\"471\" height=\"564\" \/><\/p>\n<p>&nbsp;<\/p>\n<div class=\"cxmmr5t8 oygrvhab hcukyx3x c1et5uql o9v6fnle\" style=\"text-align: justify;\">\n<div dir=\"auto\"><strong>Fecha de Nacimiento:<\/strong> 29 de septiembre de 1942<\/div>\n<p>&nbsp;<\/p>\n<div dir=\"auto\"><\/div>\n<div dir=\"auto\"><strong>Fecha de Fallecimiento:<\/strong> 04 de noviembre de 1997 (55 a\u00f1os)<\/div>\n<p>&nbsp;<\/p>\n<div dir=\"auto\"><\/div>\n<\/div>\n<div class=\"cxmmr5t8 oygrvhab hcukyx3x c1et5uql o9v6fnle\" style=\"text-align: justify;\">\n<div dir=\"auto\"><strong>Biograf\u00eda:<\/strong><\/div>\n<p>&nbsp;<\/p>\n<div dir=\"auto\"><\/div>\n<div dir=\"auto\">Realiz\u00f3 la primaria en el barrio de Floresta, en el colegio Emilio Gim\u00e9nez Zapiola situado en la calle Joaqu\u00edn V. Gonz\u00e1lez 180, luego quiso comenzar el secundario que abandono al poco tiempo, sinti\u00f3 su vocaci\u00f3n por la m\u00fasica cuando su abuela le regal\u00f3 una guitarra en su ni\u00f1ez.<\/div>\n<p>&nbsp;<\/p>\n<div dir=\"auto\"><\/div>\n<\/div>\n<div class=\"cxmmr5t8 oygrvhab hcukyx3x c1et5uql o9v6fnle\" style=\"text-align: justify;\">\n<div dir=\"auto\">Luego de un tiempo se separ\u00f3 del grupo y comenz\u00f3 su carrera como solista, donde consigui\u00f3 \u00e9xitos y fracasos. Fue en este per\u00edodo que alcanz\u00f3 popularidad y difusi\u00f3n en Latinoam\u00e9rica y las comunidades latinas estadounidenses, lo que le permiti\u00f3 realizar diversas giras.<\/div>\n<p>&nbsp;<\/p>\n<div dir=\"auto\"><\/div>\n<\/div>\n<div class=\"cxmmr5t8 oygrvhab hcukyx3x c1et5uql o9v6fnle\" style=\"text-align: justify;\">\n<div dir=\"auto\"><strong>Wikipedia in English<\/strong><\/div>\n<p>&nbsp;<\/p>\n<div dir=\"auto\"><\/div>\n<\/div>\n<div class=\"cxmmr5t8 oygrvhab hcukyx3x c1et5uql o9v6fnle\" style=\"text-align: justify;\">\n<div dir=\"auto\"><strong>Date of Birth:<\/strong> September 29, 1942<\/div>\n<p>&nbsp;<\/p>\n<div dir=\"auto\"><\/div>\n<div dir=\"auto\"><strong>Date of Death:<\/strong> November 4, 1997 (age 55)<\/div>\n<p>&nbsp;<\/p>\n<div dir=\"auto\"><\/div>\n<\/div>\n<div class=\"cxmmr5t8 oygrvhab hcukyx3x c1et5uql o9v6fnle\" style=\"text-align: justify;\">\n<div dir=\"auto\"><strong>Biography:<\/strong><\/div>\n<p>&nbsp;<\/p>\n<div dir=\"auto\"><\/div>\n<div dir=\"auto\">He attended elementary school in the Floresta neighborhood, at the Emilio Gim\u00e9nez Zapiola school located at 180 Joaqu\u00edn V. Gonz\u00e1lez Street, then he wanted to start secondary school that he left soon after, he felt his vocation for music when his grandmother gave him a guitar in his childhood.<\/div>\n<p>&nbsp;<\/p>\n<div dir=\"auto\"><\/div>\n<\/div>\n<div class=\"cxmmr5t8 oygrvhab hcukyx3x c1et5uql o9v6fnle\" style=\"text-align: justify;\">\n<div dir=\"auto\">After a while he separated from the group and began his solo career, where he achieved successes and failures. It was in this period that he achieved popularity and diffusion in Latin America and the Latin American communities, which allowed him to make several tours.<\/div>\n<p>&nbsp;<\/p>\n<div dir=\"auto\"><\/div>\n<\/div>\n<div class=\"cxmmr5t8 oygrvhab hcukyx3x c1et5uql o9v6fnle\" style=\"text-align: justify;\">\n<div dir=\"auto\"><strong>Discography<\/strong><\/div>\n<p>&nbsp;<\/p>\n<div dir=\"auto\"><\/div>\n<\/div>\n<div class=\"cxmmr5t8 oygrvhab hcukyx3x c1et5uql o9v6fnle\" style=\"text-align: justify;\">\n<div dir=\"auto\">\n<table width=\"596\">\n<tbody>\n<tr>\n<td style=\"text-align: center;\" width=\"217\"><strong>Temas Rock, pop, Rock mel\u00f3dico, Beat<\/strong><\/td>\n<td style=\"text-align: center;\" width=\"249\"><strong>Escuchar tema<\/strong><\/td>\n<td style=\"text-align: center;\" width=\"130\"><strong>A\u00f1o de Publicaci\u00f3n<\/strong><\/td>\n<\/tr>\n<tr>\n<td style=\"text-align: center;\"><b>\u00c1lbum<\/b><\/td>\n<td style=\"text-align: center;\"><strong>Quiero Gritar Que Te Quiero<\/strong><\/td>\n<td style=\"text-align: center;\"><strong>1971<\/strong><\/td>\n<\/tr>\n<tr>\n<td>1<\/td>\n<td>Quiero Gritar Que Te Quiero<\/td>\n<td><\/td>\n<\/tr>\n<tr>\n<td>2<\/td>\n<td>No Te Equivoques Corazon<\/td>\n<td><\/td>\n<\/tr>\n<tr>\n<td>3<\/td>\n<td>Hoy Estoy Contento<\/td>\n<td><\/td>\n<\/tr>\n<tr>\n<td>4<\/td>\n<td>Donde Nacio El Amor<\/td>\n<td><\/td>\n<\/tr>\n<tr>\n<td>5<\/td>\n<td>Sos Lo Que Yo So\u00f1\u00e9<\/td>\n<td><\/td>\n<\/tr>\n<tr>\n<td>6<\/td>\n<td>Soy Como la Brisa<\/td>\n<td><\/td>\n<\/tr>\n<tr>\n<td>7<\/td>\n<td>Dime Linda Chiquilina<\/td>\n<td><\/td>\n<\/tr>\n<tr>\n<td>8<\/td>\n<td>Acodarte Que Te Quiero<\/td>\n<td><\/td>\n<\/tr>\n<tr>\n<td>9<\/td>\n<td>Tal Vez Un Dia Nos Crucemos<\/td>\n<td><\/td>\n<\/tr>\n<tr>\n<td>10<\/td>\n<td>Me Pasa<\/td>\n<td><\/td>\n<\/tr>\n<tr>\n<td>11<\/td>\n<td>Ay Amor, Que Linda Estas<\/td>\n<td><\/td>\n<\/tr>\n<tr>\n<td>12<\/td>\n<td>Me Voy Con El Tiempo<\/td>\n<td><\/td>\n<\/tr>\n<tr>\n<td><\/td>\n<td><\/td>\n<td><\/td>\n<\/tr>\n<tr>\n<td style=\"text-align: center;\"><strong>Album<\/strong><\/td>\n<td style=\"text-align: center;\"><strong>Quique Villanueva<\/strong><\/td>\n<td style=\"text-align: center;\"><strong>1973<\/strong><\/td>\n<\/tr>\n<tr>\n<td>1<\/td>\n<td>Noche Tu Que Sabes De Todo<\/td>\n<td><\/td>\n<\/tr>\n<tr>\n<td>2<\/td>\n<td>Cuando Sola Est\u00e9s Tu<\/td>\n<td><\/td>\n<\/tr>\n<tr>\n<td>3<\/td>\n<td>Es Mi \u00danico Deseo<\/td>\n<td><\/td>\n<\/tr>\n<tr>\n<td>4<\/td>\n<td>Que Ganas De Besarte<\/td>\n<td><\/td>\n<\/tr>\n<tr>\n<td>5<\/td>\n<td>Si Quieres Saber, Te Puedo Ense\u00f1ar<\/td>\n<td><\/td>\n<\/tr>\n<tr>\n<td>6<\/td>\n<td>Qu\u00e9date Aqui<\/td>\n<td><\/td>\n<\/tr>\n<tr>\n<td>7<\/td>\n<td>Recuerda<\/td>\n<td><\/td>\n<\/tr>\n<tr>\n<td>8<\/td>\n<td>Te Quiero Mucho<\/td>\n<td><\/td>\n<\/tr>\n<tr>\n<td>9<\/td>\n<td>Solo Para Dos<\/td>\n<td><\/td>\n<\/tr>\n<tr>\n<td>10<\/td>\n<td>Besos De Miel<\/td>\n<td><\/td>\n<\/tr>\n<tr>\n<td>11<\/td>\n<td>Una Cancion<\/td>\n<td><\/td>\n<\/tr>\n<tr>\n<td>12<\/td>\n<td>Un Cachito De Paz<\/td>\n<td><\/td>\n<\/tr>\n<tr>\n<td><\/td>\n<td><\/td>\n<td><\/td>\n<\/tr>\n<tr>\n<td style=\"text-align: center;\"><strong>Album<\/strong><\/td>\n<td style=\"text-align: center;\"><strong>Se te nota En la Mirada<\/strong><\/td>\n<td style=\"text-align: center;\"><strong>1974<\/strong><\/td>\n<\/tr>\n<tr>\n<td>1<\/td>\n<td>Se Te Nota En La Mirada<\/td>\n<td><\/td>\n<\/tr>\n<tr>\n<td>2<\/td>\n<td>Por Favor No Me Pregunten<\/td>\n<td><\/td>\n<\/tr>\n<tr>\n<td>3<\/td>\n<td>Quien Volver\u00e1 A Quererme<\/td>\n<td><\/td>\n<\/tr>\n<tr>\n<td>4<\/td>\n<td>Amor, Yo Soy El Que Te Quiere<\/td>\n<td><\/td>\n<\/tr>\n<tr>\n<td>5<\/td>\n<td>Blue de Graciela<\/td>\n<td><\/td>\n<\/tr>\n<tr>\n<td>6<\/td>\n<td>Definitivamente Contigo<\/td>\n<td><\/td>\n<\/tr>\n<tr>\n<td>7<\/td>\n<td>Solo Canto Para Mi<\/td>\n<td><\/td>\n<\/tr>\n<tr>\n<td>8<\/td>\n<td>Vida M\u00eda<\/td>\n<td><\/td>\n<\/tr>\n<tr>\n<td>9<\/td>\n<td>No Se Si Tengo Celos<\/td>\n<td><\/td>\n<\/tr>\n<tr>\n<td>10<\/td>\n<td>Paloma de Papel<\/td>\n<td><\/td>\n<\/tr>\n<tr>\n<td>11<\/td>\n<td>Amor, No Se Por Que Ser\u00e1<\/td>\n<td><\/td>\n<\/tr>\n<tr>\n<td>12<\/td>\n<td>Cuando Dices Que Me Quieres<\/td>\n<td><\/td>\n<\/tr>\n<tr>\n<td><\/td>\n<td><\/td>\n<td><\/td>\n<\/tr>\n<\/tbody>\n<\/table>\n<p>&nbsp;<\/p>\n<\/div>\n<\/div>\n<div class=\"cxmmr5t8 oygrvhab hcukyx3x c1et5uql o9v6fnle\" style=\"text-align: justify;\">\n<div dir=\"auto\">Cr\u00e9ditos tomados de Wikipedia:<\/div>\n<div dir=\"auto\"><a class=\"oajrlxb2 g5ia77u1 qu0x051f esr5mh6w e9989ue4 r7d6kgcz rq0escxv nhd2j8a9 nc684nl6 p7hjln8o kvgmc6g5 cxmmr5t8 oygrvhab hcukyx3x jb3vyjys rz4wbd8a qt6c0cv9 a8nywdso i1ao9s8h esuyzwwr f1sip0of lzcic4wl gpro0wi8 py34i1dx\" tabindex=\"0\" role=\"link\" href=\"https:\/\/es.wikipedia.org\/wiki\/Quique_Villanueva?fbclid=IwAR24pUoz9QLd-iJIBEEzHsnm_NITDd4r2UI1DABV49SEKEhFHOxl-N2uwFg\" target=\"_blank\" rel=\"nofollow noopener\">https:\/\/es.wikipedia.org\/wiki\/Quique_Villanueva<\/a><\/div>\n<\/div>\n<div dir=\"auto\"><\/div>\n<div class=\"epyt-video-wrapper\"><iframe loading=\"lazy\"  id=\"_ytid_77562\"  width=\"618\" height=\"347\"  data-origwidth=\"618\" data-origheight=\"347\" src=\"https:\/\/www.youtube.com\/embed\/7WWcXGrHoOU?enablejsapi=1&#038;autoplay=0&#038;cc_load_policy=0&#038;cc_lang_pref=&#038;iv_load_policy=1&#038;loop=0&#038;modestbranding=0&#038;rel=1&#038;fs=1&#038;playsinline=0&#038;autohide=2&#038;theme=dark&#038;color=red&#038;controls=1&#038;\" class=\"__youtube_prefs__  epyt-is-override  no-lazyload\" title=\"YouTube player\"  allow=\"fullscreen; accelerometer; autoplay; clipboard-write; encrypted-media; gyroscope; picture-in-picture\" allowfullscreen data-no-lazy=\"1\" data-skipgform_ajax_framebjll=\"\"><\/iframe><\/div>\n","protected":false},"excerpt":{"rendered":"<p>&nbsp; Fecha de Nacimiento: 29 de septiembre de 1942 &nbsp; Fecha de Fallecimiento: 04 de noviembre de 1997 (55 a\u00f1os) &nbsp; Biograf\u00eda: &nbsp; Realiz\u00f3 la primaria en el barrio de Floresta, en el colegio Emilio Gim\u00e9nez Zapiola situado en la calle Joaqu\u00edn V. Gonz\u00e1lez 180, luego quiso comenzar el secundario que abandono al poco tiempo, &hellip;<\/p>\n","protected":false},"author":1,"featured_media":0,"parent":0,"menu_order":0,"comment_status":"closed","ping_status":"closed","template":"","meta":{"footnotes":""},"class_list":["post-28759","page","type-page","status-publish",""],"jetpack_sharing_enabled":true,"_links":{"self":[{"href":"http:\/\/mickyandoniehn.com\/radio\/wp-json\/wp\/v2\/pages\/28759","targetHints":{"allow":["GET"]}}],"collection":[{"href":"http:\/\/mickyandoniehn.com\/radio\/wp-json\/wp\/v2\/pages"}],"about":[{"href":"http:\/\/mickyandoniehn.com\/radio\/wp-json\/wp\/v2\/types\/page"}],"author":[{"embeddable":true,"href":"http:\/\/mickyandoniehn.com\/radio\/wp-json\/wp\/v2\/users\/1"}],"replies":[{"embeddable":true,"href":"http:\/\/mickyandoniehn.com\/radio\/wp-json\/wp\/v2\/comments?post=28759"}],"version-history":[{"count":3,"href":"http:\/\/mickyandoniehn.com\/radio\/wp-json\/wp\/v2\/pages\/28759\/revisions"}],"predecessor-version":[{"id":30482,"href":"http:\/\/mickyandoniehn.com\/radio\/wp-json\/wp\/v2\/pages\/28759\/revisions\/30482"}],"wp:attachment":[{"href":"http:\/\/mickyandoniehn.com\/radio\/wp-json\/wp\/v2\/media?parent=28759"}],"curies":[{"name":"wp","href":"https:\/\/api.w.org\/{rel}","templated":true}]}}

<p style="text-align: justify;"><img loading="lazy" decoding="async" class="aligncenter wp-image-23436 " src="http://mickyandoniehn.com/radio/wp-content/uploads/2022/07/QUIQUE-VILLANUEVA.jpg" alt="" width="471" height="564" /></p>
<p>&nbsp;</p>
<div class="cxmmr5t8 oygrvhab hcukyx3x c1et5uql o9v6fnle" style="text-align: justify;">
<div dir="auto"><strong>Fecha de Nacimiento:</strong> 29 de septiembre de 1942</div>
<p>&nbsp;</p>
<div dir="auto"></div>
<div dir="auto"><strong>Fecha de Fallecimiento:</strong> 04 de noviembre de 1997 (55 años)</div>
<p>&nbsp;</p>
<div dir="auto"></div>
</div>
<div class="cxmmr5t8 oygrvhab hcukyx3x c1et5uql o9v6fnle" style="text-align: justify;">
<div dir="auto"><strong>Biografía:</strong></div>
<p>&nbsp;</p>
<div dir="auto"></div>
<div dir="auto">Realizó la primaria en el barrio de Floresta, en el colegio Emilio Giménez Zapiola situado en la calle Joaquín V. González 180, luego quiso comenzar el secundario que abandono al poco tiempo, sintió su vocación por la música cuando su abuela le regaló una guitarra en su niñez.</div>
<p>&nbsp;</p>
<div dir="auto"></div>
</div>
<div class="cxmmr5t8 oygrvhab hcukyx3x c1et5uql o9v6fnle" style="text-align: justify;">
<div dir="auto">Luego de un tiempo se separó del grupo y comenzó su carrera como solista, donde consiguió éxitos y fracasos. Fue en este período que alcanzó popularidad y difusión en Latinoamérica y las comunidades latinas estadounidenses, lo que le permitió realizar diversas giras.</div>
<p>&nbsp;</p>
<div dir="auto"></div>
</div>
<div class="cxmmr5t8 oygrvhab hcukyx3x c1et5uql o9v6fnle" style="text-align: justify;">
<div dir="auto"><strong>Wikipedia in English</strong></div>
<p>&nbsp;</p>
<div dir="auto"></div>
</div>
<div class="cxmmr5t8 oygrvhab hcukyx3x c1et5uql o9v6fnle" style="text-align: justify;">
<div dir="auto"><strong>Date of Birth:</strong> September 29, 1942</div>
<p>&nbsp;</p>
<div dir="auto"></div>
<div dir="auto"><strong>Date of Death:</strong> November 4, 1997 (age 55)</div>
<p>&nbsp;</p>
<div dir="auto"></div>
</div>
<div class="cxmmr5t8 oygrvhab hcukyx3x c1et5uql o9v6fnle" style="text-align: justify;">
<div dir="auto"><strong>Biography:</strong></div>
<p>&nbsp;</p>
<div dir="auto"></div>
<div dir="auto">He attended elementary school in the Floresta neighborhood, at the Emilio Giménez Zapiola school located at 180 Joaquín V. González Street, then he wanted to start secondary school that he left soon after, he felt his vocation for music when his grandmother gave him a guitar in his childhood.</div>
<p>&nbsp;</p>
<div dir="auto"></div>
</div>
<div class="cxmmr5t8 oygrvhab hcukyx3x c1et5uql o9v6fnle" style="text-align: justify;">
<div dir="auto">After a while he separated from the group and began his solo career, where he achieved successes and failures. It was in this period that he achieved popularity and diffusion in Latin America and the Latin American communities, which allowed him to make several tours.</div>
<p>&nbsp;</p>
<div dir="auto"></div>
</div>
<div class="cxmmr5t8 oygrvhab hcukyx3x c1et5uql o9v6fnle" style="text-align: justify;">
<div dir="auto"><strong>Discography</strong></div>
<p>&nbsp;</p>
<div dir="auto"></div>
</div>
<div class="cxmmr5t8 oygrvhab hcukyx3x c1et5uql o9v6fnle" style="text-align: justify;">
<div dir="auto">
<table width="596">
<tbody>
<tr>
<td style="text-align: center;" width="217"><strong>Temas Rock, pop, Rock melódico, Beat</strong></td>
<td style="text-align: center;" width="249"><strong>Escuchar tema</strong></td>
<td style="text-align: center;" width="130"><strong>Año de Publicación</strong></td>
</tr>
<tr>
<td style="text-align: center;"><b>Álbum</b></td>
<td style="text-align: center;"><strong>Quiero Gritar Que Te Quiero</strong></td>
<td style="text-align: center;"><strong>1971</strong></td>
</tr>
<tr>
<td>1</td>
<td>Quiero Gritar Que Te Quiero</td>
<td></td>
</tr>
<tr>
<td>2</td>
<td>No Te Equivoques Corazon</td>
<td></td>
</tr>
<tr>
<td>3</td>
<td>Hoy Estoy Contento</td>
<td></td>
</tr>
<tr>
<td>4</td>
<td>Donde Nacio El Amor</td>
<td></td>
</tr>
<tr>
<td>5</td>
<td>Sos Lo Que Yo Soñé</td>
<td></td>
</tr>
<tr>
<td>6</td>
<td>Soy Como la Brisa</td>
<td></td>
</tr>
<tr>
<td>7</td>
<td>Dime Linda Chiquilina</td>
<td></td>
</tr>
<tr>
<td>8</td>
<td>Acodarte Que Te Quiero</td>
<td></td>
</tr>
<tr>
<td>9</td>
<td>Tal Vez Un Dia Nos Crucemos</td>
<td></td>
</tr>
<tr>
<td>10</td>
<td>Me Pasa</td>
<td></td>
</tr>
<tr>
<td>11</td>
<td>Ay Amor, Que Linda Estas</td>
<td></td>
</tr>
<tr>
<td>12</td>
<td>Me Voy Con El Tiempo</td>
<td></td>
</tr>
<tr>
<td></td>
<td></td>
<td></td>
</tr>
<tr>
<td style="text-align: center;"><strong>Album</strong></td>
<td style="text-align: center;"><strong>Quique Villanueva</strong></td>
<td style="text-align: center;"><strong>1973</strong></td>
</tr>
<tr>
<td>1</td>
<td>Noche Tu Que Sabes De Todo</td>
<td></td>
</tr>
<tr>
<td>2</td>
<td>Cuando Sola Estés Tu</td>
<td></td>
</tr>
<tr>
<td>3</td>
<td>Es Mi Único Deseo</td>
<td></td>
</tr>
<tr>
<td>4</td>
<td>Que Ganas De Besarte</td>
<td></td>
</tr>
<tr>
<td>5</td>
<td>Si Quieres Saber, Te Puedo Enseñar</td>
<td></td>
</tr>
<tr>
<td>6</td>
<td>Quédate Aqui</td>
<td></td>
</tr>
<tr>
<td>7</td>
<td>Recuerda</td>
<td></td>
</tr>
<tr>
<td>8</td>
<td>Te Quiero Mucho</td>
<td></td>
</tr>
<tr>
<td>9</td>
<td>Solo Para Dos</td>
<td></td>
</tr>
<tr>
<td>10</td>
<td>Besos De Miel</td>
<td></td>
</tr>
<tr>
<td>11</td>
<td>Una Cancion</td>
<td></td>
</tr>
<tr>
<td>12</td>
<td>Un Cachito De Paz</td>
<td></td>
</tr>
<tr>
<td></td>
<td></td>
<td></td>
</tr>
<tr>
<td style="text-align: center;"><strong>Album</strong></td>
<td style="text-align: center;"><strong>Se te nota En la Mirada</strong></td>
<td style="text-align: center;"><strong>1974</strong></td>
</tr>
<tr>
<td>1</td>
<td>Se Te Nota En La Mirada</td>
<td></td>
</tr>
<tr>
<td>2</td>
<td>Por Favor No Me Pregunten</td>
<td></td>
</tr>
<tr>
<td>3</td>
<td>Quien Volverá A Quererme</td>
<td></td>
</tr>
<tr>
<td>4</td>
<td>Amor, Yo Soy El Que Te Quiere</td>
<td></td>
</tr>
<tr>
<td>5</td>
<td>Blue de Graciela</td>
<td></td>
</tr>
<tr>
<td>6</td>
<td>Definitivamente Contigo</td>
<td></td>
</tr>
<tr>
<td>7</td>
<td>Solo Canto Para Mi</td>
<td></td>
</tr>
<tr>
<td>8</td>
<td>Vida Mía</td>
<td></td>
</tr>
<tr>
<td>9</td>
<td>No Se Si Tengo Celos</td>
<td></td>
</tr>
<tr>
<td>10</td>
<td>Paloma de Papel</td>
<td></td>
</tr>
<tr>
<td>11</td>
<td>Amor, No Se Por Que Será</td>
<td></td>
</tr>
<tr>
<td>12</td>
<td>Cuando Dices Que Me Quieres</td>
<td></td>
</tr>
<tr>
<td></td>
<td></td>
<td></td>
</tr>
</tbody>
</table>
<p>&nbsp;</p>
</div>
</div>
<div class="cxmmr5t8 oygrvhab hcukyx3x c1et5uql o9v6fnle" style="text-align: justify;">
<div dir="auto">Créditos tomados de Wikipedia:</div>
<div dir="auto"><a class="oajrlxb2 g5ia77u1 qu0x051f esr5mh6w e9989ue4 r7d6kgcz rq0escxv nhd2j8a9 nc684nl6 p7hjln8o kvgmc6g5 cxmmr5t8 oygrvhab hcukyx3x jb3vyjys rz4wbd8a qt6c0cv9 a8nywdso i1ao9s8h esuyzwwr f1sip0of lzcic4wl gpro0wi8 py34i1dx" tabindex="0" role="link" href="https://es.wikipedia.org/wiki/Quique_Villanueva?fbclid=IwAR24pUoz9QLd-iJIBEEzHsnm_NITDd4r2UI1DABV49SEKEhFHOxl-N2uwFg" target="_blank" rel="nofollow noopener">https://es.wikipedia.org/wiki/Quique_Villanueva</a></div>
</div>
<div dir="auto"></div>
<div class="epyt-video-wrapper"><iframe loading="lazy"  id="_ytid_77562"  width="618" height="347"  data-origwidth="618" data-origheight="347" src="https://www.youtube.com/embed/7WWcXGrHoOU?enablejsapi=1&#038;autoplay=0&#038;cc_load_policy=0&#038;cc_lang_pref=&#038;iv_load_policy=1&#038;loop=0&#038;modestbranding=0&#038;rel=1&#038;fs=1&#038;playsinline=0&#038;autohide=2&#038;theme=dark&#038;color=red&#038;controls=1&#038;" class="__youtube_prefs__  epyt-is-override  no-lazyload" title="YouTube player"  allow="fullscreen; accelerometer; autoplay; clipboard-write; encrypted-media; gyroscope; picture-in-picture" allowfullscreen data-no-lazy="1" data-skipgform_ajax_framebjll=""></iframe></div>

<p>&nbsp; Fecha de Nacimiento: 29 de septiembre de 1942 &nbsp; Fecha de Fallecimiento: 04 de noviembre de 1997 (55 años) &nbsp; Biografía: &nbsp; Realizó la primaria en el barrio de Floresta, en el colegio Emilio Giménez Zapiola situado en la calle Joaquín V. González 180, luego quiso comenzar el secundario que abandono al poco tiempo, &hellip;</p>
