{"id":28757,"date":"2022-08-26T11:54:41","date_gmt":"2022-08-26T17:54:41","guid":{"rendered":"https:\/\/mickyandoniehn.com\/radio\/?page_id=28757"},"modified":"2022-09-01T12:14:49","modified_gmt":"2022-09-01T18:14:49","slug":"tim-maia","status":"publish","type":"page","link":"http:\/\/mickyandoniehn.com\/radio\/tim-maia\/","title":{"rendered":"Tim Maia"},"content":{"rendered":"<p style=\"text-align: justify;\"><img loading=\"lazy\" decoding=\"async\" class=\" wp-image-23438 aligncenter\" src=\"http:\/\/mickyandoniehn.com\/radio\/wp-content\/uploads\/2022\/07\/TIM-MAIA.jpg\" alt=\"\" width=\"496\" height=\"496\" srcset=\"http:\/\/mickyandoniehn.com\/radio\/wp-content\/uploads\/2022\/07\/TIM-MAIA.jpg 215w, http:\/\/mickyandoniehn.com\/radio\/wp-content\/uploads\/2022\/07\/TIM-MAIA-150x150.jpg 150w\" sizes=\"auto, (max-width: 496px) 100vw, 496px\" \/><\/p>\n<p>&nbsp;<\/p>\n<div class=\"cxmmr5t8 oygrvhab hcukyx3x c1et5uql o9v6fnle ii04i59q\" style=\"text-align: justify;\">\n<div dir=\"auto\"><strong>Fecha de Nacimiento:<\/strong> R\u00edo de Janeiro, 28 de septiembre de 1942<\/div>\n<p>&nbsp;<\/p>\n<div dir=\"auto\"><\/div>\n<div dir=\"auto\"><strong>Fecha de Fallecimiento:<\/strong> Niter\u00f3i, 15 de marzo de 1998<\/div>\n<p>&nbsp;<\/p>\n<div dir=\"auto\"><\/div>\n<\/div>\n<div class=\"cxmmr5t8 oygrvhab hcukyx3x c1et5uql o9v6fnle ii04i59q\" style=\"text-align: justify;\">\n<div dir=\"auto\"><strong>Biograf\u00eda:<\/strong><\/div>\n<p>&nbsp;<\/p>\n<div dir=\"auto\"><\/div>\n<div dir=\"auto\">Tim Maia es uno de los m\u00e1s grandes artistas que ha dado Brasil en los \u00faltimos cincuenta a\u00f1os. Ya fallecido, a mediados de los noventa, Maia es considerado el padre del soul y el funk brasile\u00f1o, dos estilos con gran pegada en aquel pa\u00eds durante los a\u00f1os 60, 70 y 80, similar a la que hoy tiene el hip hop.<\/div>\n<p>&nbsp;<\/p>\n<div dir=\"auto\"><\/div>\n<\/div>\n<div class=\"cxmmr5t8 oygrvhab hcukyx3x c1et5uql o9v6fnle ii04i59q\" style=\"text-align: justify;\">\n<div dir=\"auto\">La carrera de Maia comienza en los primeros 60 al lado de los compa\u00f1eros Roberto y Erasmo Carlos, con los que conforma la conocida como &#8216;jovem guarda&#8217;, un movimiento innovador y globalizador de la m\u00fasica que romp\u00eda con el pasado, m\u00e1s inspirado en la canci\u00f3n cl\u00e1sica y el jazz. La &#8216;jovem guarda&#8217; introdujo el rock, el soul y los ritmos africanos en la m\u00fasica popular brasile\u00f1a.<\/div>\n<p>&nbsp;<\/p>\n<div dir=\"auto\"><\/div>\n<\/div>\n<div class=\"cxmmr5t8 oygrvhab hcukyx3x c1et5uql o9v6fnle ii04i59q\" style=\"text-align: justify;\">\n<div dir=\"auto\">Maia viaj\u00f3 joven a Estados Unidos, donde enseguida empatiz\u00f3 con el movimiento de liberaci\u00f3n negro, la m\u00fasica soul y las drogas, en especial la coca\u00edna, a la que desde entonces fue adicto.<\/div>\n<p>&nbsp;<\/p>\n<div dir=\"auto\"><\/div>\n<\/div>\n<div class=\"cxmmr5t8 oygrvhab hcukyx3x c1et5uql o9v6fnle ii04i59q\" style=\"text-align: justify;\">\n<div dir=\"auto\">Regres\u00f3 a Brasil con un amplio repertorio de ritmos sensuales, canciones insinuantes, e incluso salaces, y una gran carga de conciencia de raza. Con estos elementos, m\u00e1s un exacerbado romanticismo, confeccion\u00f3 su estilo, que siempre camin\u00f3 entre una gran aceptaci\u00f3n popular y la censura de los gobiernos militares.<\/div>\n<p>&nbsp;<\/p>\n<div dir=\"auto\"><\/div>\n<\/div>\n<div class=\"cxmmr5t8 oygrvhab hcukyx3x c1et5uql o9v6fnle ii04i59q\" style=\"text-align: justify;\">\n<div dir=\"auto\"><strong>Wikipedia in English<\/strong><\/div>\n<p>&nbsp;<\/p>\n<div dir=\"auto\"><\/div>\n<\/div>\n<div class=\"cxmmr5t8 oygrvhab hcukyx3x c1et5uql o9v6fnle ii04i59q\" style=\"text-align: justify;\">\n<div dir=\"auto\"><strong>Date of Birth:<\/strong> R\u00edo de Janeiro, September 28, 1942<\/div>\n<p>&nbsp;<\/p>\n<div dir=\"auto\"><\/div>\n<div dir=\"auto\"><strong>Date of Death:<\/strong> Niter\u00f3i, March 15, 1998<\/div>\n<p>&nbsp;<\/p>\n<div dir=\"auto\"><\/div>\n<\/div>\n<div class=\"cxmmr5t8 oygrvhab hcukyx3x c1et5uql o9v6fnle ii04i59q\" style=\"text-align: justify;\">\n<div dir=\"auto\"><strong>Biography:<\/strong><\/div>\n<p>&nbsp;<\/p>\n<div dir=\"auto\"><\/div>\n<div dir=\"auto\">Tim Maia is one of the greatest artists that Brazil has produced in the last fifty years. Already deceased, in the mid-nineties, Maia is considered the father of soul and Brazilian funk, two styles with great punch in that country during the 60s, 70s and 80s, similar to what hip hop has today.<\/div>\n<p>&nbsp;<\/p>\n<div dir=\"auto\"><\/div>\n<\/div>\n<div class=\"cxmmr5t8 oygrvhab hcukyx3x c1et5uql o9v6fnle ii04i59q\" style=\"text-align: justify;\">\n<div dir=\"auto\">Maia&#8217;s career began in the early 60s with her colleagues Roberto and Erasmo Carlos, with whom she made up the so-called &#8216;jovem guarda&#8217;, an innovative and globalizing music movement that broke with the past, more inspired by the song. classical and jazz. The &#8216;jovem guarda&#8217; introduced rock, soul and African rhythms into Brazilian popular music.<\/div>\n<p>&nbsp;<\/p>\n<div dir=\"auto\"><\/div>\n<\/div>\n<div class=\"cxmmr5t8 oygrvhab hcukyx3x c1et5uql o9v6fnle ii04i59q\" style=\"text-align: justify;\">\n<div dir=\"auto\">Maia traveled young to the United States, where he immediately empathized with the black liberation movement, soul music and drugs, especially cocaine, to which he was addicted ever since.<\/div>\n<p>&nbsp;<\/p>\n<div dir=\"auto\"><\/div>\n<\/div>\n<div class=\"cxmmr5t8 oygrvhab hcukyx3x c1et5uql o9v6fnle ii04i59q\" style=\"text-align: justify;\">\n<div dir=\"auto\">He returned to Brazil with a wide repertoire of sensual rhythms, suggestive songs, and even salacious, and a great load of race consciousness. With these elements, plus an exacerbated romanticism, he made his style, which always walked between a great popular acceptance and the censorship of the military governments.<\/div>\n<p>&nbsp;<\/p>\n<div dir=\"auto\"><\/div>\n<\/div>\n<div class=\"cxmmr5t8 oygrvhab hcukyx3x c1et5uql o9v6fnle ii04i59q\" style=\"text-align: justify;\">\n<div dir=\"auto\"><strong>Discography<\/strong><\/div>\n<p>&nbsp;<\/p>\n<div dir=\"auto\"><\/div>\n<div dir=\"auto\">\n<table style=\"height: 3204px;\" width=\"900\">\n<tbody>\n<tr>\n<td style=\"text-align: center;\" width=\"168\"><strong>Temas\u00a0 bossa nova y al jazz<\/strong><\/td>\n<td style=\"text-align: center;\" width=\"237\"><strong>Escuchar tema<\/strong><\/td>\n<td style=\"text-align: center;\" width=\"201\"><strong>A\u00f1o de Publicacion<\/strong><\/td>\n<\/tr>\n<tr>\n<td>1<\/td>\n<td>Azul Da Cor Do Mar<\/td>\n<td>1970<\/td>\n<\/tr>\n<tr>\n<td>2<\/td>\n<td>Descobridor Dos Sete Mares<\/td>\n<td>1983<\/td>\n<\/tr>\n<tr>\n<td>3<\/td>\n<td>Que Beleza<\/td>\n<td>1975<\/td>\n<\/tr>\n<tr>\n<td>4<\/td>\n<td>R\u00e9u Confesso<\/td>\n<td>1973<\/td>\n<\/tr>\n<tr>\n<td>5<\/td>\n<td>Voc\u00ea<\/td>\n<td>1971<\/td>\n<\/tr>\n<tr>\n<td>6<\/td>\n<td>N\u00e3o Quero Dinheiro (S\u00f3 Quero Amar)<\/td>\n<td>1971<\/td>\n<\/tr>\n<tr>\n<td>7<\/td>\n<td>Caminho Do Bem<\/td>\n<td><\/td>\n<\/tr>\n<tr>\n<td>8<\/td>\n<td>Me D\u00ea Motivo<\/td>\n<td>1983<\/td>\n<\/tr>\n<tr>\n<td>9<\/td>\n<td>Bom Senso<\/td>\n<td>1975<\/td>\n<\/tr>\n<tr>\n<td>10<\/td>\n<td>Sossego<\/td>\n<td>1991<\/td>\n<\/tr>\n<tr>\n<td>11<\/td>\n<td>Do Leme Ao Pontal<\/td>\n<td>1986<\/td>\n<\/tr>\n<tr>\n<td>12<\/td>\n<td>Ela Partiu<\/td>\n<td>1976<\/td>\n<\/tr>\n<tr>\n<td>15<\/td>\n<td>Where Is My Other Half<\/td>\n<td>1972<\/td>\n<\/tr>\n<tr>\n<td>16<\/td>\n<td>Nobody Can Live Forever<\/td>\n<td>1976<\/td>\n<\/tr>\n<tr>\n<td>17<\/td>\n<td>Que Me Importa<\/td>\n<td>1972<\/td>\n<\/tr>\n<tr>\n<td><\/td>\n<td><\/td>\n<td><\/td>\n<\/tr>\n<tr>\n<td style=\"text-align: center;\"><\/td>\n<td style=\"text-align: center;\"><strong>Tim Maia Racional, Vol. 1<\/strong><\/td>\n<td style=\"text-align: center;\"><strong>1975<\/strong><\/td>\n<\/tr>\n<tr>\n<td>1<\/td>\n<td>Imuniza\u00e7\u00e3o Racional<\/td>\n<td><\/td>\n<\/tr>\n<tr>\n<td>2<\/td>\n<td>O gr\u00e3o mestre varonil<\/td>\n<td><\/td>\n<\/tr>\n<tr>\n<td>3<\/td>\n<td>Bom Senso<\/td>\n<td><\/td>\n<\/tr>\n<tr>\n<td>4<\/td>\n<td>Energ\u00eda Racional<\/td>\n<td><\/td>\n<\/tr>\n<tr>\n<td>5<\/td>\n<td>Leia o livro Universo em desencanto<\/td>\n<td><\/td>\n<\/tr>\n<tr>\n<td>6<\/td>\n<td>Contato com o mundo racional<\/td>\n<td><\/td>\n<\/tr>\n<tr>\n<td>7<\/td>\n<td>Universo em Desencanto<\/td>\n<td><\/td>\n<\/tr>\n<tr>\n<td>8<\/td>\n<td>You Don&#8217;t Know What I Know<\/td>\n<td><\/td>\n<\/tr>\n<tr>\n<td>9<\/td>\n<td>Rational culture<\/td>\n<td><\/td>\n<\/tr>\n<tr>\n<td>10<\/td>\n<td>Ela Partiu<\/td>\n<td><\/td>\n<\/tr>\n<tr>\n<td>11<\/td>\n<td>Meus Inimigos<\/td>\n<td><\/td>\n<\/tr>\n<tr>\n<td><\/td>\n<td><\/td>\n<td><\/td>\n<\/tr>\n<tr>\n<td style=\"text-align: center;\"><\/td>\n<td style=\"text-align: center;\"><strong>Tim Maia in Concert<\/strong><\/td>\n<td style=\"text-align: center;\"><strong>2007<\/strong><\/td>\n<\/tr>\n<tr>\n<td>1<\/td>\n<td>A festa do Santo Reis<\/td>\n<td><\/td>\n<\/tr>\n<tr>\n<td>2<\/td>\n<td>Sossego<\/td>\n<td><\/td>\n<\/tr>\n<tr>\n<td>3<\/td>\n<td>Gostava tanto de voc\u00ea<\/td>\n<td><\/td>\n<\/tr>\n<tr>\n<td>4<\/td>\n<td>Primavera (Vai chuva)<\/td>\n<td><\/td>\n<\/tr>\n<tr>\n<td>5<\/td>\n<td>Baby<\/td>\n<td><\/td>\n<\/tr>\n<tr>\n<td>6<\/td>\n<td>Telefone<\/td>\n<td><\/td>\n<\/tr>\n<tr>\n<td>7<\/td>\n<td>Do Leme ao Pontal<\/td>\n<td><\/td>\n<\/tr>\n<tr>\n<td>8<\/td>\n<td>O descobridor dos sete mares<\/td>\n<td><\/td>\n<\/tr>\n<tr>\n<td>9<\/td>\n<td>Voc\u00ea e eu, eu e voc\u00ea<\/td>\n<td><\/td>\n<\/tr>\n<tr>\n<td>10<\/td>\n<td>Me d\u00ea motivo<\/td>\n<td><\/td>\n<\/tr>\n<tr>\n<td>11<\/td>\n<td>Voc\u00ea<\/td>\n<td><\/td>\n<\/tr>\n<tr>\n<td>12<\/td>\n<td>Um dia de domingo<\/td>\n<td><\/td>\n<\/tr>\n<tr>\n<td>13<\/td>\n<td>Vale tudo<\/td>\n<td><\/td>\n<\/tr>\n<tr>\n<td><\/td>\n<td><\/td>\n<td><\/td>\n<\/tr>\n<tr>\n<td style=\"text-align: center;\"><\/td>\n<td style=\"text-align: center;\"><strong>Reencontr\u00f3<\/strong><\/td>\n<td style=\"text-align: center;\"><strong>1979<\/strong><\/td>\n<\/tr>\n<tr>\n<td>1<\/td>\n<td>At\u00e9 Parece Que Foi Sonho<\/td>\n<td><\/td>\n<\/tr>\n<tr>\n<td>2<\/td>\n<td>Can\u00e7\u00e3o Para Cristina<\/td>\n<td><\/td>\n<\/tr>\n<tr>\n<td>3<\/td>\n<td>Reencontr\u00f3<\/td>\n<td><\/td>\n<\/tr>\n<tr>\n<td>4<\/td>\n<td>Par\u00e1 Isso<\/td>\n<td><\/td>\n<\/tr>\n<tr>\n<td>5<\/td>\n<td>Chegou A Hora<\/td>\n<td><\/td>\n<\/tr>\n<tr>\n<td>6<\/td>\n<td>Velho Camarada<\/td>\n<td><\/td>\n<\/tr>\n<tr>\n<td>7<\/td>\n<td>Eu S\u00f3 Quero Ver<\/td>\n<td><\/td>\n<\/tr>\n<tr>\n<td>8<\/td>\n<td>Frente A Frente<\/td>\n<td><\/td>\n<\/tr>\n<tr>\n<td>9<\/td>\n<td>Vou Com G\u00e1s<\/td>\n<td><\/td>\n<\/tr>\n<tr>\n<td>10<\/td>\n<td>Foi Para Seu Bem<\/td>\n<td><\/td>\n<\/tr>\n<tr>\n<td>11<\/td>\n<td>Vou Correndo Te Buscar<\/td>\n<td><\/td>\n<\/tr>\n<tr>\n<td>12<\/td>\n<td>Boogie Esperto<\/td>\n<td><\/td>\n<\/tr>\n<tr>\n<td>13<\/td>\n<td>L\u00e1bios De M\u00e9l<\/td>\n<td><\/td>\n<\/tr>\n<tr>\n<td>14<\/td>\n<td>Para Voc\u00ea Volta<\/td>\n<td><\/td>\n<\/tr>\n<tr>\n<td><\/td>\n<td><\/td>\n<td><\/td>\n<\/tr>\n<tr>\n<td style=\"text-align: center;\"><\/td>\n<td style=\"text-align: center;\"><strong>Disco Club<\/strong><\/td>\n<td style=\"text-align: center;\"><strong>1978<\/strong><\/td>\n<\/tr>\n<tr>\n<td>1<\/td>\n<td>A fim de voltar<\/td>\n<td><\/td>\n<\/tr>\n<tr>\n<td>2<\/td>\n<td>Acenda o farol<\/td>\n<td><\/td>\n<\/tr>\n<tr>\n<td>3<\/td>\n<td>Sossego<\/td>\n<td><\/td>\n<\/tr>\n<tr>\n<td>4<\/td>\n<td colspan=\"2\">Vit\u00f3ria r\u00e9gia &#8211; Estou contigo e n\u00e3o abro (Instrumental)<\/td>\n<\/tr>\n<tr>\n<td>5<\/td>\n<td>All I Want<\/td>\n<td><\/td>\n<\/tr>\n<tr>\n<td>6<\/td>\n<td>Murm\u00fario<\/td>\n<td><\/td>\n<\/tr>\n<tr>\n<td>7<\/td>\n<td>Pais e filhos<\/td>\n<td><\/td>\n<\/tr>\n<tr>\n<td>8<\/td>\n<td>Se eu lembro faz doer<\/td>\n<td><\/td>\n<\/tr>\n<tr>\n<td>9<\/td>\n<td>Juras<\/td>\n<td><\/td>\n<\/tr>\n<tr>\n<td>10<\/td>\n<td>Jhony<\/td>\n<td><\/td>\n<\/tr>\n<tr>\n<td><\/td>\n<td><\/td>\n<td><\/td>\n<\/tr>\n<tr>\n<td style=\"text-align: center;\"><\/td>\n<td style=\"text-align: center;\"><strong>Tim Maia<\/strong><\/td>\n<td style=\"text-align: center;\"><strong>1980<\/strong><\/td>\n<\/tr>\n<tr>\n<td>1<\/td>\n<td>Voc\u00ea e eu, eu e voc\u00ea (juntinhos)<\/td>\n<td><\/td>\n<\/tr>\n<tr>\n<td>2<\/td>\n<td>N\u00e3o v\u00e1<\/td>\n<td><\/td>\n<\/tr>\n<tr>\n<td>3<\/td>\n<td>Tudo vai mudar<\/td>\n<td><\/td>\n<\/tr>\n<tr>\n<td>4<\/td>\n<td>Nissei linda, linda nissei<\/td>\n<td><\/td>\n<\/tr>\n<tr>\n<td>5<\/td>\n<td>Nossa hist\u00f3ria de Amor<\/td>\n<td><\/td>\n<\/tr>\n<tr>\n<td>6<\/td>\n<td>Nosso adeus<\/td>\n<td><\/td>\n<\/tr>\n<tr>\n<td>7<\/td>\n<td>N\u00e3o fique triste<\/td>\n<td><\/td>\n<\/tr>\n<tr>\n<td>8<\/td>\n<td>Est\u00e1 dif\u00edcil de esquecer<\/td>\n<td><\/td>\n<\/tr>\n<tr>\n<td>9<\/td>\n<td>Meu samba<\/td>\n<td><\/td>\n<\/tr>\n<tr>\n<td>10<\/td>\n<td>Doeu mais que doer<\/td>\n<td><\/td>\n<\/tr>\n<tr>\n<td><\/td>\n<td><\/td>\n<td><\/td>\n<\/tr>\n<tr>\n<td style=\"text-align: center;\"><\/td>\n<td style=\"text-align: center;\"><strong>Nuvens<\/strong><\/td>\n<td style=\"text-align: center;\"><strong>1982<\/strong><\/td>\n<\/tr>\n<tr>\n<td>1<\/td>\n<td>Nuvens<\/td>\n<td><\/td>\n<\/tr>\n<tr>\n<td>2<\/td>\n<td>Outra mulher<\/td>\n<td><\/td>\n<\/tr>\n<tr>\n<td>3<\/td>\n<td>Ar puro<\/td>\n<td><\/td>\n<\/tr>\n<tr>\n<td>4<\/td>\n<td>O trem, Part 1<\/td>\n<td><\/td>\n<\/tr>\n<tr>\n<td>5<\/td>\n<td>A festa<\/td>\n<td><\/td>\n<\/tr>\n<tr>\n<td>6<\/td>\n<td>Apesar dos poucos anos<\/td>\n<td><\/td>\n<\/tr>\n<tr>\n<td>7<\/td>\n<td>Deixar as coisas tristes para depois<\/td>\n<td><\/td>\n<\/tr>\n<tr>\n<td>8<\/td>\n<td>Ningu\u00e9m gosta de se sentir s\u00f3<\/td>\n<td><\/td>\n<\/tr>\n<tr>\n<td>9<\/td>\n<td>Hadock Lobo esquina com Matoso<\/td>\n<td><\/td>\n<\/tr>\n<tr>\n<td>10<\/td>\n<td>O trem, Part 2<\/td>\n<td><\/td>\n<\/tr>\n<tr>\n<td>11<\/td>\n<td>Na rua, na chuva, na fazenda<\/td>\n<td><\/td>\n<\/tr>\n<tr>\n<td>12<\/td>\n<td>Sol brilhante<\/td>\n<td><\/td>\n<\/tr>\n<tr>\n<td><\/td>\n<td><\/td>\n<td><\/td>\n<\/tr>\n<tr>\n<td style=\"text-align: center;\"><\/td>\n<td style=\"text-align: center;\"><strong>Tim Maia Racional, Vol. 2 Canciones<\/strong><\/td>\n<td style=\"text-align: center;\"><strong>1976<\/strong><\/td>\n<\/tr>\n<tr>\n<td>1<\/td>\n<td>Quer queira, quer n\u00e3o queira<\/td>\n<td><\/td>\n<\/tr>\n<tr>\n<td>2<\/td>\n<td>Paz Interior<\/td>\n<td><\/td>\n<\/tr>\n<tr>\n<td>3<\/td>\n<td>O Caminho do Bem<\/td>\n<td><\/td>\n<\/tr>\n<tr>\n<td>4<\/td>\n<td>Energ\u00eda Racional<\/td>\n<td><\/td>\n<\/tr>\n<tr>\n<td>5<\/td>\n<td>Que Legal<\/td>\n<td><\/td>\n<\/tr>\n<tr>\n<td>6<\/td>\n<td>Cultura Racional<\/td>\n<td><\/td>\n<\/tr>\n<tr>\n<td>7<\/td>\n<td colspan=\"2\">O Dever de Fazer Propaganda Deste Conhecimento<\/td>\n<\/tr>\n<tr>\n<td>8<\/td>\n<td colspan=\"2\">Guin\u00e9 Bissau, Mo\u00e7ambique e Angola Racional<\/td>\n<\/tr>\n<tr>\n<td>9<\/td>\n<td>Imuniza\u00e7\u00e3o Racional (Que beleza)<\/td>\n<td><\/td>\n<\/tr>\n<tr>\n<td><\/td>\n<td><\/td>\n<td><\/td>\n<\/tr>\n<\/tbody>\n<\/table>\n<\/div>\n<div dir=\"auto\"><\/div>\n<\/div>\n<div class=\"cxmmr5t8 oygrvhab hcukyx3x c1et5uql o9v6fnle ii04i59q\" style=\"text-align: justify;\">\n<div dir=\"auto\">Cr\u00e9ditos: Tomado de Wikipedia<\/div>\n<div dir=\"auto\"><a class=\"oajrlxb2 g5ia77u1 qu0x051f esr5mh6w e9989ue4 r7d6kgcz rq0escxv nhd2j8a9 nc684nl6 p7hjln8o kvgmc6g5 cxmmr5t8 oygrvhab hcukyx3x jb3vyjys rz4wbd8a qt6c0cv9 a8nywdso i1ao9s8h esuyzwwr f1sip0of lzcic4wl gpro0wi8 py34i1dx\" tabindex=\"0\" role=\"link\" href=\"https:\/\/l.facebook.com\/l.php?u=https%3A%2F%2Fes.wikipedia.org%2Fwiki%2FTim_Maia%3Ffbclid%3DIwAR0laAqKny6zhZzX5MNbR2gpEtQ02YIMaVdsuPt25qVLlVBxbhrJJHdqIbU&amp;h=AT06_FNPEtxdxooF4tNKDTsXSODm5WTF6h6lfjwUTZRGVd9jBN2ATjOM_P8eYQXPcHMVEsOU9sWTEZrY_UPbuYeNaojIzaDKJompw3WNa9xn8HSgVpBPGY0mpBspYxOmJGD1&amp;__tn__=-UK-R&amp;c[0]=AT1ITALsN0kJGrPI9octQ9Mqh57R2IijbrotjGsI8Ypo1KtOD65xGfqFijUQAF1hlo784jH-aor9g2MXNpLZoOXpWScM7rk1ovbetcDWk-Ce8xVzJfCr170VDz4BTmMU8KSEK5dX4pSk1TTyUd_gLylowSq8yHGe8DQ60g\" target=\"_blank\" rel=\"nofollow noopener\">https:\/\/es.wikipedia.org\/wiki\/Tim_Maia<\/a><\/div>\n<\/div>\n<div dir=\"auto\"><\/div>\n<div class=\"epyt-video-wrapper\"><iframe loading=\"lazy\"  id=\"_ytid_67401\"  width=\"618\" height=\"347\"  data-origwidth=\"618\" data-origheight=\"347\" src=\"https:\/\/www.youtube.com\/embed\/6wXuyxSXSP4?enablejsapi=1&#038;autoplay=0&#038;cc_load_policy=0&#038;cc_lang_pref=&#038;iv_load_policy=1&#038;loop=0&#038;modestbranding=0&#038;rel=1&#038;fs=1&#038;playsinline=0&#038;autohide=2&#038;theme=dark&#038;color=red&#038;controls=1&#038;\" class=\"__youtube_prefs__  epyt-is-override  no-lazyload\" title=\"YouTube player\"  allow=\"fullscreen; accelerometer; autoplay; clipboard-write; encrypted-media; gyroscope; picture-in-picture\" allowfullscreen data-no-lazy=\"1\" data-skipgform_ajax_framebjll=\"\"><\/iframe><\/div>\n","protected":false},"excerpt":{"rendered":"<p>&nbsp; Fecha de Nacimiento: R\u00edo de Janeiro, 28 de septiembre de 1942 &nbsp; Fecha de Fallecimiento: Niter\u00f3i, 15 de marzo de 1998 &nbsp; Biograf\u00eda: &nbsp; Tim Maia es uno de los m\u00e1s grandes artistas que ha dado Brasil en los \u00faltimos cincuenta a\u00f1os. Ya fallecido, a mediados de los noventa, Maia es considerado el padre &hellip;<\/p>\n","protected":false},"author":1,"featured_media":0,"parent":0,"menu_order":0,"comment_status":"closed","ping_status":"closed","template":"","meta":{"footnotes":""},"class_list":["post-28757","page","type-page","status-publish",""],"jetpack_sharing_enabled":true,"_links":{"self":[{"href":"http:\/\/mickyandoniehn.com\/radio\/wp-json\/wp\/v2\/pages\/28757","targetHints":{"allow":["GET"]}}],"collection":[{"href":"http:\/\/mickyandoniehn.com\/radio\/wp-json\/wp\/v2\/pages"}],"about":[{"href":"http:\/\/mickyandoniehn.com\/radio\/wp-json\/wp\/v2\/types\/page"}],"author":[{"embeddable":true,"href":"http:\/\/mickyandoniehn.com\/radio\/wp-json\/wp\/v2\/users\/1"}],"replies":[{"embeddable":true,"href":"http:\/\/mickyandoniehn.com\/radio\/wp-json\/wp\/v2\/comments?post=28757"}],"version-history":[{"count":3,"href":"http:\/\/mickyandoniehn.com\/radio\/wp-json\/wp\/v2\/pages\/28757\/revisions"}],"predecessor-version":[{"id":30535,"href":"http:\/\/mickyandoniehn.com\/radio\/wp-json\/wp\/v2\/pages\/28757\/revisions\/30535"}],"wp:attachment":[{"href":"http:\/\/mickyandoniehn.com\/radio\/wp-json\/wp\/v2\/media?parent=28757"}],"curies":[{"name":"wp","href":"https:\/\/api.w.org\/{rel}","templated":true}]}}