{"id":28747,"date":"2022-08-26T11:51:58","date_gmt":"2022-08-26T17:51:58","guid":{"rendered":"https:\/\/mickyandoniehn.com\/radio\/?page_id=28747"},"modified":"2022-09-01T09:00:27","modified_gmt":"2022-09-01T15:00:27","slug":"bryan-ferry","status":"publish","type":"page","link":"http:\/\/mickyandoniehn.com\/radio\/bryan-ferry\/","title":{"rendered":"Bryan Ferry"},"content":{"rendered":"<p><img loading=\"lazy\" decoding=\"async\" class=\" wp-image-30120 aligncenter\" style=\"text-align: justify;\" src=\"http:\/\/mickyandoniehn.com\/radio\/wp-content\/uploads\/2022\/09\/BRYAN-FERRY-300x193.jpg\" alt=\"\" width=\"777\" height=\"500\" srcset=\"http:\/\/mickyandoniehn.com\/radio\/wp-content\/uploads\/2022\/09\/BRYAN-FERRY-300x193.jpg 300w, http:\/\/mickyandoniehn.com\/radio\/wp-content\/uploads\/2022\/09\/BRYAN-FERRY-1024x660.jpg 1024w, http:\/\/mickyandoniehn.com\/radio\/wp-content\/uploads\/2022\/09\/BRYAN-FERRY-768x495.jpg 768w, http:\/\/mickyandoniehn.com\/radio\/wp-content\/uploads\/2022\/09\/BRYAN-FERRY.jpg 1200w\" sizes=\"auto, (max-width: 777px) 100vw, 777px\" \/><\/p>\n<p style=\"text-align: justify;\"><strong>Fecha de Nacimiento:<\/strong> 26 de septiembre de 1945<\/p>\n<p style=\"text-align: justify;\"><strong>Biograf\u00eda<\/strong><\/p>\n<p style=\"text-align: justify;\">Es un m\u00fasico, cantautor y ocasionalmente actor brit\u00e1nico. Es conocido por su estilo vocal suave, que le hizo destacar en los a\u00f1os setenta como vocalista y principal compositor de Roxy Music. Tambi\u00e9n es famoso por su posterior carrera en solitario.<\/p>\n<p style=\"text-align: justify;\">Bryan estudi\u00f3 Bellas Artes en la Universidad de Newcastle y se convirti\u00f3 en profesor de cer\u00e1mica en Londres, hasta que encontr\u00f3 su verdadera vocaci\u00f3n: la m\u00fasica. Inici\u00f3 su carrera musical en su \u00e9poca universitaria como cantante en el conjunto de rock The Banshees, conoci\u00f3 a Richard Hamilton, artista y gur\u00fa que fundar\u00eda posteriormente el movimiento &#8220;British Pop Art&#8221;, el cual, le inspir\u00f3 e influenci\u00f3 en su visi\u00f3n musical. Posteriormente se incorpor\u00f3 a The City Blues y luego a Gas Board, un grupo soul junto a Graham Simpson y John Porter, con quien a fines de 1970 forma Roxy Music junto con otros amigos.<\/p>\n<p style=\"text-align: justify;\">En el 2001 Bryan Ferry, Manzanera, Mackay y Thompson reforman Roxy Music y hacen una serie de conciertos. Un a\u00f1o m\u00e1s tarde, con la colaboraci\u00f3n de Manzanera, Ferry vuelve a los estudios de grabaci\u00f3n y sale a la luz \u201cFrantic\u201d. La mezcla de las versiones y originales record\u00f3 sus \u00e1lbumes de los 70 y fue bien recibido. Durante este per\u00edodo tambi\u00e9n actu\u00f3 como coprotagonista en la pel\u00edcula The Porter (2004), y Desayuno en Plut\u00f3n (2005), en la cual interpret\u00f3 un papel secundario.<\/p>\n<p style=\"text-align: justify;\"><strong>Wikipedia in English<\/strong><\/p>\n<p style=\"text-align: justify;\"><strong>Date of Birth:<\/strong> September 26, 1945<\/p>\n<p style=\"text-align: justify;\"><strong>Biography<\/strong><\/p>\n<p style=\"text-align: justify;\">He is a British musician, singer-songwriter and occasionally actor. He is known for his smooth vocal style, which made him stand out in the 1970s as the lead singer and songwriter for Roxy Music. He is also famous for his subsequent solo career.<\/p>\n<p style=\"text-align: justify;\">Bryan studied Fine Arts at Newcastle University and became a professor of ceramics in London, until he found his true calling: music. He began his musical career in his university days as a singer in the rock group The Banshees, he met Richard Hamilton, artist and guru who would later found the &#8220;British Pop Art&#8221; movement, which inspired and influenced his musical vision. Later he joined The City Blues and then Gas Board, a soul group with Graham Simpson and John Porter, with whom in the late 1970s he formed Roxy Music along with other friends.<\/p>\n<p style=\"text-align: justify;\">In 2001 Bryan Ferry, Manzanera, Mackay and Thompson reform Roxy Music and do a series of concerts. A year later, with the collaboration of Manzanera, Ferry returns to the recording studios and \u201cFrantic\u201d comes out. The mix of covers and originals was reminiscent of their 70s albums and was well received. During this period he also acted as a co-star in the film The Porter (2004), and Breakfast on Pluto (2005), in which he played a supporting role.<\/p>\n<p style=\"text-align: justify;\"><strong>Discography<\/strong><\/p>\n<table width=\"566\">\n<tbody>\n<tr>\n<td style=\"text-align: center;\" width=\"98\"><strong>G\u00e9nero Rock<\/strong><\/td>\n<td style=\"text-align: center;\" width=\"371\"><strong>Escuchar Tema<\/strong><\/td>\n<td style=\"text-align: center;\" width=\"97\"><strong>A\u00f1o de Publicaci\u00f3n<\/strong><\/td>\n<\/tr>\n<tr>\n<td><\/td>\n<td><\/td>\n<td><\/td>\n<\/tr>\n<tr>\n<td>1<\/td>\n<td>These Foolish Things<\/td>\n<td>1973<\/td>\n<\/tr>\n<tr>\n<td>2<\/td>\n<td>Another Time, Another Place<\/td>\n<td>1974<\/td>\n<\/tr>\n<tr>\n<td>3<\/td>\n<td>Let&#8217;s Stick Together<\/td>\n<td>1976<\/td>\n<\/tr>\n<tr>\n<td>4<\/td>\n<td>In Your Mind<\/td>\n<td>1977<\/td>\n<\/tr>\n<tr>\n<td>5<\/td>\n<td>The Bride Stripped Bare<\/td>\n<td>1978<\/td>\n<\/tr>\n<tr>\n<td>6<\/td>\n<td>Boys and Girls<\/td>\n<td>1985<\/td>\n<\/tr>\n<tr>\n<td>7<\/td>\n<td>B\u00eate Noire<\/td>\n<td>1987<\/td>\n<\/tr>\n<tr>\n<td>8<\/td>\n<td>Taxi<\/td>\n<td><\/td>\n<\/tr>\n<tr>\n<td>9<\/td>\n<td>Mamouna<\/td>\n<td><\/td>\n<\/tr>\n<tr>\n<td>10<\/td>\n<td>As Time Goes By<\/td>\n<td><\/td>\n<\/tr>\n<tr>\n<td>11<\/td>\n<td>Frantic<\/td>\n<td><\/td>\n<\/tr>\n<tr>\n<td>12<\/td>\n<td>Dylanesque (2007)<\/td>\n<td>2007<\/td>\n<\/tr>\n<tr>\n<td>13<\/td>\n<td>Olympia (2010)<\/td>\n<td>2010<\/td>\n<\/tr>\n<tr>\n<td>14<\/td>\n<td>The Jazz Age (2012)<\/td>\n<td>2012<\/td>\n<\/tr>\n<tr>\n<td>15<\/td>\n<td>Avonmore (2014)<\/td>\n<td>2014<\/td>\n<\/tr>\n<tr>\n<td><\/td>\n<td><\/td>\n<td><\/td>\n<\/tr>\n<\/tbody>\n<\/table>\n<p>&nbsp;<\/p>\n<p>&nbsp;<\/p>\n<div class=\"epyt-video-wrapper\"><iframe loading=\"lazy\"  id=\"_ytid_93493\"  width=\"618\" height=\"347\"  data-origwidth=\"618\" data-origheight=\"347\" src=\"https:\/\/www.youtube.com\/embed\/2zZYhAMQG1s?enablejsapi=1&#038;autoplay=0&#038;cc_load_policy=0&#038;cc_lang_pref=&#038;iv_load_policy=1&#038;loop=0&#038;modestbranding=0&#038;rel=1&#038;fs=1&#038;playsinline=0&#038;autohide=2&#038;theme=dark&#038;color=red&#038;controls=1&#038;\" class=\"__youtube_prefs__  epyt-is-override  no-lazyload\" title=\"YouTube player\"  allow=\"fullscreen; accelerometer; autoplay; clipboard-write; encrypted-media; gyroscope; picture-in-picture\" allowfullscreen data-no-lazy=\"1\" data-skipgform_ajax_framebjll=\"\"><\/iframe><\/div>\n","protected":false},"excerpt":{"rendered":"<p>Fecha de Nacimiento: 26 de septiembre de 1945 Biograf\u00eda Es un m\u00fasico, cantautor y ocasionalmente actor brit\u00e1nico. Es conocido por su estilo vocal suave, que le hizo destacar en los a\u00f1os setenta como vocalista y principal compositor de Roxy Music. Tambi\u00e9n es famoso por su posterior carrera en solitario. Bryan estudi\u00f3 Bellas Artes en la &hellip;<\/p>\n","protected":false},"author":1,"featured_media":0,"parent":0,"menu_order":0,"comment_status":"closed","ping_status":"closed","template":"","meta":{"footnotes":""},"class_list":["post-28747","page","type-page","status-publish",""],"jetpack_sharing_enabled":true,"_links":{"self":[{"href":"http:\/\/mickyandoniehn.com\/radio\/wp-json\/wp\/v2\/pages\/28747","targetHints":{"allow":["GET"]}}],"collection":[{"href":"http:\/\/mickyandoniehn.com\/radio\/wp-json\/wp\/v2\/pages"}],"about":[{"href":"http:\/\/mickyandoniehn.com\/radio\/wp-json\/wp\/v2\/types\/page"}],"author":[{"embeddable":true,"href":"http:\/\/mickyandoniehn.com\/radio\/wp-json\/wp\/v2\/users\/1"}],"replies":[{"embeddable":true,"href":"http:\/\/mickyandoniehn.com\/radio\/wp-json\/wp\/v2\/comments?post=28747"}],"version-history":[{"count":2,"href":"http:\/\/mickyandoniehn.com\/radio\/wp-json\/wp\/v2\/pages\/28747\/revisions"}],"predecessor-version":[{"id":30121,"href":"http:\/\/mickyandoniehn.com\/radio\/wp-json\/wp\/v2\/pages\/28747\/revisions\/30121"}],"wp:attachment":[{"href":"http:\/\/mickyandoniehn.com\/radio\/wp-json\/wp\/v2\/media?parent=28747"}],"curies":[{"name":"wp","href":"https:\/\/api.w.org\/{rel}","templated":true}]}}