{"id":28725,"date":"2022-08-26T11:46:42","date_gmt":"2022-08-26T17:46:42","guid":{"rendered":"https:\/\/mickyandoniehn.com\/radio\/?page_id=28725"},"modified":"2022-09-01T09:41:44","modified_gmt":"2022-09-01T15:41:44","slug":"don-felder","status":"publish","type":"page","link":"http:\/\/mickyandoniehn.com\/radio\/don-felder\/","title":{"rendered":"Don Felder"},"content":{"rendered":"<p style=\"text-align: justify;\"><img loading=\"lazy\" decoding=\"async\" class=\" wp-image-30190 aligncenter\" src=\"http:\/\/mickyandoniehn.com\/radio\/wp-content\/uploads\/2022\/09\/Don-Felder-300x188.jpg\" alt=\"\" width=\"641\" height=\"402\" srcset=\"http:\/\/mickyandoniehn.com\/radio\/wp-content\/uploads\/2022\/09\/Don-Felder-300x188.jpg 300w, http:\/\/mickyandoniehn.com\/radio\/wp-content\/uploads\/2022\/09\/Don-Felder.jpg 728w\" sizes=\"auto, (max-width: 641px) 100vw, 641px\" \/><\/p>\n<p>&nbsp;<\/p>\n<div class=\"cxmmr5t8 oygrvhab hcukyx3x c1et5uql o9v6fnle ii04i59q\" style=\"text-align: justify;\">\n<div dir=\"auto\"><strong>Fecha de Nacimiento:<\/strong> 21 de septiembre de 1947<\/div>\n<p>&nbsp;<\/p>\n<div dir=\"auto\"><\/div>\n<\/div>\n<div class=\"cxmmr5t8 oygrvhab hcukyx3x c1et5uql o9v6fnle ii04i59q\" style=\"text-align: justify;\">\n<div dir=\"auto\"><strong>Biograf\u00eda:<\/strong><\/div>\n<p>&nbsp;<\/p>\n<div dir=\"auto\"><\/div>\n<div dir=\"auto\">Don Felder tuvo por primera vez atracci\u00f3n a la m\u00fasica despu\u00e9s de ver a Elvis Presley en vivo en The Ed Sullivan Show (El show de Sullivan). Tuvo su primera guitarra a la cercana edad de diez a\u00f1os, la cual \u00e9l anunci\u00f3 hab\u00eda intercambiado con un amigo por un pu\u00f1ado de caramelos de cereza. Fue influenciado fuertemente por el Rock and roll y al cumplir quince, arm\u00f3 su propia banda, The Continentals, la cual alcanz\u00f3 la fama con Stephen Stills de Crosby, Stills &amp; Nash. En la misma \u00e9poca conoci\u00f3 a Bernie Leadon, que se convertir\u00eda despu\u00e9s en fundador de The Eagles.<\/div>\n<p>&nbsp;<\/p>\n<div dir=\"auto\"><\/div>\n<\/div>\n<div class=\"cxmmr5t8 oygrvhab hcukyx3x c1et5uql o9v6fnle ii04i59q\" style=\"text-align: justify;\">\n<div dir=\"auto\">\u00c9l y Bernie cursaron en la secundaria de Gainesville en Gainesville, Florida. Bernie reemplaz\u00f3 a Stills y renombraron la banda a The Maundy Quintet (El Quinteto Maundy). Una nota interesante: en el anuario de 1966 de la secundaria de Gainesville The Maundy Quintet se ve junto a otro estudiante de la secundaria Gainesville, y su banda que estaba destinada a la fama; Tom Petty y su futura banda Epics. Don Felder le dict\u00f3 clases de guitarra a Tom Petty durante un a\u00f1o y medio en una tienda musical, y aprendi\u00f3 la t\u00e9cnica del slide de Duane Allman.<\/div>\n<div dir=\"auto\"><\/div>\n<p>&nbsp;<\/p>\n<\/div>\n<div class=\"cxmmr5t8 oygrvhab hcukyx3x c1et5uql o9v6fnle ii04i59q\" style=\"text-align: justify;\">\n<div dir=\"auto\">En 1974, Felder fue reclutado por The Eagles para tocar al estilo Slide en su canci\u00f3n &#8220;Good Day in Hell&#8221;. Al d\u00eda siguiente lo llamaron para que se uniera a la banda. La banda se traslad\u00f3 de su estilo country rock, al estilo rock. En su cuarto \u00e1lbum, One of These Nights, Felder hizo la voz principal en la canci\u00f3n &#8220;Visions&#8221;, la cual compuso junto a Don Henley. Joe Walsh consecuentemente se uni\u00f3 a la banda al a\u00f1o siguiente (1976), despu\u00e9s de la salida de Bernie Leadon.<\/div>\n<p>&nbsp;<\/p>\n<div dir=\"auto\"><\/div>\n<\/div>\n<div class=\"cxmmr5t8 oygrvhab hcukyx3x c1et5uql o9v6fnle ii04i59q\" style=\"text-align: justify;\">\n<div dir=\"auto\"><strong>Date of Birth:<\/strong> September 21, 1947<\/div>\n<p>&nbsp;<\/p>\n<div dir=\"auto\"><\/div>\n<\/div>\n<div class=\"cxmmr5t8 oygrvhab hcukyx3x c1et5uql o9v6fnle ii04i59q\" style=\"text-align: justify;\">\n<div dir=\"auto\"><strong>Biography:<\/strong><\/div>\n<p>&nbsp;<\/p>\n<div dir=\"auto\"><\/div>\n<div dir=\"auto\">Don Felder was first attracted to music after seeing Elvis Presley live on The Ed Sullivan Show. He had his first guitar at the near age of ten, which he announced he had traded with a friend for a handful of cherry candies. He was heavily influenced by rock and roll and when he turned fifteen, he put together his own band, The Continentals, which rose to fame with Stephen Stills of Crosby, Stills &amp; Nash. Around the same time he met Bernie Leadon, who would later become the founder of The Eagles.<\/div>\n<p>&nbsp;<\/p>\n<div dir=\"auto\"><\/div>\n<\/div>\n<div class=\"cxmmr5t8 oygrvhab hcukyx3x c1et5uql o9v6fnle ii04i59q\" style=\"text-align: justify;\">\n<div dir=\"auto\">He and Bernie attended Gainesville High School in Gainesville, Florida. Bernie replaced Stills and they renamed the band The Maundy Quintet. An interesting note: In Gainesville High School&#8217;s 1966 yearbook The Maundy Quintet is seen alongside another Gainesville High School student, and his band that was destined for fame; Tom Petty and his future band Epics. Don Felder taught Tom Petty guitar for a year and a half at a music store, and learned the slide technique from Duane Allman.<\/div>\n<p>&nbsp;<\/p>\n<div dir=\"auto\"><\/div>\n<\/div>\n<div class=\"cxmmr5t8 oygrvhab hcukyx3x c1et5uql o9v6fnle ii04i59q\" style=\"text-align: justify;\">\n<div dir=\"auto\">In 1974, Felder was recruited by The Eagles to play Slide style on their song &#8220;Good Day in Hell.&#8221; The next day they called him to join the band. The band moved from their country rock style, to the rock style. On his fourth album, One of These Nights, Felder provided lead vocals on the song &#8220;Visions,&#8221; which he composed with Don Henley. Joe Walsh consequently joined the band the following year (1976), after the departure of Bernie Leadon.<\/div>\n<div dir=\"auto\"><\/div>\n<p>&nbsp;<\/p>\n<\/div>\n<div class=\"cxmmr5t8 oygrvhab hcukyx3x c1et5uql o9v6fnle ii04i59q\" style=\"text-align: justify;\">\n<div dir=\"auto\"><strong>Discography<\/strong><\/div>\n<p>&nbsp;<\/p>\n<div dir=\"auto\"><\/div>\n<\/div>\n<div class=\"cxmmr5t8 oygrvhab hcukyx3x c1et5uql o9v6fnle ii04i59q\" style=\"text-align: justify;\">\n<div dir=\"auto\">\n<table width=\"513\">\n<tbody>\n<tr>\n<td style=\"text-align: center;\" width=\"90\"><strong>G\u00e9nero Rock<\/strong><\/td>\n<td style=\"text-align: center;\" width=\"326\"><strong>Escuchar Tema<\/strong><\/td>\n<td style=\"text-align: center;\" width=\"97\"><strong>A\u00f1o de Publicaci\u00f3n<\/strong><\/td>\n<\/tr>\n<tr>\n<td><\/td>\n<td><\/td>\n<td><\/td>\n<\/tr>\n<tr>\n<td>1<\/td>\n<td>On the Border<\/td>\n<td>1974<\/td>\n<\/tr>\n<tr>\n<td>2<\/td>\n<td>\u00a0One of These Nights<\/td>\n<td>1975<\/td>\n<\/tr>\n<tr>\n<td>3<\/td>\n<td>Hotel California<\/td>\n<td>1976<\/td>\n<\/tr>\n<tr>\n<td>4<\/td>\n<td>Their Greatest Hits<\/td>\n<td>1976<\/td>\n<\/tr>\n<tr>\n<td>5<\/td>\n<td>The Long Run<\/td>\n<td>1979<\/td>\n<\/tr>\n<tr>\n<td>6<\/td>\n<td>Eagles Live<\/td>\n<td>1980<\/td>\n<\/tr>\n<tr>\n<td>7<\/td>\n<td>Eagles Greatest Hits, Vol. 2<\/td>\n<td>1982<\/td>\n<\/tr>\n<tr>\n<td>8<\/td>\n<td>Hell Freezes Over<\/td>\n<td>1994<\/td>\n<\/tr>\n<tr>\n<td>9<\/td>\n<td>Selected Works: 1972-1999<\/td>\n<td>2000<\/td>\n<\/tr>\n<tr>\n<td>10<\/td>\n<td>The Very Best of Eagles<\/td>\n<td>2003<\/td>\n<\/tr>\n<tr>\n<td>11<\/td>\n<td>Eagles (box set)<\/td>\n<td>2005<\/td>\n<\/tr>\n<tr>\n<td><\/td>\n<td><\/td>\n<td><\/td>\n<\/tr>\n<tr>\n<td style=\"text-align: center;\"><\/td>\n<td>\n<p style=\"text-align: center;\"><strong>\u00c1lbumes solista<\/strong><\/p>\n<\/td>\n<td><\/td>\n<\/tr>\n<tr>\n<td><\/td>\n<td><\/td>\n<td><\/td>\n<\/tr>\n<tr>\n<td>1<\/td>\n<td>\u00a0Airborne<\/td>\n<td>1983<\/td>\n<\/tr>\n<tr>\n<td>2<\/td>\n<td>Road To Forever<\/td>\n<td>2012<\/td>\n<\/tr>\n<tr>\n<td><\/td>\n<td><\/td>\n<td><\/td>\n<\/tr>\n<\/tbody>\n<\/table>\n<\/div>\n<div dir=\"auto\"><\/div>\n<\/div>\n<div class=\"cxmmr5t8 oygrvhab hcukyx3x c1et5uql o9v6fnle ii04i59q\" style=\"text-align: justify;\">\n<div dir=\"auto\">Cr\u00e9ditos: Tomado de Wikipedia<\/div>\n<div dir=\"auto\"><a class=\"oajrlxb2 g5ia77u1 qu0x051f esr5mh6w e9989ue4 r7d6kgcz rq0escxv nhd2j8a9 nc684nl6 p7hjln8o kvgmc6g5 cxmmr5t8 oygrvhab hcukyx3x jb3vyjys rz4wbd8a qt6c0cv9 a8nywdso i1ao9s8h esuyzwwr f1sip0of lzcic4wl gpro0wi8 py34i1dx\" tabindex=\"0\" role=\"link\" href=\"https:\/\/es.wikipedia.org\/wiki\/Don_Felder?fbclid=IwAR10DAABaKtl5yNVwViEdRprhguC5f4Dkim3gxkyv2QmSzcILSGaA4OQFLY\" target=\"_blank\" rel=\"nofollow noopener\">https:\/\/es.wikipedia.org\/wiki\/Don_Felder<\/a><\/div>\n<div dir=\"auto\"><\/div>\n<\/div>\n<div class=\"epyt-video-wrapper\"><iframe loading=\"lazy\"  id=\"_ytid_99109\"  width=\"618\" height=\"347\"  data-origwidth=\"618\" data-origheight=\"347\" src=\"https:\/\/www.youtube.com\/embed\/nWPRM8O7AY8?enablejsapi=1&#038;autoplay=0&#038;cc_load_policy=0&#038;cc_lang_pref=&#038;iv_load_policy=1&#038;loop=0&#038;modestbranding=0&#038;rel=1&#038;fs=1&#038;playsinline=0&#038;autohide=2&#038;theme=dark&#038;color=red&#038;controls=1&#038;\" class=\"__youtube_prefs__  epyt-is-override  no-lazyload\" title=\"YouTube player\"  allow=\"fullscreen; accelerometer; autoplay; clipboard-write; encrypted-media; gyroscope; picture-in-picture\" allowfullscreen data-no-lazy=\"1\" data-skipgform_ajax_framebjll=\"\"><\/iframe><\/div>\n","protected":false},"excerpt":{"rendered":"<p>&nbsp; Fecha de Nacimiento: 21 de septiembre de 1947 &nbsp; Biograf\u00eda: &nbsp; Don Felder tuvo por primera vez atracci\u00f3n a la m\u00fasica despu\u00e9s de ver a Elvis Presley en vivo en The Ed Sullivan Show (El show de Sullivan). Tuvo su primera guitarra a la cercana edad de diez a\u00f1os, la cual \u00e9l anunci\u00f3 hab\u00eda &hellip;<\/p>\n","protected":false},"author":1,"featured_media":0,"parent":0,"menu_order":0,"comment_status":"closed","ping_status":"closed","template":"","meta":{"footnotes":""},"class_list":["post-28725","page","type-page","status-publish",""],"jetpack_sharing_enabled":true,"_links":{"self":[{"href":"http:\/\/mickyandoniehn.com\/radio\/wp-json\/wp\/v2\/pages\/28725","targetHints":{"allow":["GET"]}}],"collection":[{"href":"http:\/\/mickyandoniehn.com\/radio\/wp-json\/wp\/v2\/pages"}],"about":[{"href":"http:\/\/mickyandoniehn.com\/radio\/wp-json\/wp\/v2\/types\/page"}],"author":[{"embeddable":true,"href":"http:\/\/mickyandoniehn.com\/radio\/wp-json\/wp\/v2\/users\/1"}],"replies":[{"embeddable":true,"href":"http:\/\/mickyandoniehn.com\/radio\/wp-json\/wp\/v2\/comments?post=28725"}],"version-history":[{"count":2,"href":"http:\/\/mickyandoniehn.com\/radio\/wp-json\/wp\/v2\/pages\/28725\/revisions"}],"predecessor-version":[{"id":30192,"href":"http:\/\/mickyandoniehn.com\/radio\/wp-json\/wp\/v2\/pages\/28725\/revisions\/30192"}],"wp:attachment":[{"href":"http:\/\/mickyandoniehn.com\/radio\/wp-json\/wp\/v2\/media?parent=28725"}],"curies":[{"name":"wp","href":"https:\/\/api.w.org\/{rel}","templated":true}]}}