{"id":28721,"date":"2022-08-26T11:45:52","date_gmt":"2022-08-26T17:45:52","guid":{"rendered":"https:\/\/mickyandoniehn.com\/radio\/?page_id=28721"},"modified":"2022-09-01T12:01:01","modified_gmt":"2022-09-01T18:01:01","slug":"rocio-jurado","status":"publish","type":"page","link":"http:\/\/mickyandoniehn.com\/radio\/rocio-jurado\/","title":{"rendered":"Roc\u00edo Jurado"},"content":{"rendered":"<p style=\"text-align: justify;\"><img loading=\"lazy\" decoding=\"async\" class=\" wp-image-23297 aligncenter\" src=\"http:\/\/mickyandoniehn.com\/radio\/wp-content\/uploads\/2022\/07\/Rocio-Jurado.jpg\" alt=\"\" width=\"603\" height=\"813\" \/><\/p>\n<p>&nbsp;<\/p>\n<div class=\"cxmmr5t8 oygrvhab hcukyx3x c1et5uql o9v6fnle\" style=\"text-align: justify;\">\n<div dir=\"auto\"><strong>Fecha de Nacimiento:<\/strong> 18 de septiembre de 1940<\/div>\n<p>&nbsp;<\/p>\n<div dir=\"auto\"><\/div>\n<div dir=\"auto\"><strong>Fecha de Fallecimiento:<\/strong> 01 de junio de 2006 (61 a\u00f1os)<\/div>\n<p>&nbsp;<\/p>\n<div dir=\"auto\"><\/div>\n<\/div>\n<div class=\"cxmmr5t8 oygrvhab hcukyx3x c1et5uql o9v6fnle\" style=\"text-align: justify;\">\n<div dir=\"auto\"><strong>Biograf\u00eda:<\/strong><\/div>\n<p>&nbsp;<\/p>\n<div dir=\"auto\"><\/div>\n<div dir=\"auto\">Naci\u00f3 en el n\u00famero 115 de la calle Larga en Chipiona (C\u00e1diz), en el seno de una familia humilde. Su padre, Fernando Mohedano Crespo (1922- 24\/07\/1958; a los 36 a\u00f1os), era zapatero y cantaor de flamenco en sus ratos libres; su madre, Rosario Jurado Bernal (Chipiona, 1926-Madrid, 02\/06\/1978, fallecida a los 62 a\u00f1os de c\u00e1ncer de p\u00e1ncreas), era ama de casa y cantante aficionada de la m\u00fasica espa\u00f1ola.<\/div>\n<p>&nbsp;<\/p>\n<div dir=\"auto\"><\/div>\n<\/div>\n<div class=\"cxmmr5t8 oygrvhab hcukyx3x c1et5uql o9v6fnle\" style=\"text-align: justify;\">\n<div dir=\"auto\">La futura estrella tuvo dos hermanos menores, Amador (1954) y Gloria (1955), y siete sobrinos, Fernando, Rosario, Salvador y Amador (hijos de Amador) y Mar\u00eda Eugenia, Gloria y Roc\u00edo (hijas de Gloria). En su hogar aprendi\u00f3 a amar la m\u00fasica; su primera presentaci\u00f3n en p\u00fablico la hizo a los ocho a\u00f1os, en una obra en su Colegio de La Divina Pastora. Tambi\u00e9n aprendi\u00f3 a trabajar duro desde muy ni\u00f1a. Cantaba misas, participaba en festivales de su colegio y tambi\u00e9n, a los quince a\u00f1os, cuando falleci\u00f3 su padre, tuvo que echar una mano a la precaria econom\u00eda familiar. Trabaj\u00f3 de zapatera, recolectora de frutas y a\u00fan ten\u00eda tiempo para presentarse a los concursos de Radio Sevilla.<\/div>\n<p>&nbsp;<\/p>\n<div dir=\"auto\"><\/div>\n<\/div>\n<div class=\"cxmmr5t8 oygrvhab hcukyx3x c1et5uql o9v6fnle\" style=\"text-align: justify;\">\n<div dir=\"auto\">A Roc\u00edo la llegaron a llamar La ni\u00f1a de los premios, ya que ganaba todos los premios de las emisoras de radio en los cuales participaba. Como en 1958, su primer premio en Radio Sevilla, en el teatro \u00c1lvarez Quintero, y que consisti\u00f3 en 200 pesetas, una botella de gaseosa y un par de medias, como ella misma confes\u00f3 a una revista del coraz\u00f3n. De la mano de su madre, viaj\u00f3 a Madrid, sin haber cumplido la mayor\u00eda de edad, donde una vieja amiga del pueblo la present\u00f3 a La Ni\u00f1a de los Peines y al maestro Manolo Caracol. Sin embargo, su imparable carrera art\u00edstica no empez\u00f3 hasta su primer encuentro con la cantaora Pastora Imperio.<\/div>\n<p>&nbsp;<\/p>\n<div dir=\"auto\"><\/div>\n<\/div>\n<div class=\"cxmmr5t8 oygrvhab hcukyx3x c1et5uql o9v6fnle\" style=\"text-align: justify;\">\n<div dir=\"auto\">Pastora Imperio inmediatamente contrat\u00f3 a Roc\u00edo para el tablao que regentaba, El Duende, uno de los primeros de la \u00e9poca de los tablaos. Siendo una menor, ten\u00eda que vestir ropa que la hiciera aparentar m\u00e1s edad para no llamar la atenci\u00f3n de las autoridades. Su compa\u00f1era, la cantaora y bailaora malague\u00f1a Ca\u00f1eta de M\u00e1laga, que tambi\u00e9n hab\u00eda llegado a Madrid aun siendo joven a buscar fortuna con su arte y fue contratada en El Duende, recuerda en una entrevista como la joven Roc\u00edo cant\u00f3 \u00absus alegr\u00edas, sus tientos y sus cosas de la Piquer\u00bb. Roc\u00edo siempre hab\u00eda dicho que naci\u00f3 en 1944 ya que cuando lleg\u00f3 a Madrid para cantar en 1960 era menor de edad. Hasta los 16 a\u00f1os no pod\u00eda cantar en los tablaos, por este motivo es que falsific\u00f3 su fecha de nacimiento, agreg\u00e1ndole dos a\u00f1os m\u00e1s y diciendo que naci\u00f3 en 1944 en vez de en 1946.<\/div>\n<p>&nbsp;<\/p>\n<div dir=\"auto\"><\/div>\n<\/div>\n<div class=\"cxmmr5t8 oygrvhab hcukyx3x c1et5uql o9v6fnle\" style=\"text-align: justify;\">\n<div dir=\"auto\"><\/div>\n<\/div>\n<div class=\"cxmmr5t8 oygrvhab hcukyx3x c1et5uql o9v6fnle\" style=\"text-align: justify;\">\n<div dir=\"auto\"><strong>Date of Birth:<\/strong> September 18, 1940<\/div>\n<p>&nbsp;<\/p>\n<div dir=\"auto\"><\/div>\n<div dir=\"auto\"><strong>Date of Died:<\/strong> June 1, 2006 (age 61)<\/div>\n<p>&nbsp;<\/p>\n<div dir=\"auto\"><\/div>\n<\/div>\n<div class=\"cxmmr5t8 oygrvhab hcukyx3x c1et5uql o9v6fnle\" style=\"text-align: justify;\">\n<div dir=\"auto\"><strong>Biography:<\/strong><\/div>\n<p>&nbsp;<\/p>\n<div dir=\"auto\"><\/div>\n<div dir=\"auto\">He was born at 115 Calle Larga in Chipiona (C\u00e1diz), into a humble family. His father, Fernando Mohedano Crespo (1922- 07\/24\/1958; at the age of 36), was a shoemaker and flamenco singer in his spare time; his mother, Rosario Jurado Bernal (Chipiona, 1926-Madrid, 06\/02\/1978, died at the age of 62 from pancreatic cancer), was a housewife and an amateur singer of Spanish music.<\/div>\n<p>&nbsp;<\/p>\n<div dir=\"auto\"><\/div>\n<\/div>\n<div class=\"cxmmr5t8 oygrvhab hcukyx3x c1et5uql o9v6fnle\" style=\"text-align: justify;\">\n<div dir=\"auto\">The future star had two younger brothers, Amador (1954) and Gloria (1955), and seven nephews, Fernando, Rosario, Salvador and Amador (Amador&#8217;s sons) and Mar\u00eda Eugenia, Gloria and Roc\u00edo (Gloria&#8217;s daughters). At home he learned to love music; he made his first public presentation at the age of eight, in a play at his Colegio de La Divina Pastora. She also learned to work hard from a very young age. He sang masses, participated in festivals at his school and also, at the age of fifteen, when his father died, he had to lend a hand to the precarious family finances. She worked as a shoemaker, a fruit picker and still had time to appear in Radio Sevilla contests.<\/div>\n<div dir=\"auto\"><\/div>\n<p>&nbsp;<\/p>\n<\/div>\n<div class=\"cxmmr5t8 oygrvhab hcukyx3x c1et5uql o9v6fnle\" style=\"text-align: justify;\">\n<div dir=\"auto\">They came to call Roc\u00edo La Ni\u00f1a de los Premios, since she won all the awards from the radio stations in which she participated. As in 1958, her first prize on Radio Sevilla, at the \u00c1lvarez Quintero theater, and which consisted of 200 pesetas, a bottle of soda and a pair of socks, as she herself confessed to a magazine of the heart. Hand in hand with her mother, she traveled to Madrid, without having reached the age of majority, where an old friend from the town introduced her to La Ni\u00f1a de los Peines and the teacher Manolo Caracol. However, his unstoppable artistic career did not begin until his first meeting with the cantaora Pastora Imperio.<\/div>\n<p>&nbsp;<\/p>\n<div dir=\"auto\"><\/div>\n<\/div>\n<div class=\"cxmmr5t8 oygrvhab hcukyx3x c1et5uql o9v6fnle\" style=\"text-align: justify;\">\n<div dir=\"auto\">Pastora Imperio immediately hired Roc\u00edo for the tablao she ran, El Duende, one of the first from the tablaos era. Being a minor, she had to wear clothes that made her appear older so as not to attract the attention of the authorities. His partner, the Malaga cantaora and bailaora Ca\u00f1eta de M\u00e1laga, who had also come to Madrid even though she was young to seek her fortune with her art and was hired at El Duende, recalls in an interview how the young Roc\u00edo sang \u00abher alegr\u00edas, sus tientos and his things from the Piquer. Roc\u00edo had always said that she was born in 1944 since when she came to Madrid to sing in 1960 she was a minor. Until he was 16 he could not sing in tablaos, for this reason he falsified his date of birth, adding two more years and saying that he was born in 1944 instead of 1946.<\/div>\n<p>&nbsp;<\/p>\n<div dir=\"auto\"><\/div>\n<\/div>\n<div class=\"cxmmr5t8 oygrvhab hcukyx3x c1et5uql o9v6fnle\" style=\"text-align: justify;\">\n<div dir=\"auto\"><strong>Discography<\/strong><\/div>\n<p>&nbsp;<\/p>\n<\/div>\n<div class=\"cxmmr5t8 oygrvhab hcukyx3x c1et5uql o9v6fnle\" style=\"text-align: justify;\"><\/div>\n<div>\n<table width=\"671\">\n<tbody>\n<tr>\n<td style=\"text-align: center;\" width=\"248\"><b>G\u00e9nero Copla andaluza, flamenco y balada rom\u00e1ntica<\/b><\/td>\n<td style=\"text-align: center;\" width=\"423\"><strong>Escuchar tema<\/strong><\/td>\n<\/tr>\n<tr>\n<td style=\"text-align: center;\"><\/td>\n<td style=\"text-align: center;\"><strong>Canciones de Pelicula &#8220;Proceso de una Estrella&#8221;<\/strong><\/td>\n<\/tr>\n<tr>\n<td>1<\/td>\n<td>\u00a1Ay, Espa\u00f1a M\u00eda!<\/td>\n<\/tr>\n<tr>\n<td>2<\/td>\n<td>La Rosa Y El Viento<\/td>\n<\/tr>\n<tr>\n<td>3<\/td>\n<td>Carcelera<\/td>\n<\/tr>\n<tr>\n<td>4<\/td>\n<td>Ojos Verdes<\/td>\n<\/tr>\n<tr>\n<td>5<\/td>\n<td>Te Lo Juro Yo<\/td>\n<\/tr>\n<tr>\n<td>6<\/td>\n<td>No Me Llames Dolores<\/td>\n<\/tr>\n<tr>\n<td>7<\/td>\n<td>Tatuaje<\/td>\n<\/tr>\n<tr>\n<td>8<\/td>\n<td>Coplas Del Almendro<\/td>\n<\/tr>\n<tr>\n<td><\/td>\n<td><\/td>\n<\/tr>\n<tr>\n<td style=\"text-align: center;\"><\/td>\n<td style=\"text-align: center;\"><strong>Rocio Jurado<\/strong><\/td>\n<\/tr>\n<tr>\n<td>1<\/td>\n<td>Mi Amigo<\/td>\n<\/tr>\n<tr>\n<td>2<\/td>\n<td>No S\u00e9&#8230; Porqu\u00e9<\/td>\n<\/tr>\n<tr>\n<td>3<\/td>\n<td>Quisiera Decir \u00a1No!<\/td>\n<\/tr>\n<tr>\n<td>4<\/td>\n<td>Rocieras Del Rocio<\/td>\n<\/tr>\n<tr>\n<td>5<\/td>\n<td>\u00a1Decir Sevilla!<\/td>\n<\/tr>\n<tr>\n<td>6<\/td>\n<td>Alegr\u00edas De La Macarrona<\/td>\n<\/tr>\n<tr>\n<td>7<\/td>\n<td>\u00a1Dolo&#8230; O&#8230; Res!<\/td>\n<\/tr>\n<tr>\n<td>8<\/td>\n<td>Moren Y Bi\u00e9n Pareci\u00f3<\/td>\n<\/tr>\n<tr>\n<td>9<\/td>\n<td>Tengo Miedo<\/td>\n<\/tr>\n<tr>\n<td>10<\/td>\n<td>Tientos De La Luna Clara<\/td>\n<\/tr>\n<tr>\n<td>11<\/td>\n<td>Oliva El Pan, Panadera<\/td>\n<\/tr>\n<tr>\n<td>12<\/td>\n<td>Como Si Fuera Pecado<\/td>\n<\/tr>\n<tr>\n<td><\/td>\n<td><\/td>\n<\/tr>\n<tr>\n<td style=\"text-align: center;\"><\/td>\n<td style=\"text-align: center;\"><strong>Soy Espa\u00f1a<\/strong><\/td>\n<\/tr>\n<tr>\n<td>1<\/td>\n<td>Soy De Espa\u00f1a<\/td>\n<\/tr>\n<tr>\n<td>2<\/td>\n<td>Tus Cinco Toritos Negros<\/td>\n<\/tr>\n<tr>\n<td>3<\/td>\n<td>Mi Orgullo<\/td>\n<\/tr>\n<tr>\n<td>4<\/td>\n<td>Tanta Mentira<\/td>\n<\/tr>\n<tr>\n<td>5<\/td>\n<td>Te Di Mi Coraz\u00f3n<\/td>\n<\/tr>\n<tr>\n<td>6<\/td>\n<td>Por La Cuesta De La Hermita<\/td>\n<\/tr>\n<tr>\n<td>7<\/td>\n<td>Tres Momentos De Amor<\/td>\n<\/tr>\n<tr>\n<td>8<\/td>\n<td>Mucho 3&#8217;00&#8221;<\/td>\n<\/tr>\n<tr>\n<td>9<\/td>\n<td>Vamos A Dejarlo As\u00ed<\/td>\n<\/tr>\n<tr>\n<td>10<\/td>\n<td>Nana Para El Hijo Que Ha De Nacer<\/td>\n<\/tr>\n<tr>\n<td><\/td>\n<td><\/td>\n<\/tr>\n<\/tbody>\n<\/table>\n<p>&nbsp;<\/p>\n<\/div>\n<div class=\"cxmmr5t8 oygrvhab hcukyx3x c1et5uql o9v6fnle\" style=\"text-align: justify;\">\n<div dir=\"auto\">Cr\u00e9ditos tomados de Wikipedia:<\/div>\n<div dir=\"auto\"><a class=\"oajrlxb2 g5ia77u1 qu0x051f esr5mh6w e9989ue4 r7d6kgcz rq0escxv nhd2j8a9 nc684nl6 p7hjln8o kvgmc6g5 cxmmr5t8 oygrvhab hcukyx3x jb3vyjys rz4wbd8a qt6c0cv9 a8nywdso i1ao9s8h esuyzwwr f1sip0of lzcic4wl gpro0wi8 py34i1dx\" tabindex=\"0\" role=\"link\" href=\"https:\/\/l.facebook.com\/l.php?u=https%3A%2F%2Fes.wikipedia.org%2Fwiki%2FRoc%25C3%25ADo_Jurado%3Ffbclid%3DIwAR03_Bvg1MBs8lCTAWxaDvF-BWLQYvwNOYhVSZkoQI8dI_1GwICzqgunp3g&amp;h=AT39Ca_ZMuoAVHVDpl9l0uiKKWXMjllOH5ygxrm1fv1_9zuZnHGNfvqJo1D4Glv3i3IEVM8Lj_9Psy3TNRULcTOvU05XaNt9rd_s399Iiusl4HGxEPL-z0kx5_4SV66yWLdi&amp;__tn__=-UK-R\" target=\"_blank\" rel=\"nofollow noopener\">https:\/\/es.wikipedia.org\/wiki\/Roc%C3%ADo_Jurado<\/a><\/div>\n<div dir=\"auto\"><\/div>\n<\/div>\n<div class=\"epyt-video-wrapper\"><iframe loading=\"lazy\"  id=\"_ytid_21588\"  width=\"618\" height=\"347\"  data-origwidth=\"618\" data-origheight=\"347\" src=\"https:\/\/www.youtube.com\/embed\/dA_0gXf3qkQ?enablejsapi=1&#038;autoplay=0&#038;cc_load_policy=0&#038;cc_lang_pref=&#038;iv_load_policy=1&#038;loop=0&#038;modestbranding=0&#038;rel=1&#038;fs=1&#038;playsinline=0&#038;autohide=2&#038;theme=dark&#038;color=red&#038;controls=1&#038;\" class=\"__youtube_prefs__  epyt-is-override  no-lazyload\" title=\"YouTube player\"  allow=\"fullscreen; accelerometer; autoplay; clipboard-write; encrypted-media; gyroscope; picture-in-picture\" allowfullscreen data-no-lazy=\"1\" data-skipgform_ajax_framebjll=\"\"><\/iframe><\/div>\n","protected":false},"excerpt":{"rendered":"<p>&nbsp; Fecha de Nacimiento: 18 de septiembre de 1940 &nbsp; Fecha de Fallecimiento: 01 de junio de 2006 (61 a\u00f1os) &nbsp; Biograf\u00eda: &nbsp; Naci\u00f3 en el n\u00famero 115 de la calle Larga en Chipiona (C\u00e1diz), en el seno de una familia humilde. Su padre, Fernando Mohedano Crespo (1922- 24\/07\/1958; a los 36 a\u00f1os), era zapatero &hellip;<\/p>\n","protected":false},"author":1,"featured_media":0,"parent":0,"menu_order":0,"comment_status":"closed","ping_status":"closed","template":"","meta":{"footnotes":""},"class_list":["post-28721","page","type-page","status-publish",""],"jetpack_sharing_enabled":true,"_links":{"self":[{"href":"http:\/\/mickyandoniehn.com\/radio\/wp-json\/wp\/v2\/pages\/28721","targetHints":{"allow":["GET"]}}],"collection":[{"href":"http:\/\/mickyandoniehn.com\/radio\/wp-json\/wp\/v2\/pages"}],"about":[{"href":"http:\/\/mickyandoniehn.com\/radio\/wp-json\/wp\/v2\/types\/page"}],"author":[{"embeddable":true,"href":"http:\/\/mickyandoniehn.com\/radio\/wp-json\/wp\/v2\/users\/1"}],"replies":[{"embeddable":true,"href":"http:\/\/mickyandoniehn.com\/radio\/wp-json\/wp\/v2\/comments?post=28721"}],"version-history":[{"count":3,"href":"http:\/\/mickyandoniehn.com\/radio\/wp-json\/wp\/v2\/pages\/28721\/revisions"}],"predecessor-version":[{"id":30507,"href":"http:\/\/mickyandoniehn.com\/radio\/wp-json\/wp\/v2\/pages\/28721\/revisions\/30507"}],"wp:attachment":[{"href":"http:\/\/mickyandoniehn.com\/radio\/wp-json\/wp\/v2\/media?parent=28721"}],"curies":[{"name":"wp","href":"https:\/\/api.w.org\/{rel}","templated":true}]}}