{"id":28709,"date":"2022-08-26T11:38:13","date_gmt":"2022-08-26T17:38:13","guid":{"rendered":"https:\/\/mickyandoniehn.com\/radio\/?page_id=28709"},"modified":"2022-09-01T08:38:06","modified_gmt":"2022-09-01T14:38:06","slug":"b-b-king","status":"publish","type":"page","link":"http:\/\/mickyandoniehn.com\/radio\/b-b-king\/","title":{"rendered":"B. B. King"},"content":{"rendered":"<p style=\"text-align: justify;\"><img loading=\"lazy\" decoding=\"async\" class=\" wp-image-23286 aligncenter\" src=\"http:\/\/mickyandoniehn.com\/radio\/wp-content\/uploads\/2022\/07\/B.-B.-King-300x201.jpg\" alt=\"\" width=\"524\" height=\"351\" srcset=\"http:\/\/mickyandoniehn.com\/radio\/wp-content\/uploads\/2022\/07\/B.-B.-King-300x201.jpg 300w, http:\/\/mickyandoniehn.com\/radio\/wp-content\/uploads\/2022\/07\/B.-B.-King-110x75.jpg 110w, http:\/\/mickyandoniehn.com\/radio\/wp-content\/uploads\/2022\/07\/B.-B.-King.jpg 622w\" sizes=\"auto, (max-width: 524px) 100vw, 524px\" \/><\/p>\n<p>&nbsp;<\/p>\n<div class=\"cxmmr5t8 oygrvhab hcukyx3x c1et5uql o9v6fnle ii04i59q\" style=\"text-align: justify;\">\n<div dir=\"auto\"><strong>Fecha de Nacimiento:<\/strong> 16 de septiembre de 1925<\/div>\n<p>&nbsp;<\/p>\n<div dir=\"auto\"><\/div>\n<div dir=\"auto\"><strong>Fecha de Fallecimiento:<\/strong> 14 de mayo de 2015 (89 a\u00f1os)<\/div>\n<p>&nbsp;<\/p>\n<div dir=\"auto\"><\/div>\n<\/div>\n<div class=\"cxmmr5t8 oygrvhab hcukyx3x c1et5uql o9v6fnle ii04i59q\" style=\"text-align: justify;\">\n<div dir=\"auto\"><strong>Biograf\u00eda:<\/strong><\/div>\n<p>&nbsp;<\/p>\n<div dir=\"auto\"><\/div>\n<div dir=\"auto\">fue un m\u00fasico, cantante y compositor estadounidense. Es ampliamente considerado uno de los m\u00fasicos de blues m\u00e1s influyentes de todos los tiempos, recibiendo el apodo de \u00abRey del Blues\u00bb y el sobrenombre de \u00abuno de los tres reyes (kings) de la guitarra blues\u00bb junto a Albert King y Freddie King Seg\u00fan Edward M. Komara, King \u00abintrodujo un sofisticado estilo de solos basados en fluidas cuerdas [de guitarra] dobladas y brillantes vibratos que influir\u00eda pr\u00e1cticamente en todos los guitarristas de blues el\u00e9ctrico que le siguieron\u00bb. Los Beatles le mencionaron en la canci\u00f3n \u00abDig It\u00bb, dem\u00e1s, la revista Rolling Stone lo situ\u00f3 en el puesto seis de la lista de los 100 mejores guitarristas de todos los tiempos10 y figura en el puesto 17 de la lista \u00abTop 50 Guitarists of All Time\u00bb elaborada por Gibson. King fue invitado al Sal\u00f3n de la Fama del Rock and Roll en 1987.<\/div>\n<p>&nbsp;<\/p>\n<div dir=\"auto\"><\/div>\n<\/div>\n<div class=\"cxmmr5t8 oygrvhab hcukyx3x c1et5uql o9v6fnle ii04i59q\" style=\"text-align: justify;\">\n<div dir=\"auto\">Con los a\u00f1os, King desarroll\u00f3 un estilo de guitarra identificable en su obra musical, con elementos prestados de Blind Lemon Jefferson, T-Bone Walker y otros y la fusi\u00f3n de g\u00e9neros musicales como el blues, el jazz, el swing y el pop.<\/div>\n<p>&nbsp;<\/p>\n<div dir=\"auto\"><\/div>\n<\/div>\n<div class=\"cxmmr5t8 oygrvhab hcukyx3x c1et5uql o9v6fnle ii04i59q\" style=\"text-align: justify;\">\n<div dir=\"auto\">Su guitarra el\u00e9ctrica Gibson ES-335, apodada \u00abLucille\u00bb, tambi\u00e9n da nombre a una l\u00ednea de guitarras creada por la compa\u00f1\u00eda en 1980. King es tambi\u00e9n reconocido por su prol\u00edfica n\u00f3mina de actuaciones en directo, con un promedio de 250 o 300 conciertos anuales durante la d\u00e9cada de 1970.<\/div>\n<p>&nbsp;<\/p>\n<\/div>\n<div class=\"cxmmr5t8 oygrvhab hcukyx3x c1et5uql o9v6fnle ii04i59q\" style=\"text-align: justify;\">\n<div dir=\"auto\"><\/div>\n<\/div>\n<div class=\"cxmmr5t8 oygrvhab hcukyx3x c1et5uql o9v6fnle ii04i59q\" style=\"text-align: justify;\">\n<div dir=\"auto\"><strong>Date of Birth:<\/strong> September 16, 1925<\/div>\n<p>&nbsp;<\/p>\n<div dir=\"auto\"><\/div>\n<div dir=\"auto\"><strong>Date of Died:<\/strong> May 14, 2015 (89 years)<\/div>\n<p>&nbsp;<\/p>\n<div dir=\"auto\"><\/div>\n<\/div>\n<div class=\"cxmmr5t8 oygrvhab hcukyx3x c1et5uql o9v6fnle ii04i59q\" style=\"text-align: justify;\">\n<div dir=\"auto\"><strong>Biography:<\/strong><\/div>\n<p>&nbsp;<\/p>\n<div dir=\"auto\"><\/div>\n<div dir=\"auto\">He was an American musician, singer and songwriter. He is widely considered one of the most influential blues musicians of all time, receiving the nickname &#8220;King of Blues&#8221; and the nickname &#8220;one of the three kings of the blues guitar&#8221; alongside Albert King and Freddie King. According to Edward M. Komara, King &#8220;introduced a sophisticated style of solos based on flowing bent [guitar] strings and brilliant vibratos that would influence virtually every electric blues guitarist who followed him.&#8221; The Beatles mentioned him in the song &#8220;Dig It&#8221;, others, Rolling Stone magazine placed him at number six on the list of the 100 greatest guitarists of all time10 and is at number 17 on the list &#8220;Top 50 Guitarists of all time.&#8221; All Time \u00bbproduced by Gibson. King was invited to the Rock and Roll Hall of Fame in 1987.<\/div>\n<p>&nbsp;<\/p>\n<div dir=\"auto\"><\/div>\n<\/div>\n<div class=\"cxmmr5t8 oygrvhab hcukyx3x c1et5uql o9v6fnle ii04i59q\" style=\"text-align: justify;\">\n<div dir=\"auto\">Over the years, King developed an identifiable guitar style in his musical work, with elements borrowed from Blind Lemon Jefferson, T-Bone Walker, and others and the fusion of musical genres such as blues, jazz, swing, and pop.<\/div>\n<p>&nbsp;<\/p>\n<div dir=\"auto\"><\/div>\n<\/div>\n<div class=\"cxmmr5t8 oygrvhab hcukyx3x c1et5uql o9v6fnle ii04i59q\" style=\"text-align: justify;\">\n<div dir=\"auto\">His Gibson ES-335 electric guitar, nicknamed &#8220;Lucille,&#8221; also gives name to a line of guitars created by the company in 1980. King is also renowned for his prolific roster of live performances, averaging 250 to 300 concerts annually. during the 1970s.<\/div>\n<p>&nbsp;<\/p>\n<div dir=\"auto\"><\/div>\n<\/div>\n<div class=\"cxmmr5t8 oygrvhab hcukyx3x c1et5uql o9v6fnle ii04i59q\" style=\"text-align: justify;\">\n<div dir=\"auto\"><strong>Discography<\/strong><\/div>\n<p>&nbsp;<\/p>\n<div dir=\"auto\"><\/div>\n<\/div>\n<div class=\"cxmmr5t8 oygrvhab hcukyx3x c1et5uql o9v6fnle ii04i59q\" style=\"text-align: justify;\">\n<div dir=\"auto\">\n<table width=\"513\">\n<tbody>\n<tr>\n<td style=\"text-align: center;\" width=\"90\"><strong>G\u00e9nero Blues<\/strong><\/td>\n<td style=\"text-align: center;\" width=\"326\"><strong>Escuchar Tema<\/strong><\/td>\n<td style=\"text-align: center;\" width=\"97\"><strong>A\u00f1o de Publicaci\u00f3n<\/strong><\/td>\n<\/tr>\n<tr>\n<td style=\"text-align: center;\"><\/td>\n<td style=\"text-align: center;\"><strong>\u00c1lbumes<\/strong><\/td>\n<td style=\"text-align: center;\"><\/td>\n<\/tr>\n<tr>\n<td>1<\/td>\n<td>Singin&#8217; the Blues<\/td>\n<td>1956<\/td>\n<\/tr>\n<tr>\n<td>2<\/td>\n<td>King of the Blues<\/td>\n<td>1960<\/td>\n<\/tr>\n<tr>\n<td>3<\/td>\n<td>My Kind of Blues<\/td>\n<td>1960<\/td>\n<\/tr>\n<tr>\n<td>4<\/td>\n<td>Live at the Regal<\/td>\n<td>1965<\/td>\n<\/tr>\n<tr>\n<td>5<\/td>\n<td>Lucille<\/td>\n<td>1968<\/td>\n<\/tr>\n<tr>\n<td>6<\/td>\n<td>Live &amp; Well<\/td>\n<td>1969<\/td>\n<\/tr>\n<tr>\n<td>7<\/td>\n<td>Completely Well<\/td>\n<td>1969<\/td>\n<\/tr>\n<tr>\n<td>8<\/td>\n<td>Indianola Mississippi Seeds<\/td>\n<td>1970<\/td>\n<\/tr>\n<tr>\n<td>9<\/td>\n<td>B. B. King in London<\/td>\n<td>1971<\/td>\n<\/tr>\n<tr>\n<td>10<\/td>\n<td>Live in Cook County Jail<\/td>\n<td>1971<\/td>\n<\/tr>\n<tr>\n<td>11<\/td>\n<td>Guess Who<\/td>\n<td>1972<\/td>\n<\/tr>\n<tr>\n<td>12<\/td>\n<td>Lucille Talks Back<\/td>\n<td>1975<\/td>\n<\/tr>\n<tr>\n<td>13<\/td>\n<td>Midnight Believer<\/td>\n<td>1978<\/td>\n<\/tr>\n<tr>\n<td>14<\/td>\n<td>Live &#8220;Now Appearing&#8221; at Ole Miss<\/td>\n<td>1980<\/td>\n<\/tr>\n<tr>\n<td>15<\/td>\n<td>There Must Be a Better World Somewhere<\/td>\n<td>1981<\/td>\n<\/tr>\n<tr>\n<td>16<\/td>\n<td>Love Me Tender<\/td>\n<td>1982<\/td>\n<\/tr>\n<tr>\n<td>17<\/td>\n<td>Why I Sing the Blues<\/td>\n<td>1983<\/td>\n<\/tr>\n<tr>\n<td>18<\/td>\n<td>B. B. King and Sons Live<\/td>\n<td>1990<\/td>\n<\/tr>\n<tr>\n<td>19<\/td>\n<td>Live at San Quentin<\/td>\n<td>1991<\/td>\n<\/tr>\n<tr>\n<td>20<\/td>\n<td>Live at the Apollo<\/td>\n<td>1991<\/td>\n<\/tr>\n<tr>\n<td>21<\/td>\n<td>There is Always One More Time<\/td>\n<td>1991<\/td>\n<\/tr>\n<tr>\n<td>22<\/td>\n<td>Deuces Wild<\/td>\n<td>1997<\/td>\n<\/tr>\n<tr>\n<td>23<\/td>\n<td>Riding with the King<\/td>\n<td>2000<\/td>\n<\/tr>\n<tr>\n<td>24<\/td>\n<td>Reflections<\/td>\n<td>2003<\/td>\n<\/tr>\n<tr>\n<td>25<\/td>\n<td>The Ultimate Collection<\/td>\n<td>2005<\/td>\n<\/tr>\n<tr>\n<td>26<\/td>\n<td>B. B. King &amp; Friends: 80<\/td>\n<td>2005<\/td>\n<\/tr>\n<tr>\n<td>27<\/td>\n<td>B. B. King Best of B. B. King<\/td>\n<td>2006<\/td>\n<\/tr>\n<tr>\n<td>28<\/td>\n<td>B. B. King Gold (Remastered<\/td>\n<td>2006<\/td>\n<\/tr>\n<tr>\n<td>29<\/td>\n<td>B. B. King The Best of<\/td>\n<td>1987<\/td>\n<\/tr>\n<tr>\n<td><\/td>\n<td><\/td>\n<td><\/td>\n<\/tr>\n<\/tbody>\n<\/table>\n<\/div>\n<\/div>\n<div dir=\"auto\"><\/div>\n<div dir=\"auto\"><\/div>\n<div class=\"cxmmr5t8 oygrvhab hcukyx3x c1et5uql o9v6fnle ii04i59q\" style=\"text-align: justify;\">\n<div dir=\"auto\">Cr\u00e9ditos: Tomado de Wikipedia<\/div>\n<div dir=\"auto\"><a class=\"oajrlxb2 g5ia77u1 qu0x051f esr5mh6w e9989ue4 r7d6kgcz rq0escxv nhd2j8a9 nc684nl6 p7hjln8o kvgmc6g5 cxmmr5t8 oygrvhab hcukyx3x jb3vyjys rz4wbd8a qt6c0cv9 a8nywdso i1ao9s8h esuyzwwr f1sip0of lzcic4wl gpro0wi8 py34i1dx\" tabindex=\"0\" role=\"link\" href=\"https:\/\/es.wikipedia.org\/wiki\/B._B._King?fbclid=IwAR3znjd7MGSnvtQtZf_LPJI3oyzA-92k2TlvMSlfwSavXdEiPopYX4yhaWw\" target=\"_blank\" rel=\"nofollow noopener\">https:\/\/es.wikipedia.org\/wiki\/B._B._King<\/a><\/div>\n<div dir=\"auto\"><\/div>\n<\/div>\n<div class=\"epyt-video-wrapper\"><iframe loading=\"lazy\"  id=\"_ytid_56945\"  width=\"618\" height=\"347\"  data-origwidth=\"618\" data-origheight=\"347\" src=\"https:\/\/www.youtube.com\/embed\/JgU9mNqHhPU?enablejsapi=1&#038;autoplay=0&#038;cc_load_policy=0&#038;cc_lang_pref=&#038;iv_load_policy=1&#038;loop=0&#038;modestbranding=0&#038;rel=1&#038;fs=1&#038;playsinline=0&#038;autohide=2&#038;theme=dark&#038;color=red&#038;controls=1&#038;\" class=\"__youtube_prefs__  epyt-is-override  no-lazyload\" title=\"YouTube player\"  allow=\"fullscreen; accelerometer; autoplay; clipboard-write; encrypted-media; gyroscope; picture-in-picture\" allowfullscreen data-no-lazy=\"1\" data-skipgform_ajax_framebjll=\"\"><\/iframe><\/div>\n","protected":false},"excerpt":{"rendered":"<p>&nbsp; Fecha de Nacimiento: 16 de septiembre de 1925 &nbsp; Fecha de Fallecimiento: 14 de mayo de 2015 (89 a\u00f1os) &nbsp; Biograf\u00eda: &nbsp; fue un m\u00fasico, cantante y compositor estadounidense. Es ampliamente considerado uno de los m\u00fasicos de blues m\u00e1s influyentes de todos los tiempos, recibiendo el apodo de \u00abRey del Blues\u00bb y el sobrenombre &hellip;<\/p>\n","protected":false},"author":1,"featured_media":0,"parent":0,"menu_order":0,"comment_status":"closed","ping_status":"closed","template":"","meta":{"footnotes":""},"class_list":["post-28709","page","type-page","status-publish",""],"jetpack_sharing_enabled":true,"_links":{"self":[{"href":"http:\/\/mickyandoniehn.com\/radio\/wp-json\/wp\/v2\/pages\/28709","targetHints":{"allow":["GET"]}}],"collection":[{"href":"http:\/\/mickyandoniehn.com\/radio\/wp-json\/wp\/v2\/pages"}],"about":[{"href":"http:\/\/mickyandoniehn.com\/radio\/wp-json\/wp\/v2\/types\/page"}],"author":[{"embeddable":true,"href":"http:\/\/mickyandoniehn.com\/radio\/wp-json\/wp\/v2\/users\/1"}],"replies":[{"embeddable":true,"href":"http:\/\/mickyandoniehn.com\/radio\/wp-json\/wp\/v2\/comments?post=28709"}],"version-history":[{"count":2,"href":"http:\/\/mickyandoniehn.com\/radio\/wp-json\/wp\/v2\/pages\/28709\/revisions"}],"predecessor-version":[{"id":30086,"href":"http:\/\/mickyandoniehn.com\/radio\/wp-json\/wp\/v2\/pages\/28709\/revisions\/30086"}],"wp:attachment":[{"href":"http:\/\/mickyandoniehn.com\/radio\/wp-json\/wp\/v2\/media?parent=28709"}],"curies":[{"name":"wp","href":"https:\/\/api.w.org\/{rel}","templated":true}]}}