{"id":28651,"date":"2022-08-26T11:19:05","date_gmt":"2022-08-26T17:19:05","guid":{"rendered":"https:\/\/mickyandoniehn.com\/radio\/?page_id=28651"},"modified":"2022-09-01T11:46:50","modified_gmt":"2022-09-01T17:46:50","slug":"otto-de-la-rocha","status":"publish","type":"page","link":"http:\/\/mickyandoniehn.com\/radio\/otto-de-la-rocha\/","title":{"rendered":"Otto de La Rocha"},"content":{"rendered":"<p style=\"text-align: justify;\"><img loading=\"lazy\" decoding=\"async\" class=\"wp-image-23119 aligncenter\" src=\"http:\/\/mickyandoniehn.com\/radio\/wp-content\/uploads\/2022\/07\/Otto-de-La-Rocha-300x200.jpg\" alt=\"\" width=\"836\" height=\"557\" srcset=\"http:\/\/mickyandoniehn.com\/radio\/wp-content\/uploads\/2022\/07\/Otto-de-La-Rocha-300x200.jpg 300w, http:\/\/mickyandoniehn.com\/radio\/wp-content\/uploads\/2022\/07\/Otto-de-La-Rocha.jpg 416w\" sizes=\"auto, (max-width: 836px) 100vw, 836px\" \/><\/p>\n<p>&nbsp;<\/p>\n<div class=\"cxmmr5t8 oygrvhab hcukyx3x c1et5uql o9v6fnle\" style=\"text-align: justify;\">\n<div dir=\"auto\"><strong>Fecha de Nacimiento:<\/strong> Jinotega, 23 de agosto de 1933<\/div>\n<p>&nbsp;<\/p>\n<div dir=\"auto\"><\/div>\n<div dir=\"auto\"><strong>Fecha de Fallecimiento:<\/strong> Managua, 25 de mayo de 2020<\/div>\n<p>&nbsp;<\/p>\n<div dir=\"auto\"><\/div>\n<\/div>\n<div class=\"cxmmr5t8 oygrvhab hcukyx3x c1et5uql o9v6fnle\" style=\"text-align: justify;\">\n<div dir=\"auto\"><strong>Biograf\u00eda:<\/strong><\/div>\n<p>&nbsp;<\/p>\n<div dir=\"auto\"><\/div>\n<div dir=\"auto\">Era hijo de Benjam\u00edn de la Rocha y Graciela L\u00f3pez, nunca estudi\u00f3 m\u00fasica, pero hered\u00f3 su afici\u00f3n musical de su abuelo materno Juan Fajardo, quien fue pariente del padre de los hermanos Carlos y Luis Enrique Mej\u00eda Godoy.<\/div>\n<p>&nbsp;<\/p>\n<div dir=\"auto\"><\/div>\n<\/div>\n<div class=\"cxmmr5t8 oygrvhab hcukyx3x c1et5uql o9v6fnle\" style=\"text-align: justify;\">\n<div dir=\"auto\">Contrajo matrimonio en tres ocasiones, su \u00faltima esposa fue la actriz radial Georgina Valdivia, con quien comparti\u00f3 personajes radiales y anuncios televisivos. De sus tres matrimonios tuvo diez hijos.<\/div>\n<p>&nbsp;<\/p>\n<div dir=\"auto\"><\/div>\n<\/div>\n<div class=\"cxmmr5t8 oygrvhab hcukyx3x c1et5uql o9v6fnle\" style=\"text-align: justify;\">\n<div dir=\"auto\">Cuando ten\u00eda trece a\u00f1os viaj\u00f3 a la capital Managua, buscando una radio donde pudiera cantar, aunque en esa \u00e9poca era muy dif\u00edcil entrar a la naciente radiodifusi\u00f3n nacional. Seg\u00fan contaba, en 1948 se dio a conocer en la emisora Voz de la Victoria en un programa de aficionados que manejaba el recordado hombre de radio el bachiller Oscar P\u00e9rez Valdivia.<\/div>\n<p>&nbsp;<\/p>\n<div dir=\"auto\"><\/div>\n<\/div>\n<div class=\"cxmmr5t8 oygrvhab hcukyx3x c1et5uql o9v6fnle\" style=\"text-align: justify;\">\n<div dir=\"auto\"><strong>Date of Birth:<\/strong> Jinotega, August 23, 1933<\/div>\n<p>&nbsp;<\/p>\n<div dir=\"auto\"><\/div>\n<div dir=\"auto\"><strong>Date of Death:<\/strong> Managua, May 25, 2020<\/div>\n<p>&nbsp;<\/p>\n<div dir=\"auto\"><\/div>\n<\/div>\n<div class=\"cxmmr5t8 oygrvhab hcukyx3x c1et5uql o9v6fnle\" style=\"text-align: justify;\">\n<div dir=\"auto\"><strong>Biography:<\/strong><\/div>\n<p>&nbsp;<\/p>\n<div dir=\"auto\"><\/div>\n<div dir=\"auto\">He was the son of Benjamin de la Rocha and Graciela L\u00f3pez, he never studied music, but he inherited his musical hobby from his maternal grandfather Juan Fajardo, who was a relative of the father of the brothers Carlos and Luis Enrique Mej\u00eda Godoy.<\/div>\n<p>&nbsp;<\/p>\n<div dir=\"auto\"><\/div>\n<\/div>\n<div class=\"cxmmr5t8 oygrvhab hcukyx3x c1et5uql o9v6fnle\" style=\"text-align: justify;\">\n<div dir=\"auto\">He married three times, his last wife was the radio actress Georgina Valdivia, with whom he shared radio characters and television commercials. From his three marriages he had ten children.<\/div>\n<p>&nbsp;<\/p>\n<\/div>\n<div class=\"cxmmr5t8 oygrvhab hcukyx3x c1et5uql o9v6fnle\" style=\"text-align: justify;\">\n<div dir=\"auto\">When he was thirteen years old he traveled to the capital Managua, looking for a radio where he could sing, although at that time it was very difficult to enter the nascent national radio broadcasting. According to him, in 1948 he became known on the Voz de la Victoria radio station in an amateur program run by the remembered radio man, Oscar P\u00e9rez Valdivia.<\/div>\n<p>&nbsp;<\/p>\n<div dir=\"auto\"><\/div>\n<\/div>\n<div dir=\"auto\"><strong>Discography<\/strong><\/div>\n<p>&nbsp;<\/p>\n<div dir=\"auto\">\n<p>&nbsp;<\/p>\n<table width=\"495\">\n<tbody>\n<tr>\n<td style=\"text-align: center;\" width=\"117\"><strong>Temas Son nica y Folk<\/strong><\/td>\n<td style=\"text-align: center;\" width=\"236\"><strong>Escuchar tema<\/strong><\/td>\n<td style=\"text-align: center;\" width=\"142\"><strong>A\u00f1o de Publicaci\u00f3n<\/strong><\/td>\n<\/tr>\n<tr>\n<td>1<\/td>\n<td>La Pelo\u2019e Mai<\/td>\n<td>1970<\/td>\n<\/tr>\n<tr>\n<td>2<\/td>\n<td>Una Canci\u00f3n<\/td>\n<td>1970<\/td>\n<\/tr>\n<tr>\n<td>3<\/td>\n<td>Gotita de Agua<\/td>\n<td>1970<\/td>\n<\/tr>\n<tr>\n<td>4<\/td>\n<td>Mu\u00f1equita<\/td>\n<td>1970<\/td>\n<\/tr>\n<tr>\n<td>5<\/td>\n<td>Soledad<\/td>\n<td>1970<\/td>\n<\/tr>\n<tr>\n<td>6<\/td>\n<td>El Pe\u00f3n<\/td>\n<td>1970<\/td>\n<\/tr>\n<tr>\n<td style=\"text-align: center;\"><\/td>\n<td style=\"text-align: center;\"><\/td>\n<td style=\"text-align: center;\"><\/td>\n<\/tr>\n<tr>\n<td style=\"text-align: center;\"><\/td>\n<td style=\"text-align: center;\"><strong>Managua Linda Managua<\/strong><\/td>\n<td><\/td>\n<\/tr>\n<tr>\n<td>1<\/td>\n<td>Plutarco Malpaisillo<\/td>\n<td><\/td>\n<\/tr>\n<tr>\n<td>2<\/td>\n<td>Mantocal<\/td>\n<td><\/td>\n<\/tr>\n<tr>\n<td>3<\/td>\n<td>La Pelo E Ma\u00edz<\/td>\n<td><\/td>\n<\/tr>\n<tr>\n<td>4<\/td>\n<td>En Tu Cumplea\u00f1os<\/td>\n<td><\/td>\n<\/tr>\n<tr>\n<td>5<\/td>\n<td>Una Cancion<\/td>\n<td><\/td>\n<\/tr>\n<tr>\n<td>6<\/td>\n<td>Managua Linda Managua<\/td>\n<td><\/td>\n<\/tr>\n<tr>\n<td>7<\/td>\n<td>Brumas<\/td>\n<td><\/td>\n<\/tr>\n<tr>\n<td>8<\/td>\n<td>La Hojita<\/td>\n<td><\/td>\n<\/tr>\n<tr>\n<td>9<\/td>\n<td>La Cancion Del Marinero<\/td>\n<td><\/td>\n<\/tr>\n<tr>\n<td>10<\/td>\n<td>Diluvio De Amor<\/td>\n<td><\/td>\n<\/tr>\n<tr>\n<td><\/td>\n<td><\/td>\n<td><\/td>\n<\/tr>\n<tr>\n<td style=\"text-align: center;\"><\/td>\n<td style=\"text-align: center;\"><strong>Trio Los Girasoles<\/strong><\/td>\n<td><\/td>\n<\/tr>\n<tr>\n<td>1<\/td>\n<td>Nicaragua &#8230; Tu Canto Es<\/td>\n<td><\/td>\n<\/tr>\n<tr>\n<td>2<\/td>\n<td>Pinolera<\/td>\n<td><\/td>\n<\/tr>\n<tr>\n<td>3<\/td>\n<td>En Tu Cumplea\u00f1os<\/td>\n<td><\/td>\n<\/tr>\n<tr>\n<td>4<\/td>\n<td>Jinotega<\/td>\n<td><\/td>\n<\/tr>\n<tr>\n<td>5<\/td>\n<td>Pancho Madrigal<\/td>\n<td><\/td>\n<\/tr>\n<tr>\n<td>6<\/td>\n<td>Plutarco Malpaisillo<\/td>\n<td><\/td>\n<\/tr>\n<tr>\n<td>7<\/td>\n<td>Juan Merlo<\/td>\n<td><\/td>\n<\/tr>\n<tr>\n<td>8<\/td>\n<td>Amor Florecido<\/td>\n<td><\/td>\n<\/tr>\n<tr>\n<td>9<\/td>\n<td>Como Te Recuerdo<\/td>\n<td><\/td>\n<\/tr>\n<tr>\n<td>10<\/td>\n<td>Diluvio De Amor<\/td>\n<td><\/td>\n<\/tr>\n<tr>\n<td>11<\/td>\n<td>Mil Quintales de Ilusion<\/td>\n<td><\/td>\n<\/tr>\n<tr>\n<td>12<\/td>\n<td>Milagro De Amor<\/td>\n<td><\/td>\n<\/tr>\n<tr>\n<td><\/td>\n<td><\/td>\n<td><\/td>\n<\/tr>\n<\/tbody>\n<\/table>\n<\/div>\n<div class=\"cxmmr5t8 oygrvhab hcukyx3x c1et5uql o9v6fnle\" style=\"text-align: justify;\"><\/div>\n<div class=\"cxmmr5t8 oygrvhab hcukyx3x c1et5uql o9v6fnle\" style=\"text-align: justify;\">\n<div dir=\"auto\"><\/div>\n<\/div>\n<div class=\"cxmmr5t8 oygrvhab hcukyx3x c1et5uql o9v6fnle\" style=\"text-align: justify;\">\n<div dir=\"auto\">Cr\u00e9ditos tomados de Wikipedia:<\/div>\n<div dir=\"auto\"><a class=\"oajrlxb2 g5ia77u1 qu0x051f esr5mh6w e9989ue4 r7d6kgcz rq0escxv nhd2j8a9 nc684nl6 p7hjln8o kvgmc6g5 cxmmr5t8 oygrvhab hcukyx3x jb3vyjys rz4wbd8a qt6c0cv9 a8nywdso i1ao9s8h esuyzwwr f1sip0of lzcic4wl gpro0wi8 py34i1dx\" tabindex=\"0\" role=\"link\" href=\"https:\/\/es.wikipedia.org\/wiki\/Otto_de_la_Rocha?fbclid=IwAR2L_6kmBWBh_GP3s1_hJ8-7s-SfFP5b7dm5uhmRHQJSq-9GCEah_afxQp4\" target=\"_blank\" rel=\"nofollow noopener\">https:\/\/es.wikipedia.org\/wiki\/Otto_de_la_Rocha<\/a><\/div>\n<\/div>\n<div class=\"epyt-video-wrapper\"><iframe loading=\"lazy\"  id=\"_ytid_14105\"  width=\"618\" height=\"347\"  data-origwidth=\"618\" data-origheight=\"347\" src=\"https:\/\/www.youtube.com\/embed\/DTXvLVqjNOA?enablejsapi=1&#038;autoplay=0&#038;cc_load_policy=0&#038;cc_lang_pref=&#038;iv_load_policy=1&#038;loop=0&#038;modestbranding=0&#038;rel=1&#038;fs=1&#038;playsinline=0&#038;autohide=2&#038;theme=dark&#038;color=red&#038;controls=1&#038;\" class=\"__youtube_prefs__  epyt-is-override  no-lazyload\" title=\"YouTube player\"  allow=\"fullscreen; accelerometer; autoplay; clipboard-write; encrypted-media; gyroscope; picture-in-picture\" allowfullscreen data-no-lazy=\"1\" data-skipgform_ajax_framebjll=\"\"><\/iframe><\/div>\n","protected":false},"excerpt":{"rendered":"<p>&nbsp; Fecha de Nacimiento: Jinotega, 23 de agosto de 1933 &nbsp; Fecha de Fallecimiento: Managua, 25 de mayo de 2020 &nbsp; Biograf\u00eda: &nbsp; Era hijo de Benjam\u00edn de la Rocha y Graciela L\u00f3pez, nunca estudi\u00f3 m\u00fasica, pero hered\u00f3 su afici\u00f3n musical de su abuelo materno Juan Fajardo, quien fue pariente del padre de los hermanos &hellip;<\/p>\n","protected":false},"author":1,"featured_media":0,"parent":0,"menu_order":0,"comment_status":"closed","ping_status":"closed","template":"","meta":{"footnotes":""},"class_list":["post-28651","page","type-page","status-publish",""],"jetpack_sharing_enabled":true,"_links":{"self":[{"href":"http:\/\/mickyandoniehn.com\/radio\/wp-json\/wp\/v2\/pages\/28651","targetHints":{"allow":["GET"]}}],"collection":[{"href":"http:\/\/mickyandoniehn.com\/radio\/wp-json\/wp\/v2\/pages"}],"about":[{"href":"http:\/\/mickyandoniehn.com\/radio\/wp-json\/wp\/v2\/types\/page"}],"author":[{"embeddable":true,"href":"http:\/\/mickyandoniehn.com\/radio\/wp-json\/wp\/v2\/users\/1"}],"replies":[{"embeddable":true,"href":"http:\/\/mickyandoniehn.com\/radio\/wp-json\/wp\/v2\/comments?post=28651"}],"version-history":[{"count":3,"href":"http:\/\/mickyandoniehn.com\/radio\/wp-json\/wp\/v2\/pages\/28651\/revisions"}],"predecessor-version":[{"id":30453,"href":"http:\/\/mickyandoniehn.com\/radio\/wp-json\/wp\/v2\/pages\/28651\/revisions\/30453"}],"wp:attachment":[{"href":"http:\/\/mickyandoniehn.com\/radio\/wp-json\/wp\/v2\/media?parent=28651"}],"curies":[{"name":"wp","href":"https:\/\/api.w.org\/{rel}","templated":true}]}}

<p style="text-align: justify;"><img loading="lazy" decoding="async" class="wp-image-23119 aligncenter" src="http://mickyandoniehn.com/radio/wp-content/uploads/2022/07/Otto-de-La-Rocha-300x200.jpg" alt="" width="836" height="557" srcset="http://mickyandoniehn.com/radio/wp-content/uploads/2022/07/Otto-de-La-Rocha-300x200.jpg 300w, http://mickyandoniehn.com/radio/wp-content/uploads/2022/07/Otto-de-La-Rocha.jpg 416w" sizes="auto, (max-width: 836px) 100vw, 836px" /></p>
<p>&nbsp;</p>
<div class="cxmmr5t8 oygrvhab hcukyx3x c1et5uql o9v6fnle" style="text-align: justify;">
<div dir="auto"><strong>Fecha de Nacimiento:</strong> Jinotega, 23 de agosto de 1933</div>
<p>&nbsp;</p>
<div dir="auto"></div>
<div dir="auto"><strong>Fecha de Fallecimiento:</strong> Managua, 25 de mayo de 2020</div>
<p>&nbsp;</p>
<div dir="auto"></div>
</div>
<div class="cxmmr5t8 oygrvhab hcukyx3x c1et5uql o9v6fnle" style="text-align: justify;">
<div dir="auto"><strong>Biografía:</strong></div>
<p>&nbsp;</p>
<div dir="auto"></div>
<div dir="auto">Era hijo de Benjamín de la Rocha y Graciela López, nunca estudió música, pero heredó su afición musical de su abuelo materno Juan Fajardo, quien fue pariente del padre de los hermanos Carlos y Luis Enrique Mejía Godoy.</div>
<p>&nbsp;</p>
<div dir="auto"></div>
</div>
<div class="cxmmr5t8 oygrvhab hcukyx3x c1et5uql o9v6fnle" style="text-align: justify;">
<div dir="auto">Contrajo matrimonio en tres ocasiones, su última esposa fue la actriz radial Georgina Valdivia, con quien compartió personajes radiales y anuncios televisivos. De sus tres matrimonios tuvo diez hijos.</div>
<p>&nbsp;</p>
<div dir="auto"></div>
</div>
<div class="cxmmr5t8 oygrvhab hcukyx3x c1et5uql o9v6fnle" style="text-align: justify;">
<div dir="auto">Cuando tenía trece años viajó a la capital Managua, buscando una radio donde pudiera cantar, aunque en esa época era muy difícil entrar a la naciente radiodifusión nacional. Según contaba, en 1948 se dio a conocer en la emisora Voz de la Victoria en un programa de aficionados que manejaba el recordado hombre de radio el bachiller Oscar Pérez Valdivia.</div>
<p>&nbsp;</p>
<div dir="auto"></div>
</div>
<div class="cxmmr5t8 oygrvhab hcukyx3x c1et5uql o9v6fnle" style="text-align: justify;">
<div dir="auto"><strong>Date of Birth:</strong> Jinotega, August 23, 1933</div>
<p>&nbsp;</p>
<div dir="auto"></div>
<div dir="auto"><strong>Date of Death:</strong> Managua, May 25, 2020</div>
<p>&nbsp;</p>
<div dir="auto"></div>
</div>
<div class="cxmmr5t8 oygrvhab hcukyx3x c1et5uql o9v6fnle" style="text-align: justify;">
<div dir="auto"><strong>Biography:</strong></div>
<p>&nbsp;</p>
<div dir="auto"></div>
<div dir="auto">He was the son of Benjamin de la Rocha and Graciela López, he never studied music, but he inherited his musical hobby from his maternal grandfather Juan Fajardo, who was a relative of the father of the brothers Carlos and Luis Enrique Mejía Godoy.</div>
<p>&nbsp;</p>
<div dir="auto"></div>
</div>
<div class="cxmmr5t8 oygrvhab hcukyx3x c1et5uql o9v6fnle" style="text-align: justify;">
<div dir="auto">He married three times, his last wife was the radio actress Georgina Valdivia, with whom he shared radio characters and television commercials. From his three marriages he had ten children.</div>
<p>&nbsp;</p>
</div>
<div class="cxmmr5t8 oygrvhab hcukyx3x c1et5uql o9v6fnle" style="text-align: justify;">
<div dir="auto">When he was thirteen years old he traveled to the capital Managua, looking for a radio where he could sing, although at that time it was very difficult to enter the nascent national radio broadcasting. According to him, in 1948 he became known on the Voz de la Victoria radio station in an amateur program run by the remembered radio man, Oscar Pérez Valdivia.</div>
<p>&nbsp;</p>
<div dir="auto"></div>
</div>
<div dir="auto"><strong>Discography</strong></div>
<p>&nbsp;</p>
<div dir="auto">
<p>&nbsp;</p>
<table width="495">
<tbody>
<tr>
<td style="text-align: center;" width="117"><strong>Temas Son nica y Folk</strong></td>
<td style="text-align: center;" width="236"><strong>Escuchar tema</strong></td>
<td style="text-align: center;" width="142"><strong>Año de Publicación</strong></td>
</tr>
<tr>
<td>1</td>
<td>La Pelo’e Mai</td>
<td>1970</td>
</tr>
<tr>
<td>2</td>
<td>Una Canción</td>
<td>1970</td>
</tr>
<tr>
<td>3</td>
<td>Gotita de Agua</td>
<td>1970</td>
</tr>
<tr>
<td>4</td>
<td>Muñequita</td>
<td>1970</td>
</tr>
<tr>
<td>5</td>
<td>Soledad</td>
<td>1970</td>
</tr>
<tr>
<td>6</td>
<td>El Peón</td>
<td>1970</td>
</tr>
<tr>
<td style="text-align: center;"></td>
<td style="text-align: center;"></td>
<td style="text-align: center;"></td>
</tr>
<tr>
<td style="text-align: center;"></td>
<td style="text-align: center;"><strong>Managua Linda Managua</strong></td>
<td></td>
</tr>
<tr>
<td>1</td>
<td>Plutarco Malpaisillo</td>
<td></td>
</tr>
<tr>
<td>2</td>
<td>Mantocal</td>
<td></td>
</tr>
<tr>
<td>3</td>
<td>La Pelo E Maíz</td>
<td></td>
</tr>
<tr>
<td>4</td>
<td>En Tu Cumpleaños</td>
<td></td>
</tr>
<tr>
<td>5</td>
<td>Una Cancion</td>
<td></td>
</tr>
<tr>
<td>6</td>
<td>Managua Linda Managua</td>
<td></td>
</tr>
<tr>
<td>7</td>
<td>Brumas</td>
<td></td>
</tr>
<tr>
<td>8</td>
<td>La Hojita</td>
<td></td>
</tr>
<tr>
<td>9</td>
<td>La Cancion Del Marinero</td>
<td></td>
</tr>
<tr>
<td>10</td>
<td>Diluvio De Amor</td>
<td></td>
</tr>
<tr>
<td></td>
<td></td>
<td></td>
</tr>
<tr>
<td style="text-align: center;"></td>
<td style="text-align: center;"><strong>Trio Los Girasoles</strong></td>
<td></td>
</tr>
<tr>
<td>1</td>
<td>Nicaragua &#8230; Tu Canto Es</td>
<td></td>
</tr>
<tr>
<td>2</td>
<td>Pinolera</td>
<td></td>
</tr>
<tr>
<td>3</td>
<td>En Tu Cumpleaños</td>
<td></td>
</tr>
<tr>
<td>4</td>
<td>Jinotega</td>
<td></td>
</tr>
<tr>
<td>5</td>
<td>Pancho Madrigal</td>
<td></td>
</tr>
<tr>
<td>6</td>
<td>Plutarco Malpaisillo</td>
<td></td>
</tr>
<tr>
<td>7</td>
<td>Juan Merlo</td>
<td></td>
</tr>
<tr>
<td>8</td>
<td>Amor Florecido</td>
<td></td>
</tr>
<tr>
<td>9</td>
<td>Como Te Recuerdo</td>
<td></td>
</tr>
<tr>
<td>10</td>
<td>Diluvio De Amor</td>
<td></td>
</tr>
<tr>
<td>11</td>
<td>Mil Quintales de Ilusion</td>
<td></td>
</tr>
<tr>
<td>12</td>
<td>Milagro De Amor</td>
<td></td>
</tr>
<tr>
<td></td>
<td></td>
<td></td>
</tr>
</tbody>
</table>
</div>
<div class="cxmmr5t8 oygrvhab hcukyx3x c1et5uql o9v6fnle" style="text-align: justify;"></div>
<div class="cxmmr5t8 oygrvhab hcukyx3x c1et5uql o9v6fnle" style="text-align: justify;">
<div dir="auto"></div>
</div>
<div class="cxmmr5t8 oygrvhab hcukyx3x c1et5uql o9v6fnle" style="text-align: justify;">
<div dir="auto">Créditos tomados de Wikipedia:</div>
<div dir="auto"><a class="oajrlxb2 g5ia77u1 qu0x051f esr5mh6w e9989ue4 r7d6kgcz rq0escxv nhd2j8a9 nc684nl6 p7hjln8o kvgmc6g5 cxmmr5t8 oygrvhab hcukyx3x jb3vyjys rz4wbd8a qt6c0cv9 a8nywdso i1ao9s8h esuyzwwr f1sip0of lzcic4wl gpro0wi8 py34i1dx" tabindex="0" role="link" href="https://es.wikipedia.org/wiki/Otto_de_la_Rocha?fbclid=IwAR2L_6kmBWBh_GP3s1_hJ8-7s-SfFP5b7dm5uhmRHQJSq-9GCEah_afxQp4" target="_blank" rel="nofollow noopener">https://es.wikipedia.org/wiki/Otto_de_la_Rocha</a></div>
</div>
<div class="epyt-video-wrapper"><iframe loading="lazy"  id="_ytid_14105"  width="618" height="347"  data-origwidth="618" data-origheight="347" src="https://www.youtube.com/embed/DTXvLVqjNOA?enablejsapi=1&#038;autoplay=0&#038;cc_load_policy=0&#038;cc_lang_pref=&#038;iv_load_policy=1&#038;loop=0&#038;modestbranding=0&#038;rel=1&#038;fs=1&#038;playsinline=0&#038;autohide=2&#038;theme=dark&#038;color=red&#038;controls=1&#038;" class="__youtube_prefs__  epyt-is-override  no-lazyload" title="YouTube player"  allow="fullscreen; accelerometer; autoplay; clipboard-write; encrypted-media; gyroscope; picture-in-picture" allowfullscreen data-no-lazy="1" data-skipgform_ajax_framebjll=""></iframe></div>

<p>&nbsp; Fecha de Nacimiento: Jinotega, 23 de agosto de 1933 &nbsp; Fecha de Fallecimiento: Managua, 25 de mayo de 2020 &nbsp; Biografía: &nbsp; Era hijo de Benjamín de la Rocha y Graciela López, nunca estudió música, pero heredó su afición musical de su abuelo materno Juan Fajardo, quien fue pariente del padre de los hermanos &hellip;</p>
