{"id":28632,"date":"2022-08-26T10:56:15","date_gmt":"2022-08-26T16:56:15","guid":{"rendered":"https:\/\/mickyandoniehn.com\/radio\/?page_id=28632"},"modified":"2022-09-01T09:07:05","modified_gmt":"2022-09-01T15:07:05","slug":"carlos-berlanga","status":"publish","type":"page","link":"http:\/\/mickyandoniehn.com\/radio\/carlos-berlanga\/","title":{"rendered":"Carlos Berlanga"},"content":{"rendered":"<p style=\"text-align: justify;\"><img loading=\"lazy\" decoding=\"async\" class=\" wp-image-30131 aligncenter\" src=\"http:\/\/mickyandoniehn.com\/radio\/wp-content\/uploads\/2022\/08\/CARLOS-BERLANGA.jpg\" alt=\"\" width=\"668\" height=\"374\" \/><\/p>\n<p>&nbsp;<\/p>\n<p style=\"text-align: justify;\"><strong>Fecha de Nacimiento<\/strong>: Madrid, 11 de agosto de 1959<\/p>\n<p style=\"text-align: justify;\"><strong>Fecha de Fallecimiento:<\/strong> Madrid, 5 de junio de 2002<\/p>\n<div class=\"cxmmr5t8 oygrvhab hcukyx3x c1et5uql o9v6fnle ii04i59q\" style=\"text-align: justify;\">\n<div dir=\"auto\"><strong>Biograf\u00eda<\/strong><\/div>\n<div dir=\"auto\"><\/div>\n<div dir=\"auto\">Carlos Jes\u00fas Garc\u00eda-Berlanga Manrique\u00a0 fue un cantante, compositor y letrista espa\u00f1ol de m\u00fasica pop y una de las figuras centrales de la Movida madrile\u00f1a.3 Su etapa m\u00e1s reconocida corresponde a los a\u00f1os 80, cuando form\u00f3 parte de los grupos como Kaka de Luxe, Alaska y los Pegamoides y, muy especialmente, Alaska y Dinarama.<\/div>\n<div dir=\"auto\"><\/div>\n<\/div>\n<div class=\"cxmmr5t8 oygrvhab hcukyx3x c1et5uql o9v6fnle ii04i59q\" style=\"text-align: justify;\">\n<div dir=\"auto\">En su faceta de dise\u00f1ador y pintor destaca la realizaci\u00f3n del cartel de la pel\u00edcula Matador (1986) de Pedro Almod\u00f3var y del de la XIII Mostra de Valencia. Entre 1989 y 1990 realiz\u00f3 unas tiras c\u00f3micas para el diario ABC (de Madrid).<\/div>\n<div dir=\"auto\"><\/div>\n<\/div>\n<div class=\"cxmmr5t8 oygrvhab hcukyx3x c1et5uql o9v6fnle ii04i59q\" style=\"text-align: justify;\">\n<div dir=\"auto\">Era bisnieto del abogado y pol\u00edtico Fidel Garc\u00eda Berlanga (1859-1914), nieto del abogado y pol\u00edtico Jos\u00e9 Garc\u00eda-Berlanga (1886-1952), hijo del cineasta Luis Garc\u00eda Berlanga (1921-2010) y hermano del escritor Jorge Berlanga (1958-2011).<\/div>\n<\/div>\n<div dir=\"auto\">\n<p><strong>Date of Birth:<\/strong> Madrid, August 11, 1959<\/p>\n<p><strong>Date of Death:<\/strong> Madrid, June 5, 2002<\/p>\n<\/div>\n<div class=\"cxmmr5t8 oygrvhab hcukyx3x c1et5uql o9v6fnle ii04i59q\" style=\"text-align: justify;\">\n<div dir=\"auto\"><\/div>\n<\/div>\n<div class=\"cxmmr5t8 oygrvhab hcukyx3x c1et5uql o9v6fnle ii04i59q\" style=\"text-align: justify;\">\n<div dir=\"auto\"><strong>Biography<\/strong><\/div>\n<div dir=\"auto\"><\/div>\n<div dir=\"auto\">Carlos Jes\u00fas Garc\u00eda-Berlanga Manrique (Madrid, August 11, 1959-Madrid, June 5, 2002) was a Spanish pop music singer, composer and lyricist and one of the central figures of the Madrid Movida.3 His most recognized stage It corresponds to the 80s, when he was part of groups such as Kaka de Luxe, Alaska and the Pegamoides and, especially, Alaska and Dinarama.<\/div>\n<div dir=\"auto\"><\/div>\n<\/div>\n<div class=\"cxmmr5t8 oygrvhab hcukyx3x c1et5uql o9v6fnle ii04i59q\" style=\"text-align: justify;\">\n<div dir=\"auto\">In his facet of designer and painter, the poster for the film Matador (1986) by Pedro Almod\u00f3var and that of the XIII Mostra de Valencia stands out. Between 1989 and 1990 he made comic strips for the newspaper ABC (from Madrid).<\/div>\n<div dir=\"auto\"><\/div>\n<\/div>\n<div class=\"cxmmr5t8 oygrvhab hcukyx3x c1et5uql o9v6fnle ii04i59q\" style=\"text-align: justify;\">\n<div dir=\"auto\">He was great-grandson of the lawyer and politician Fidel Garc\u00eda Berlanga (1859-1914), grandson of the lawyer and politician Jos\u00e9 Garc\u00eda-Berlanga (1886-1952), son of the filmmaker Luis Garc\u00eda Berlanga (1921-2010) and brother of the writer Jorge Berlanga (1958- 2011).<\/div>\n<\/div>\n<div dir=\"auto\">\n<p><b>Discograf\u00eda<\/b><\/p>\n<table width=\"840\">\n<tbody>\n<tr>\n<td style=\"text-align: center;\" width=\"248\"><b>G\u00e9nero Pop, Rock, Synth pop, Glam Rock, punk rock<\/b><\/td>\n<td style=\"text-align: center;\" width=\"423\"><strong>Escuchar tema<\/strong><\/td>\n<td style=\"text-align: center;\" width=\"169\"><strong>A\u00f1o<\/strong><\/td>\n<\/tr>\n<tr>\n<td style=\"text-align: center;\"><\/td>\n<td style=\"text-align: center;\"><b>El \u00c1ngel Exterminador<\/b><\/td>\n<td style=\"text-align: center;\"><strong>1990<\/strong><\/td>\n<\/tr>\n<tr>\n<td>1<\/td>\n<td>El \u00e1ngel Exterminador<\/td>\n<td><\/td>\n<\/tr>\n<tr>\n<td>2<\/td>\n<td>El Verano Mas Triste<\/td>\n<td><\/td>\n<\/tr>\n<tr>\n<td>3<\/td>\n<td>En El Volc\u00e1n<\/td>\n<td><\/td>\n<\/tr>\n<tr>\n<td>4<\/td>\n<td>Rendido A Tus Pies<\/td>\n<td><\/td>\n<\/tr>\n<tr>\n<td>5<\/td>\n<td>Septiembre<\/td>\n<td><\/td>\n<\/tr>\n<tr>\n<td>6<\/td>\n<td>Todo Se Puede Hacer Bien<\/td>\n<td><\/td>\n<\/tr>\n<tr>\n<td>7<\/td>\n<td>No Encuentro Humor En El Amor<\/td>\n<td><\/td>\n<\/tr>\n<tr>\n<td>8<\/td>\n<td>La Venganza<\/td>\n<td><\/td>\n<\/tr>\n<tr>\n<td>9<\/td>\n<td>Noches Entre Rejas<\/td>\n<td><\/td>\n<\/tr>\n<tr>\n<td>10<\/td>\n<td>Sue\u00f1os<\/td>\n<td><\/td>\n<\/tr>\n<tr>\n<td><\/td>\n<td><\/td>\n<td><\/td>\n<\/tr>\n<tr>\n<td style=\"text-align: center;\"><\/td>\n<td style=\"text-align: center;\"><strong>Indicios\u00a0<\/strong><\/td>\n<td style=\"text-align: center;\"><strong>1994<\/strong><\/td>\n<\/tr>\n<tr>\n<td>1<\/td>\n<td>Indicios De Arrepentimiento<\/td>\n<td><\/td>\n<\/tr>\n<tr>\n<td>2<\/td>\n<td>Tazas De T\u00e9<\/td>\n<td><\/td>\n<\/tr>\n<tr>\n<td>3<\/td>\n<td>El D\u00eda Del Recuerdo<\/td>\n<td><\/td>\n<\/tr>\n<tr>\n<td>4<\/td>\n<td>Traici\u00f3n<\/td>\n<td><\/td>\n<\/tr>\n<tr>\n<td>5<\/td>\n<td>La Funcionaria<\/td>\n<td><\/td>\n<\/tr>\n<tr>\n<td>6<\/td>\n<td>\u00bfQu\u00e9 Ser\u00eda De Mi Sin Ti?<\/td>\n<td><\/td>\n<\/tr>\n<tr>\n<td>7<\/td>\n<td>C&#8217;est La France<\/td>\n<td><\/td>\n<\/tr>\n<tr>\n<td>8<\/td>\n<td>Si No Es Por Ti<\/td>\n<td><\/td>\n<\/tr>\n<tr>\n<td>9<\/td>\n<td>Aguas De Marco<\/td>\n<td><\/td>\n<\/tr>\n<tr>\n<td>10<\/td>\n<td>Arena<\/td>\n<td><\/td>\n<\/tr>\n<tr>\n<td><\/td>\n<td><\/td>\n<td><\/td>\n<\/tr>\n<tr>\n<td style=\"text-align: center;\"><\/td>\n<td style=\"text-align: center;\"><strong>V\u00eda Satelite Alrededor De<\/strong><\/td>\n<td style=\"text-align: center;\"><strong>1997<\/strong><\/td>\n<\/tr>\n<tr>\n<td>1<\/td>\n<td>120 a\u00f1os sin ti<\/td>\n<td><\/td>\n<\/tr>\n<tr>\n<td>2<\/td>\n<td>F\u00fatbol<\/td>\n<td><\/td>\n<\/tr>\n<tr>\n<td>3<\/td>\n<td>Deja La Lujuria Un Mes<\/td>\n<td><\/td>\n<\/tr>\n<tr>\n<td>4<\/td>\n<td>La Cajera<\/td>\n<td><\/td>\n<\/tr>\n<tr>\n<td>5<\/td>\n<td>Erotismo E Inform\u00e1tica<\/td>\n<td><\/td>\n<\/tr>\n<tr>\n<td>6<\/td>\n<td>Cu\u00e1ndo, Para Qu\u00e9, C\u00f3mo Y Con Qui\u00e9n<\/td>\n<td><\/td>\n<\/tr>\n<tr>\n<td>7<\/td>\n<td>Rayos De Plasma<\/td>\n<td><\/td>\n<\/tr>\n<tr>\n<td>8<\/td>\n<td>El Tiempo Gana<\/td>\n<td><\/td>\n<\/tr>\n<tr>\n<td>9<\/td>\n<td>Safari Emocional<\/td>\n<td><\/td>\n<\/tr>\n<tr>\n<td>10<\/td>\n<td>El Mundo Del Quark<\/td>\n<td><\/td>\n<\/tr>\n<tr>\n<td>11<\/td>\n<td>2002<\/td>\n<td><\/td>\n<\/tr>\n<tr>\n<td>12<\/td>\n<td>El Para\u00edso Perdido<\/td>\n<td><\/td>\n<\/tr>\n<tr>\n<td>13<\/td>\n<td>Pol\u00edticamente Incorrecto<\/td>\n<td><\/td>\n<\/tr>\n<tr>\n<td><\/td>\n<td><\/td>\n<td><\/td>\n<\/tr>\n<\/tbody>\n<\/table>\n<\/div>\n<div class=\"cxmmr5t8 oygrvhab hcukyx3x c1et5uql o9v6fnle ii04i59q\" style=\"text-align: justify;\">\n<div dir=\"auto\"><\/div>\n<\/div>\n<div class=\"epyt-video-wrapper\"><iframe loading=\"lazy\"  id=\"_ytid_74092\"  width=\"618\" height=\"347\"  data-origwidth=\"618\" data-origheight=\"347\" src=\"https:\/\/www.youtube.com\/embed\/DX9ujeq3I-0?enablejsapi=1&#038;autoplay=0&#038;cc_load_policy=0&#038;cc_lang_pref=&#038;iv_load_policy=1&#038;loop=0&#038;modestbranding=0&#038;rel=1&#038;fs=1&#038;playsinline=0&#038;autohide=2&#038;theme=dark&#038;color=red&#038;controls=1&#038;\" class=\"__youtube_prefs__  epyt-is-override  no-lazyload\" title=\"YouTube player\"  allow=\"fullscreen; accelerometer; autoplay; clipboard-write; encrypted-media; gyroscope; picture-in-picture\" allowfullscreen data-no-lazy=\"1\" data-skipgform_ajax_framebjll=\"\"><\/iframe><\/div>\n","protected":false},"excerpt":{"rendered":"<p>&nbsp; Fecha de Nacimiento: Madrid, 11 de agosto de 1959 Fecha de Fallecimiento: Madrid, 5 de junio de 2002 Biograf\u00eda Carlos Jes\u00fas Garc\u00eda-Berlanga Manrique\u00a0 fue un cantante, compositor y letrista espa\u00f1ol de m\u00fasica pop y una de las figuras centrales de la Movida madrile\u00f1a.3 Su etapa m\u00e1s reconocida corresponde a los a\u00f1os 80, cuando form\u00f3 &hellip;<\/p>\n","protected":false},"author":1,"featured_media":0,"parent":0,"menu_order":0,"comment_status":"closed","ping_status":"closed","template":"","meta":{"footnotes":""},"class_list":["post-28632","page","type-page","status-publish",""],"jetpack_sharing_enabled":true,"_links":{"self":[{"href":"http:\/\/mickyandoniehn.com\/radio\/wp-json\/wp\/v2\/pages\/28632","targetHints":{"allow":["GET"]}}],"collection":[{"href":"http:\/\/mickyandoniehn.com\/radio\/wp-json\/wp\/v2\/pages"}],"about":[{"href":"http:\/\/mickyandoniehn.com\/radio\/wp-json\/wp\/v2\/types\/page"}],"author":[{"embeddable":true,"href":"http:\/\/mickyandoniehn.com\/radio\/wp-json\/wp\/v2\/users\/1"}],"replies":[{"embeddable":true,"href":"http:\/\/mickyandoniehn.com\/radio\/wp-json\/wp\/v2\/comments?post=28632"}],"version-history":[{"count":2,"href":"http:\/\/mickyandoniehn.com\/radio\/wp-json\/wp\/v2\/pages\/28632\/revisions"}],"predecessor-version":[{"id":30133,"href":"http:\/\/mickyandoniehn.com\/radio\/wp-json\/wp\/v2\/pages\/28632\/revisions\/30133"}],"wp:attachment":[{"href":"http:\/\/mickyandoniehn.com\/radio\/wp-json\/wp\/v2\/media?parent=28632"}],"curies":[{"name":"wp","href":"https:\/\/api.w.org\/{rel}","templated":true}]}}

<p style="text-align: justify;"><img loading="lazy" decoding="async" class=" wp-image-30131 aligncenter" src="http://mickyandoniehn.com/radio/wp-content/uploads/2022/08/CARLOS-BERLANGA.jpg" alt="" width="668" height="374" /></p>
<p>&nbsp;</p>
<p style="text-align: justify;"><strong>Fecha de Nacimiento</strong>: Madrid, 11 de agosto de 1959</p>
<p style="text-align: justify;"><strong>Fecha de Fallecimiento:</strong> Madrid, 5 de junio de 2002</p>
<div class="cxmmr5t8 oygrvhab hcukyx3x c1et5uql o9v6fnle ii04i59q" style="text-align: justify;">
<div dir="auto"><strong>Biografía</strong></div>
<div dir="auto"></div>
<div dir="auto">Carlos Jesús García-Berlanga Manrique  fue un cantante, compositor y letrista español de música pop y una de las figuras centrales de la Movida madrileña.3 Su etapa más reconocida corresponde a los años 80, cuando formó parte de los grupos como Kaka de Luxe, Alaska y los Pegamoides y, muy especialmente, Alaska y Dinarama.</div>
<div dir="auto"></div>
</div>
<div class="cxmmr5t8 oygrvhab hcukyx3x c1et5uql o9v6fnle ii04i59q" style="text-align: justify;">
<div dir="auto">En su faceta de diseñador y pintor destaca la realización del cartel de la película Matador (1986) de Pedro Almodóvar y del de la XIII Mostra de Valencia. Entre 1989 y 1990 realizó unas tiras cómicas para el diario ABC (de Madrid).</div>
<div dir="auto"></div>
</div>
<div class="cxmmr5t8 oygrvhab hcukyx3x c1et5uql o9v6fnle ii04i59q" style="text-align: justify;">
<div dir="auto">Era bisnieto del abogado y político Fidel García Berlanga (1859-1914), nieto del abogado y político José García-Berlanga (1886-1952), hijo del cineasta Luis García Berlanga (1921-2010) y hermano del escritor Jorge Berlanga (1958-2011).</div>
</div>
<div dir="auto">
<p><strong>Date of Birth:</strong> Madrid, August 11, 1959</p>
<p><strong>Date of Death:</strong> Madrid, June 5, 2002</p>
</div>
<div class="cxmmr5t8 oygrvhab hcukyx3x c1et5uql o9v6fnle ii04i59q" style="text-align: justify;">
<div dir="auto"></div>
</div>
<div class="cxmmr5t8 oygrvhab hcukyx3x c1et5uql o9v6fnle ii04i59q" style="text-align: justify;">
<div dir="auto"><strong>Biography</strong></div>
<div dir="auto"></div>
<div dir="auto">Carlos Jesús García-Berlanga Manrique (Madrid, August 11, 1959-Madrid, June 5, 2002) was a Spanish pop music singer, composer and lyricist and one of the central figures of the Madrid Movida.3 His most recognized stage It corresponds to the 80s, when he was part of groups such as Kaka de Luxe, Alaska and the Pegamoides and, especially, Alaska and Dinarama.</div>
<div dir="auto"></div>
</div>
<div class="cxmmr5t8 oygrvhab hcukyx3x c1et5uql o9v6fnle ii04i59q" style="text-align: justify;">
<div dir="auto">In his facet of designer and painter, the poster for the film Matador (1986) by Pedro Almodóvar and that of the XIII Mostra de Valencia stands out. Between 1989 and 1990 he made comic strips for the newspaper ABC (from Madrid).</div>
<div dir="auto"></div>
</div>
<div class="cxmmr5t8 oygrvhab hcukyx3x c1et5uql o9v6fnle ii04i59q" style="text-align: justify;">
<div dir="auto">He was great-grandson of the lawyer and politician Fidel García Berlanga (1859-1914), grandson of the lawyer and politician José García-Berlanga (1886-1952), son of the filmmaker Luis García Berlanga (1921-2010) and brother of the writer Jorge Berlanga (1958- 2011).</div>
</div>
<div dir="auto">
<p><b>Discografía</b></p>
<table width="840">
<tbody>
<tr>
<td style="text-align: center;" width="248"><b>Género Pop, Rock, Synth pop, Glam Rock, punk rock</b></td>
<td style="text-align: center;" width="423"><strong>Escuchar tema</strong></td>
<td style="text-align: center;" width="169"><strong>Año</strong></td>
</tr>
<tr>
<td style="text-align: center;"></td>
<td style="text-align: center;"><b>El Ángel Exterminador</b></td>
<td style="text-align: center;"><strong>1990</strong></td>
</tr>
<tr>
<td>1</td>
<td>El ángel Exterminador</td>
<td></td>
</tr>
<tr>
<td>2</td>
<td>El Verano Mas Triste</td>
<td></td>
</tr>
<tr>
<td>3</td>
<td>En El Volcán</td>
<td></td>
</tr>
<tr>
<td>4</td>
<td>Rendido A Tus Pies</td>
<td></td>
</tr>
<tr>
<td>5</td>
<td>Septiembre</td>
<td></td>
</tr>
<tr>
<td>6</td>
<td>Todo Se Puede Hacer Bien</td>
<td></td>
</tr>
<tr>
<td>7</td>
<td>No Encuentro Humor En El Amor</td>
<td></td>
</tr>
<tr>
<td>8</td>
<td>La Venganza</td>
<td></td>
</tr>
<tr>
<td>9</td>
<td>Noches Entre Rejas</td>
<td></td>
</tr>
<tr>
<td>10</td>
<td>Sueños</td>
<td></td>
</tr>
<tr>
<td></td>
<td></td>
<td></td>
</tr>
<tr>
<td style="text-align: center;"></td>
<td style="text-align: center;"><strong>Indicios </strong></td>
<td style="text-align: center;"><strong>1994</strong></td>
</tr>
<tr>
<td>1</td>
<td>Indicios De Arrepentimiento</td>
<td></td>
</tr>
<tr>
<td>2</td>
<td>Tazas De Té</td>
<td></td>
</tr>
<tr>
<td>3</td>
<td>El Día Del Recuerdo</td>
<td></td>
</tr>
<tr>
<td>4</td>
<td>Traición</td>
<td></td>
</tr>
<tr>
<td>5</td>
<td>La Funcionaria</td>
<td></td>
</tr>
<tr>
<td>6</td>
<td>¿Qué Sería De Mi Sin Ti?</td>
<td></td>
</tr>
<tr>
<td>7</td>
<td>C&#8217;est La France</td>
<td></td>
</tr>
<tr>
<td>8</td>
<td>Si No Es Por Ti</td>
<td></td>
</tr>
<tr>
<td>9</td>
<td>Aguas De Marco</td>
<td></td>
</tr>
<tr>
<td>10</td>
<td>Arena</td>
<td></td>
</tr>
<tr>
<td></td>
<td></td>
<td></td>
</tr>
<tr>
<td style="text-align: center;"></td>
<td style="text-align: center;"><strong>Vía Satelite Alrededor De</strong></td>
<td style="text-align: center;"><strong>1997</strong></td>
</tr>
<tr>
<td>1</td>
<td>120 años sin ti</td>
<td></td>
</tr>
<tr>
<td>2</td>
<td>Fútbol</td>
<td></td>
</tr>
<tr>
<td>3</td>
<td>Deja La Lujuria Un Mes</td>
<td></td>
</tr>
<tr>
<td>4</td>
<td>La Cajera</td>
<td></td>
</tr>
<tr>
<td>5</td>
<td>Erotismo E Informática</td>
<td></td>
</tr>
<tr>
<td>6</td>
<td>Cuándo, Para Qué, Cómo Y Con Quién</td>
<td></td>
</tr>
<tr>
<td>7</td>
<td>Rayos De Plasma</td>
<td></td>
</tr>
<tr>
<td>8</td>
<td>El Tiempo Gana</td>
<td></td>
</tr>
<tr>
<td>9</td>
<td>Safari Emocional</td>
<td></td>
</tr>
<tr>
<td>10</td>
<td>El Mundo Del Quark</td>
<td></td>
</tr>
<tr>
<td>11</td>
<td>2002</td>
<td></td>
</tr>
<tr>
<td>12</td>
<td>El Paraíso Perdido</td>
<td></td>
</tr>
<tr>
<td>13</td>
<td>Políticamente Incorrecto</td>
<td></td>
</tr>
<tr>
<td></td>
<td></td>
<td></td>
</tr>
</tbody>
</table>
</div>
<div class="cxmmr5t8 oygrvhab hcukyx3x c1et5uql o9v6fnle ii04i59q" style="text-align: justify;">
<div dir="auto"></div>
</div>
<div class="epyt-video-wrapper"><iframe loading="lazy"  id="_ytid_74092"  width="618" height="347"  data-origwidth="618" data-origheight="347" src="https://www.youtube.com/embed/DX9ujeq3I-0?enablejsapi=1&#038;autoplay=0&#038;cc_load_policy=0&#038;cc_lang_pref=&#038;iv_load_policy=1&#038;loop=0&#038;modestbranding=0&#038;rel=1&#038;fs=1&#038;playsinline=0&#038;autohide=2&#038;theme=dark&#038;color=red&#038;controls=1&#038;" class="__youtube_prefs__  epyt-is-override  no-lazyload" title="YouTube player"  allow="fullscreen; accelerometer; autoplay; clipboard-write; encrypted-media; gyroscope; picture-in-picture" allowfullscreen data-no-lazy="1" data-skipgform_ajax_framebjll=""></iframe></div>

<p>&nbsp; Fecha de Nacimiento: Madrid, 11 de agosto de 1959 Fecha de Fallecimiento: Madrid, 5 de junio de 2002 Biografía Carlos Jesús García-Berlanga Manrique  fue un cantante, compositor y letrista español de música pop y una de las figuras centrales de la Movida madrileña.3 Su etapa más reconocida corresponde a los años 80, cuando formó &hellip;</p>
