{"id":28615,"date":"2022-08-26T10:48:21","date_gmt":"2022-08-26T16:48:21","guid":{"rendered":"https:\/\/mickyandoniehn.com\/radio\/?page_id=28615"},"modified":"2022-09-01T12:09:50","modified_gmt":"2022-09-01T18:09:50","slug":"simon-diaz","status":"publish","type":"page","link":"http:\/\/mickyandoniehn.com\/radio\/simon-diaz\/","title":{"rendered":"Sim\u00f3n D\u00edaz"},"content":{"rendered":"<p style=\"text-align: justify;\"><img loading=\"lazy\" decoding=\"async\" class=\"wp-image-23080 aligncenter\" src=\"http:\/\/mickyandoniehn.com\/radio\/wp-content\/uploads\/2022\/07\/Simon-Diaz-224x300.jpg\" alt=\"\" width=\"550\" height=\"737\" srcset=\"http:\/\/mickyandoniehn.com\/radio\/wp-content\/uploads\/2022\/07\/Simon-Diaz-224x300.jpg 224w, http:\/\/mickyandoniehn.com\/radio\/wp-content\/uploads\/2022\/07\/Simon-Diaz.jpg 250w\" sizes=\"auto, (max-width: 550px) 100vw, 550px\" \/><\/p>\n<p>&nbsp;<\/p>\n<div class=\"cxmmr5t8 oygrvhab hcukyx3x c1et5uql o9v6fnle ii04i59q\" style=\"text-align: justify;\">\n<div dir=\"auto\">\n<div class=\"cxmmr5t8 oygrvhab hcukyx3x c1et5uql o9v6fnle ii04i59q\">\n<div dir=\"auto\"><strong>Fecha de Nacimiento:<\/strong> 8 de agosto de 1928<\/div>\n<p>&nbsp;<\/p>\n<div dir=\"auto\"><\/div>\n<div dir=\"auto\"><strong>Fecha de Fallecimiento:<\/strong> 19 de febrero de 2014<\/div>\n<p>&nbsp;<\/p>\n<div dir=\"auto\"><\/div>\n<\/div>\n<div class=\"cxmmr5t8 oygrvhab hcukyx3x c1et5uql o9v6fnle ii04i59q\">\n<div dir=\"auto\"><strong>Biograf\u00eda:<\/strong><\/div>\n<p>&nbsp;<\/p>\n<div dir=\"auto\"><\/div>\n<div dir=\"auto\">Ilustraci\u00f3n realizada por Francisco Maduro. Su nombre Sim\u00f3n Narciso D\u00edaz M\u00e1rquez. El m\u00e1s c\u00e9lebre m\u00fasico, compositor e int\u00e9rprete del g\u00e9nero popular venezolano. Conocido mayormente por el rescate de la Tonada Llanera. Su padre fue el maestro Juan y su madre Do\u00f1a Mar\u00eda, tuvieron 8 hijos y Sim\u00f3n vivi\u00f3 desde peque\u00f1o inmerso en la m\u00fasica donde su padre le ense\u00f1\u00f3 lo b\u00e1sico y en la vida t\u00edpica del campo. Comenz\u00f3 su carrera improvisando coplas y tonadas que escuchaba de los artistas locales. Su padre tocaba el cornet\u00edn en la banda del pueblo, y lo anim\u00f3 a aprender a tocar el cuatro y a componer y cantar boleros. A los 12 a\u00f1os muri\u00f3 su padre y le toc\u00f3 ayudar a la familia. En aquel entonces dedic\u00f3 buena parte de su tiempo a vender dulces, empanadas y otras comidas preparadas por su mam\u00e1 para sostener a sus siete hermanos.<\/div>\n<p>&nbsp;<\/p>\n<div dir=\"auto\"><\/div>\n<\/div>\n<div class=\"cxmmr5t8 oygrvhab hcukyx3x c1et5uql o9v6fnle ii04i59q\">\n<div dir=\"auto\">Cuando ten\u00eda 20 a\u00f1os viaj\u00f3 a Caracas y se inscribi\u00f3 en la Escuela Superior de M\u00fasica. All\u00ed estudi\u00f3 por seis a\u00f1os bajo la direcci\u00f3n de Vicente Emilio Sojo. Convencido de que la tonada del llano venezolano es un aire musical de caracter\u00edsticas \u00fanicas, se dedic\u00f3 enteramente a difundirla, estudiarla y componerla hasta constituirla en un aut\u00e9ntico g\u00e9nero musical.<\/div>\n<p>&nbsp;<\/p>\n<div dir=\"auto\"><\/div>\n<\/div>\n<div class=\"cxmmr5t8 oygrvhab hcukyx3x c1et5uql o9v6fnle ii04i59q\">\n<div dir=\"auto\">Su pasi\u00f3n por el canto y la actuaci\u00f3n lo lleva al teatro, el cine y la televisi\u00f3n, todos dise\u00f1ados para promover la m\u00fasica venezolana, uno de los cuales lo dedic\u00f3 a la ense\u00f1anza de la cultura popular s\u00f3lo para ni\u00f1os. Este programa estuvo 10 a\u00f1os en el aire, y de esta experiencia Sim\u00f3n D\u00edaz pas\u00f3 a llamarse &#8220;T\u00edo Sim\u00f3n&#8221;, nombre con el que se le conoce cari\u00f1osamente. D\u00edaz grab\u00f3 su primer \u00e1lbum como cantante y compositor en 1963 y desde entonces ha grabado muchos otros, en su r\u00e9cord discogr\u00e1fico cuenta con m\u00e1s de 70 producciones musicales. Mantuvo la conducci\u00f3n de un programa diario para la radio por espacio de 25 a\u00f1os, tambi\u00e9n dedicado al folklore y la m\u00fasica venezolana.<\/div>\n<div dir=\"auto\"><\/div>\n<p>&nbsp;<\/p>\n<\/div>\n<div class=\"cxmmr5t8 oygrvhab hcukyx3x c1et5uql o9v6fnle ii04i59q\">\n<div dir=\"auto\">Son innumerables las actuaciones art\u00edsticas que ha realizado a lo largo de su carrera, As\u00ed mismo, destacados directores y compositores de la m\u00fasica acad\u00e9mica han llevado las tonadas de Sim\u00f3n D\u00edaz al lenguaje de la orquesta sinf\u00f3nica y arreglos corales, sellando de esta manera el car\u00e1cter universal de este g\u00e9nero musical. \u201cCaballo Viejo\u201d es una de las canciones venezolanas m\u00e1s famosas en el mundo entero, tiene 350 versiones, ha sido traducida a 12 idiomas y ha sido entonada por vocalistas de renombre mundial Sim\u00f3n Diaz.<\/div>\n<p>&nbsp;<\/p>\n<div dir=\"auto\"><\/div>\n<\/div>\n<div class=\"cxmmr5t8 oygrvhab hcukyx3x c1et5uql o9v6fnle ii04i59q\">\n<div dir=\"auto\">Recibi\u00f3 los premios m\u00e1s importantes que otorga su pa\u00eds en materia musical. Fue distinguido con la m\u00e1s alta condecoraci\u00f3n que otorga el estado venezolano, es decir, la &#8220;Orden del Libertador en su Orden de Gran Cord\u00f3n&#8221;, constituy\u00e9ndose en el \u00fanico artista nacional al que se le haya impuesto dicha distinci\u00f3n. Represent\u00f3 a Venezuela en Francia, Inglaterra, Espa\u00f1a, Polonia, Hungr\u00eda, Irak, Estados Unidos, M\u00e9xico, Panam\u00e1, Puerto Rico, Ecuador, Chile, Brasil, Cuba y Colombia.<\/div>\n<p>&nbsp;<\/p>\n<div dir=\"auto\"><\/div>\n<\/div>\n<div class=\"cxmmr5t8 oygrvhab hcukyx3x c1et5uql o9v6fnle ii04i59q\">\n<div dir=\"auto\">La cadena de televisi\u00f3n A&amp;E Mundo produjo un documental en su espacio \u201cBiography\u201d dedicado a su vida y que se estren\u00f3 en el mes de septiembre de 2004. En el a\u00f1o 2008, se hace acreedor del Grammy Latino a la Trayectoria, esta distinci\u00f3n especial es otorgada a individuos que, durante sus carreras musicales, han realizado importantes aportes tal como lo ha hecho el maestro Sim\u00f3n Diaz.<\/div>\n<p>&nbsp;<\/p>\n<div dir=\"auto\"><\/div>\n<\/div>\n<div class=\"cxmmr5t8 oygrvhab hcukyx3x c1et5uql o9v6fnle ii04i59q\">\n<div dir=\"auto\">Complicaciones de salud lo llevaron a retirarse hace unos a\u00f1os de los escenarios, sin embargo, su esposa Betty de D\u00edaz refiere que su pasi\u00f3n por la m\u00fasica sigue vigente en sus recuerdos y con frecuencia se pasea por la casa cantando \u201cLa vaca mariposa\u201d. Seg\u00fan Il\u00e1n Chester (cantautor venezolano) &#8220;El significado de la vida de Sim\u00f3n va m\u00e1s all\u00e1 de sus canciones\u2026 Sim\u00f3n representa a esa Venezuela org\u00e1nica y hermosa que, a trav\u00e9s del canto, nos recuerda el llano; representa a esa Venezuela sensible y bella\u2026 Es el padre cultural de Venezuela&#8221;.<\/div>\n<p>&nbsp;<\/p>\n<\/div>\n<div class=\"cxmmr5t8 oygrvhab hcukyx3x c1et5uql o9v6fnle ii04i59q\">\n<div dir=\"auto\">Muri\u00f3 a los 85 a\u00f1os de edad, en su casa, tras sufrir por varios a\u00f1os Alzheimer, enfermedad que deterior\u00f3 progresivamente la salud del querido \u201cCaballo Viejo\u201d.<\/div>\n<p>&nbsp;<\/p>\n<div dir=\"auto\"><\/div>\n<\/div>\n<div class=\"cxmmr5t8 oygrvhab hcukyx3x c1et5uql o9v6fnle ii04i59q\">\n<div dir=\"auto\">\n<p><strong>Date of Birth:<\/strong> August 8, 1928<\/p>\n<p><strong>Date of Died:<\/strong> February 19, 2014<\/p>\n<\/div>\n<\/div>\n<div class=\"cxmmr5t8 oygrvhab hcukyx3x c1et5uql o9v6fnle ii04i59q\">\n<div dir=\"auto\"><strong>Biography:<\/strong><\/div>\n<p>&nbsp;<\/p>\n<div dir=\"auto\"><\/div>\n<div dir=\"auto\">Illustration by Francisco Maduro, his name Sim\u00f3n Narciso D\u00edaz M\u00e1rquez. The most famous musician, composer and performer of the Venezuelan popular genre. Known mostly for the rescue of the Tonada Llanera. His father was the teacher Juan and his mother Do\u00f1a Mar\u00eda, they had 8 children and Sim\u00f3n lived since he was a child immersed in music where his father taught him the basics and typical life in the country side. He started his career improvising verses and tunes that he heard from local artists. His father played the cornet in the village band, and encouraged him to learn to play the cuatro and to compose and sing boleros. At the age of 12 his father died and he had to help the family. At that time he dedicated a good part of his time to selling sweets, empanadas and other foods prepared by his mother to support his seven siblings.<\/div>\n<p>&nbsp;<\/p>\n<div dir=\"auto\"><\/div>\n<\/div>\n<div class=\"cxmmr5t8 oygrvhab hcukyx3x c1et5uql o9v6fnle ii04i59q\">\n<div dir=\"auto\">When he was 20 years old he traveled to Caracas and enrolled in the Higher School of Music. There he studied for six years under the direction of Vicente Emilio Sojo. Convinced that the tune of the Venezuelan plain is a musical air with unique characteristics, he devoted himself entirely to spreading it, studying it and composing it until it became an authentic musical genre.<\/div>\n<p>&nbsp;<\/p>\n<div dir=\"auto\"><\/div>\n<\/div>\n<div class=\"cxmmr5t8 oygrvhab hcukyx3x c1et5uql o9v6fnle ii04i59q\">\n<div dir=\"auto\">His passion for singing and acting leads him to theater, film and television, all designed to promote Venezuelan music, one of which he dedicated to teaching popular culture just for children. This program was on the air for 10 years, and from this experience Sim\u00f3n D\u00edaz became known as &#8220;Uncle Sim\u00f3n&#8221;, a name by which he is affectionately known. D\u00edaz recorded his first album as a singer and songwriter in 1963 and since then he has recorded many others, in his record record he has more than 70 musical productions. He maintained the conduction of a daily radio program for 25 years, also dedicated to Venezuelan folklore and music.<\/div>\n<p>&nbsp;<\/p>\n<div dir=\"auto\"><\/div>\n<\/div>\n<div class=\"cxmmr5t8 oygrvhab hcukyx3x c1et5uql o9v6fnle ii04i59q\">\n<div dir=\"auto\">There are innumerable artistic performances that he has carried out throughout his career. Likewise, prominent directors and composers of academic music have brought the tunes of Sim\u00f3n D\u00edaz to the language of the symphony orchestra and choral arrangements, thus sealing the universal character of this musical genre. &#8220;Caballo Viejo&#8221; is one of the most famous Venezuelan songs in the world, it has 350 versions, has been translated into 12 languages and has been sung by world-renowned vocalists Sim\u00f3n D\u00edaz.<\/div>\n<p>&nbsp;<\/p>\n<div dir=\"auto\"><\/div>\n<\/div>\n<div class=\"cxmmr5t8 oygrvhab hcukyx3x c1et5uql o9v6fnle ii04i59q\">\n<div dir=\"auto\">He received the most important awards that his country gives in musical matters. He was distinguished with the highest decoration awarded by the Venezuelan state, that is, the &#8220;Order of the Liberator in his Order of the Great Cordon&#8221;, becoming the only national artist to whom this distinction has been imposed. He represented Venezuela in France, England, Spain, Poland, Hungary, Iraq, the United States, Mexico, Panama, Puerto Rico, Ecuador, Chile, Brazil, Cuba, and Colombia.<\/div>\n<p>&nbsp;<\/p>\n<div dir=\"auto\"><\/div>\n<\/div>\n<div class=\"cxmmr5t8 oygrvhab hcukyx3x c1et5uql o9v6fnle ii04i59q\">\n<div dir=\"auto\">The television channel A&amp;E Mundo produced a documentary in its space &#8220;Biography&#8221; dedicated to his life and which premiered in September 2004. In 2008, he was awarded the Latin Grammy for Lifetime Achievement, this special distinction is Awarded to individuals who, during their musical careers, have made important contributions such as maestro Sim\u00f3n Diaz has done.<\/div>\n<p>&nbsp;<\/p>\n<div dir=\"auto\"><\/div>\n<\/div>\n<div class=\"cxmmr5t8 oygrvhab hcukyx3x c1et5uql o9v6fnle ii04i59q\">\n<div dir=\"auto\">Health complications led him to retire a few years ago from the stage, however, his wife Betty de D\u00edaz says that his passion for music continues in his memories and he frequently walks around the house singing \u201c The butterfly cow \u201d. According to Il\u00e1n Chester (Venezuelan singer-songwriter) &#8220;The meaning of Sim\u00f3n&#8217;s life goes beyond his songs. Sim\u00f3n represents that organic and beautiful Venezuela that, through song, reminds us of the plain; it represents that sensitive and beautiful Venezuela &#8230; He is the cultural father of Venezuela. &#8220;<\/div>\n<p>&nbsp;<\/p>\n<div dir=\"auto\"><\/div>\n<\/div>\n<div class=\"cxmmr5t8 oygrvhab hcukyx3x c1et5uql o9v6fnle ii04i59q\">\n<div dir=\"auto\">He died at the age of 85, in his house, after suffering from Alzheimer&#8217;s for several years, a disease that progressively deteriorated the health of the beloved \u201cOld Horse\u201d.<\/div>\n<p>&nbsp;<\/p>\n<div dir=\"auto\"><\/div>\n<\/div>\n<div class=\"cxmmr5t8 oygrvhab hcukyx3x c1et5uql o9v6fnle ii04i59q\">\n<div dir=\"auto\">\n<p><strong>Discograf\u00eda<\/strong><\/p>\n<\/div>\n<\/div>\n<\/div>\n<\/div>\n<table style=\"height: 763px;\" width=\"636\">\n<tbody>\n<tr>\n<td style=\"text-align: center;\" width=\"211\"><strong>Temas Boleros<\/strong><\/td>\n<td style=\"text-align: center;\" width=\"234\"><strong>Escuchar tema<\/strong><\/td>\n<td style=\"text-align: center;\" width=\"86\"><strong>A\u00f1o de Publicaci\u00f3n<\/strong><\/td>\n<\/tr>\n<tr>\n<td style=\"text-align: center;\"><\/td>\n<td style=\"text-align: center;\"><\/td>\n<td style=\"text-align: center;\"><strong>1994<\/strong><\/td>\n<\/tr>\n<tr>\n<td>1<\/td>\n<td>Romance En La Lejan\u00eda<\/td>\n<td><\/td>\n<\/tr>\n<tr>\n<td>2<\/td>\n<td>Written-By \u2013\u00a0Pedro Emilio S\u00e1nchez<\/td>\n<td><\/td>\n<\/tr>\n<tr>\n<td>3<\/td>\n<td>Caballo Viejo<\/td>\n<td><\/td>\n<\/tr>\n<tr>\n<td>4<\/td>\n<td>Garcita<\/td>\n<td><\/td>\n<\/tr>\n<tr>\n<td>5<\/td>\n<td>El Becerrito<\/td>\n<td><\/td>\n<\/tr>\n<tr>\n<td>6<\/td>\n<td>Tonada Del Cabrestero<\/td>\n<td><\/td>\n<\/tr>\n<tr>\n<td>7<\/td>\n<td>Luna De Margarita<\/td>\n<td><\/td>\n<\/tr>\n<tr>\n<td>8<\/td>\n<td>Sabana<\/td>\n<td><\/td>\n<\/tr>\n<tr>\n<td>9<\/td>\n<td>Written-By \u2013\u00a0Jos\u00e9 Salazar,\u00a0Simon Diaz<\/td>\n<td><\/td>\n<\/tr>\n<tr>\n<td>10<\/td>\n<td>Mercedes<\/td>\n<td><\/td>\n<\/tr>\n<tr>\n<td>11<\/td>\n<td>Tonada De Luna Llena<\/td>\n<td><\/td>\n<\/tr>\n<tr>\n<td>12<\/td>\n<td>Cristal<\/td>\n<td><\/td>\n<\/tr>\n<tr>\n<td>13<\/td>\n<td>Tonada De Las Espigas<\/td>\n<td><\/td>\n<\/tr>\n<tr>\n<td>14<\/td>\n<td colspan=\"2\">Written-By \u2013\u00a0Manuel Graterol Santander,\u00a0Simon Diaz<\/td>\n<\/tr>\n<tr>\n<td>15<\/td>\n<td>Como Peque\u00f1a Gota De Rocio<\/td>\n<td><\/td>\n<\/tr>\n<tr>\n<td>16<\/td>\n<td>Flor De Mayo<\/td>\n<td><\/td>\n<\/tr>\n<tr>\n<td>17<\/td>\n<td>Written-By \u2013\u00a0Otilio Gal\u00edndez<\/td>\n<td><\/td>\n<\/tr>\n<tr>\n<td>18<\/td>\n<td>Tonada Del Tormento<\/td>\n<td><\/td>\n<\/tr>\n<tr>\n<td>19<\/td>\n<td>Todo Este Campo Es Mio<\/td>\n<td><\/td>\n<\/tr>\n<tr>\n<td>20<\/td>\n<td>Pasaje Del Olvido<\/td>\n<td><\/td>\n<\/tr>\n<tr>\n<td>21<\/td>\n<td>Despedida<\/td>\n<td><\/td>\n<\/tr>\n<tr>\n<td>22<\/td>\n<td>Mi Querencia<\/td>\n<td><\/td>\n<\/tr>\n<tr>\n<td><\/td>\n<td><\/td>\n<td><\/td>\n<\/tr>\n<\/tbody>\n<\/table>\n<p>&nbsp;<\/p>\n<p>&nbsp;<\/p>\n<div class=\"cxmmr5t8 oygrvhab hcukyx3x c1et5uql o9v6fnle ii04i59q\" style=\"text-align: justify;\">\n<div dir=\"auto\">\n<div class=\"cxmmr5t8 oygrvhab hcukyx3x c1et5uql o9v6fnle ii04i59q\">\n<div dir=\"auto\">Cr\u00e9ditos tomados de Wikipedia:<\/div>\n<div dir=\"auto\"><a class=\"oajrlxb2 g5ia77u1 qu0x051f esr5mh6w e9989ue4 r7d6kgcz rq0escxv nhd2j8a9 nc684nl6 p7hjln8o kvgmc6g5 cxmmr5t8 oygrvhab hcukyx3x jb3vyjys rz4wbd8a qt6c0cv9 a8nywdso i1ao9s8h esuyzwwr f1sip0of lzcic4wl gpro0wi8 py34i1dx\" tabindex=\"0\" role=\"link\" href=\"https:\/\/es.wikipedia.org\/wiki\/Sim%C3%B3n_D%C3%ADaz?fbclid=IwAR11nF4dgmPivbE6cKU1PAdAGDgCgQR5BusNt1pXKQoVRS-ERpbG6Ns6cww\" target=\"_blank\" rel=\"nofollow noopener\">https:\/\/es.wikipedia.org\/wiki\/Sim%C3%B3n_D%C3%ADaz<\/a><\/div>\n<\/div>\n<\/div>\n<\/div>\n<div class=\"cxmmr5t8 oygrvhab hcukyx3x c1et5uql o9v6fnle ii04i59q\" style=\"text-align: justify;\"><\/div>\n<div class=\"epyt-video-wrapper\"><iframe loading=\"lazy\"  id=\"_ytid_80877\"  width=\"618\" height=\"347\"  data-origwidth=\"618\" data-origheight=\"347\" src=\"https:\/\/www.youtube.com\/embed\/3uZ3rFBzpRE?enablejsapi=1&#038;autoplay=0&#038;cc_load_policy=0&#038;cc_lang_pref=&#038;iv_load_policy=1&#038;loop=0&#038;modestbranding=0&#038;rel=1&#038;fs=1&#038;playsinline=0&#038;autohide=2&#038;theme=dark&#038;color=red&#038;controls=1&#038;\" class=\"__youtube_prefs__  epyt-is-override  no-lazyload\" title=\"YouTube player\"  allow=\"fullscreen; accelerometer; autoplay; clipboard-write; encrypted-media; gyroscope; picture-in-picture\" allowfullscreen data-no-lazy=\"1\" data-skipgform_ajax_framebjll=\"\"><\/iframe><\/div>\n","protected":false},"excerpt":{"rendered":"<p>&nbsp; Fecha de Nacimiento: 8 de agosto de 1928 &nbsp; Fecha de Fallecimiento: 19 de febrero de 2014 &nbsp; Biograf\u00eda: &nbsp; Ilustraci\u00f3n realizada por Francisco Maduro. Su nombre Sim\u00f3n Narciso D\u00edaz M\u00e1rquez. El m\u00e1s c\u00e9lebre m\u00fasico, compositor e int\u00e9rprete del g\u00e9nero popular venezolano. Conocido mayormente por el rescate de la Tonada Llanera. Su padre fue &hellip;<\/p>\n","protected":false},"author":1,"featured_media":0,"parent":0,"menu_order":0,"comment_status":"closed","ping_status":"closed","template":"","meta":{"footnotes":""},"class_list":["post-28615","page","type-page","status-publish",""],"jetpack_sharing_enabled":true,"_links":{"self":[{"href":"http:\/\/mickyandoniehn.com\/radio\/wp-json\/wp\/v2\/pages\/28615","targetHints":{"allow":["GET"]}}],"collection":[{"href":"http:\/\/mickyandoniehn.com\/radio\/wp-json\/wp\/v2\/pages"}],"about":[{"href":"http:\/\/mickyandoniehn.com\/radio\/wp-json\/wp\/v2\/types\/page"}],"author":[{"embeddable":true,"href":"http:\/\/mickyandoniehn.com\/radio\/wp-json\/wp\/v2\/users\/1"}],"replies":[{"embeddable":true,"href":"http:\/\/mickyandoniehn.com\/radio\/wp-json\/wp\/v2\/comments?post=28615"}],"version-history":[{"count":3,"href":"http:\/\/mickyandoniehn.com\/radio\/wp-json\/wp\/v2\/pages\/28615\/revisions"}],"predecessor-version":[{"id":30517,"href":"http:\/\/mickyandoniehn.com\/radio\/wp-json\/wp\/v2\/pages\/28615\/revisions\/30517"}],"wp:attachment":[{"href":"http:\/\/mickyandoniehn.com\/radio\/wp-json\/wp\/v2\/media?parent=28615"}],"curies":[{"name":"wp","href":"https:\/\/api.w.org\/{rel}","templated":true}]}}