{"id":28613,"date":"2022-08-26T10:47:57","date_gmt":"2022-08-26T16:47:57","guid":{"rendered":"https:\/\/mickyandoniehn.com\/radio\/?page_id=28613"},"modified":"2022-09-01T09:01:09","modified_gmt":"2022-09-01T15:01:09","slug":"caetano-veloso","status":"publish","type":"page","link":"http:\/\/mickyandoniehn.com\/radio\/caetano-veloso\/","title":{"rendered":"Caetano Veloso"},"content":{"rendered":"<p style=\"text-align: justify;\"><img loading=\"lazy\" decoding=\"async\" class=\"wp-image-23077 aligncenter\" src=\"http:\/\/mickyandoniehn.com\/radio\/wp-content\/uploads\/2022\/07\/CAETANO-VEL-OSO.png\" alt=\"\" width=\"403\" height=\"403\" srcset=\"http:\/\/mickyandoniehn.com\/radio\/wp-content\/uploads\/2022\/07\/CAETANO-VEL-OSO.png 220w, http:\/\/mickyandoniehn.com\/radio\/wp-content\/uploads\/2022\/07\/CAETANO-VEL-OSO-150x150.png 150w\" sizes=\"auto, (max-width: 403px) 100vw, 403px\" \/><\/p>\n<p>&nbsp;<\/p>\n<div class=\"cxmmr5t8 oygrvhab hcukyx3x c1et5uql o9v6fnle\" style=\"text-align: justify;\">\n<div dir=\"auto\"><strong>Fecha de Nacimiento:<\/strong> Santo Amaro da Purifica\u00e7\u00e3o, 7 de agosto de 1942<\/div>\n<p>&nbsp;<\/p>\n<div dir=\"auto\"><\/div>\n<\/div>\n<div class=\"cxmmr5t8 oygrvhab hcukyx3x c1et5uql o9v6fnle\" style=\"text-align: justify;\">\n<div dir=\"auto\"><strong>Biograf\u00eda:<\/strong><\/div>\n<p>&nbsp;<\/p>\n<div dir=\"auto\"><\/div>\n<div dir=\"auto\">La suya fue una familia amante de la m\u00fasica y numerosa integrada por ocho hijos, dos de ellos adoptados; Caetano aprendi\u00f3 en su casa a tocar el piano y a los nueve a\u00f1os compuso su primera canci\u00f3n, un bai\u00e3o. Cuando lleg\u00f3 el momento de los estudios universitarios, junto a su hermana Mar\u00eda Beth\u00e2nia, se traslad\u00f3 a Salvador de Bah\u00eda, donde pas\u00f3 su juventud y estudi\u00f3 Arte en la Universidad.<\/div>\n<p>&nbsp;<\/p>\n<div dir=\"auto\"><\/div>\n<\/div>\n<div class=\"cxmmr5t8 oygrvhab hcukyx3x c1et5uql o9v6fnle\" style=\"text-align: justify;\">\n<div dir=\"auto\">A fines de 1966 acompa\u00f1\u00f3 a su hermana Beth\u00e2nia, quien hab\u00eda sido invitada a cantar en una obra musical en R\u00edo de Janeiro; obtuvo su primer \u00e9xito cuando su hermana grab\u00f3 su primera composici\u00f3n.<\/div>\n<p>&nbsp;<\/p>\n<div dir=\"auto\"><\/div>\n<\/div>\n<div class=\"cxmmr5t8 oygrvhab hcukyx3x c1et5uql o9v6fnle\" style=\"text-align: justify;\">\n<div dir=\"auto\">R\u00e1pidamente gan\u00f3 algunos premios y pudo grabar su primer \u00e1lbum con Gal Costa: Domingo. En 1968, junto a Gilberto Gil, fue uno de los primeros emprendedores del Tropicalismo o Tropic\u00e1lia, movimiento cultural cuyo objetivo era la re-evaluaci\u00f3n vanguardista de la m\u00fasica tradicional brasile\u00f1a. Grab\u00f3 en 1968 su primer \u00e1lbum solista llamado Caetano Veloso y su m\u00fasica cruz\u00f3 las fronteras con su controvertida &#8220;\u00c9 proibido proibir&#8221;.<\/div>\n<p>&nbsp;<\/p>\n<div dir=\"auto\"><\/div>\n<\/div>\n<div class=\"cxmmr5t8 oygrvhab hcukyx3x c1et5uql o9v6fnle\" style=\"text-align: justify;\">\n<div dir=\"auto\">En 1969 debido a la dictadura que asolaba Brasil, Veloso se vio obligado a exiliarse a Londres (Reino Unido). Tres a\u00f1os m\u00e1s tarde regres\u00f3 a Brasil y grab\u00f3 Ara\u00e7\u00e1 Azul, un disco experimental.<\/div>\n<p>&nbsp;<\/p>\n<\/div>\n<div class=\"cxmmr5t8 oygrvhab hcukyx3x c1et5uql o9v6fnle\" style=\"text-align: justify;\">\n<div dir=\"auto\">En 1976 form\u00f3 un grupo con Gilberto Gil, Gal Costa y Mar\u00eda Beth\u00e2nia, idealizado por esta \u00faltima, e hicieron una gira por Brasil con el nombre de &#8220;Doces B\u00e1rbaros&#8221;.<\/div>\n<p>&nbsp;<\/p>\n<\/div>\n<div class=\"cxmmr5t8 oygrvhab hcukyx3x c1et5uql o9v6fnle\" style=\"text-align: justify;\">\n<div dir=\"auto\">Bicho fue lanzado en 1977 influenciado por el contacto que tuviera con la cultura nigeriana, donde hab\u00eda estado algunos meses antes. Ese mismo a\u00f1o fue publicado Alegr\u00eda, un libro que es una colecci\u00f3n de art\u00edculos y poemas que abarca desde 1965 hasta 1976.<\/div>\n<p>&nbsp;<\/p>\n<div dir=\"auto\"><\/div>\n<\/div>\n<div class=\"cxmmr5t8 oygrvhab hcukyx3x c1et5uql o9v6fnle\" style=\"text-align: justify;\">\n<div dir=\"auto\">En 1981 tuvo gran \u00e9xito con Outras palavras, y a partir de entonces su fama se extendi\u00f3 a todos los rincones del mundo. Ya en 1989 fue lanzado Estrangeiro. En 1991 fue lanzado un nuevo \u00e1lbum llamado Circulad\u00f4. La letra que di\u00f3 nombre al \u00e1lbum fue un poema de Haroldo Campos, poeta brasile\u00f1o. El dise\u00f1o de la tapa de Circulad\u00f4 ao vivo fue idea de Caetano y fue lanzada en 1992 como una pieza maestra. En 1993 fue lanzado Tropic\u00e1lia 2 con Gilberto Gil. Fina Estampa aparece en el 2000 y Noites do Norte en 2001. En 2006 lanza un su album &#8220;Ce&#8221;, con canciones in\u00e9ditas de su autor\u00eda.<\/div>\n<p>&nbsp;<\/p>\n<div dir=\"auto\"><\/div>\n<\/div>\n<div class=\"cxmmr5t8 oygrvhab hcukyx3x c1et5uql o9v6fnle\" style=\"text-align: justify;\">\n<div dir=\"auto\"><strong>Date of Birth:<\/strong> Santo Amaro da Purifica\u00e7\u00e3o, August 7, 1942<\/div>\n<div dir=\"auto\"><\/div>\n<p>&nbsp;<\/p>\n<\/div>\n<div class=\"cxmmr5t8 oygrvhab hcukyx3x c1et5uql o9v6fnle\" style=\"text-align: justify;\">\n<div dir=\"auto\"><strong>Biography:<\/strong><\/div>\n<p>&nbsp;<\/p>\n<div dir=\"auto\"><\/div>\n<div dir=\"auto\">His was a large music-loving family made up of eight children, two of them adopted; Caetano learned at his house to play the piano and at the age of nine he composed his first song, a bai\u00e3o. When he came to university, together with his sister Mar\u00eda Beth\u00e2nia, he moved to Salvador de Bah\u00eda, where he spent his youth and studied art at the University.<\/div>\n<p>&nbsp;<\/p>\n<div dir=\"auto\"><\/div>\n<\/div>\n<div class=\"cxmmr5t8 oygrvhab hcukyx3x c1et5uql o9v6fnle\" style=\"text-align: justify;\">\n<div dir=\"auto\">At the end of 1966 he accompanied his sister Beth\u00e2nia, who had been invited to sing in a musical in Rio de Janeiro; he got his first hit when his sister recorded his first composition.<\/div>\n<p>&nbsp;<\/p>\n<\/div>\n<div class=\"cxmmr5t8 oygrvhab hcukyx3x c1et5uql o9v6fnle\" style=\"text-align: justify;\">\n<div dir=\"auto\">He quickly won some awards and was able to record his first album with Gal Costa: Domingo. In 1968, together with Gilberto Gil, he was one of the first entrepreneurs of Tropicalismo or Tropic\u00e1lia, a cultural movement whose objective was the avant-garde re-evaluation of traditional Brazilian music. He recorded in 1968 his first solo album called Caetano Veloso and his music crossed borders with his controversial &#8220;\u00c9 proibido proibir&#8221;.<\/div>\n<p>&nbsp;<\/p>\n<div dir=\"auto\"><\/div>\n<\/div>\n<div class=\"cxmmr5t8 oygrvhab hcukyx3x c1et5uql o9v6fnle\" style=\"text-align: justify;\">\n<div dir=\"auto\">In 1969 due to the dictatorship that devastated Brazil, Veloso was forced to go into exile in London (United Kingdom). Three years later he returned to Brazil and recorded Ara\u00e7\u00e1 Azul, an experimental album.<\/div>\n<div dir=\"auto\"><\/div>\n<p>&nbsp;<\/p>\n<\/div>\n<div class=\"cxmmr5t8 oygrvhab hcukyx3x c1et5uql o9v6fnle\" style=\"text-align: justify;\">\n<div dir=\"auto\">In 1976 he formed a group with Gilberto Gil, Gal Costa and Mar\u00eda Beth\u00e2nia, idealized by the latter, and they toured Brazil under the name &#8220;Doces B\u00e1rbaros&#8221;.<\/div>\n<p>&nbsp;<\/p>\n<\/div>\n<div class=\"cxmmr5t8 oygrvhab hcukyx3x c1et5uql o9v6fnle\" style=\"text-align: justify;\">\n<div dir=\"auto\">Bug was released in 1977 influenced by the contact he had with Nigerian culture, where he had been a few months before. That same year, Alegr\u00eda was published, a book that is a collection of articles and poems that ranges from 1965 to 1976.<\/div>\n<p>&nbsp;<\/p>\n<div dir=\"auto\"><\/div>\n<\/div>\n<div class=\"cxmmr5t8 oygrvhab hcukyx3x c1et5uql o9v6fnle\" style=\"text-align: justify;\">\n<div dir=\"auto\">In 1981 he had great success with Outras Palavras, and from then on his fame spread to all corners of the world. Already in 1989 Estrangeiro was launched. In 1991 a new album called Circulad\u00f4 was released. The lyrics that gave the album its name were a poem by Haroldo Campos, a Brazilian poet. The cover design for Circulad\u00f4 ao vivo was Caetano&#8217;s idea and was released in 1992 as a showpiece. In 1993 Tropic\u00e1lia 2 was released with Gilberto Gil. Fina Estampa appeared in 2000 and Noites do Norte in 2001. In 2006 he released his album &#8220;Ce&#8221;, with unreleased songs of his own.<\/div>\n<p>&nbsp;<\/p>\n<div dir=\"auto\"><\/div>\n<\/div>\n<div class=\"cxmmr5t8 oygrvhab hcukyx3x c1et5uql o9v6fnle\" style=\"text-align: justify;\">\n<div dir=\"auto\"><strong>Discography<\/strong><\/div>\n<p>&nbsp;<\/p>\n<\/div>\n<div class=\"cxmmr5t8 oygrvhab hcukyx3x c1et5uql o9v6fnle\" style=\"text-align: justify;\">\n<div dir=\"auto\">\n<table style=\"height: 3593px;\" width=\"669\">\n<tbody>\n<tr>\n<td style=\"text-align: center;\" width=\"168\"><strong>Temas\u00a0\u00a0 Tropicalia<\/strong><\/td>\n<td style=\"text-align: center;\" width=\"237\"><strong>Escuchar tema<\/strong><\/td>\n<td style=\"text-align: center;\" width=\"201\"><strong>A\u00f1o de Publicacion<\/strong><\/td>\n<\/tr>\n<tr>\n<td style=\"text-align: left;\">1<\/td>\n<td style=\"text-align: left;\">Trem Das Cores<\/td>\n<td style=\"text-align: left;\">1968<\/td>\n<\/tr>\n<tr>\n<td>2<\/td>\n<td>Beleza Pura<\/td>\n<td>2011<\/td>\n<\/tr>\n<tr>\n<td>3<\/td>\n<td>Voce E Linda<\/td>\n<td>2012<\/td>\n<\/tr>\n<tr>\n<td>4<\/td>\n<td>Hora Da Raz\u00e3o<\/td>\n<td>1977<\/td>\n<\/tr>\n<tr>\n<td>5<\/td>\n<td>Coqueiro De Itapo\u00e3<\/td>\n<td>1982<\/td>\n<\/tr>\n<tr>\n<td>6<\/td>\n<td>Debaixo Dos Carac\u00f3is Dos Seus Cabelos<\/td>\n<td>1992<\/td>\n<\/tr>\n<tr>\n<td>7<\/td>\n<td>Marinheiro S\u00f3<\/td>\n<td>1969<\/td>\n<\/tr>\n<tr>\n<td>8<\/td>\n<td>No Dia Em Que Eu Vim-me Embora<\/td>\n<td>1968<\/td>\n<\/tr>\n<tr>\n<td>9<\/td>\n<td>Uns<\/td>\n<td>1983<\/td>\n<\/tr>\n<tr>\n<td>10<\/td>\n<td>Lua E Estrela<\/td>\n<td>1981<\/td>\n<\/tr>\n<tr>\n<td>11<\/td>\n<td>Cajunia<\/td>\n<td>1968<\/td>\n<\/tr>\n<tr>\n<td>12<\/td>\n<td>Chuva, Suor E Cerveja<\/td>\n<td>1977<\/td>\n<\/tr>\n<tr>\n<td>13<\/td>\n<td>Sonhos<\/td>\n<td>1982<\/td>\n<\/tr>\n<tr>\n<td>14<\/td>\n<td>Quereres<\/td>\n<td>1984<\/td>\n<\/tr>\n<tr>\n<td>15<\/td>\n<td>La Flor De La Canela<\/td>\n<td>1975<\/td>\n<\/tr>\n<tr>\n<td>16<\/td>\n<td>Depois Do Il\u00ea Passar<\/td>\n<td>1987<\/td>\n<\/tr>\n<tr>\n<td><\/td>\n<td><\/td>\n<td><\/td>\n<\/tr>\n<tr>\n<td style=\"text-align: center;\"><\/td>\n<td style=\"text-align: center;\"><strong>Transa<\/strong><\/td>\n<td style=\"text-align: center;\"><strong>1972<\/strong><\/td>\n<\/tr>\n<tr>\n<td>1<\/td>\n<td>You Don&#8217;t Know Me<\/td>\n<td><\/td>\n<\/tr>\n<tr>\n<td>2<\/td>\n<td>Nine Out of Ten<\/td>\n<td><\/td>\n<\/tr>\n<tr>\n<td>3<\/td>\n<td>Triste Bahia<\/td>\n<td><\/td>\n<\/tr>\n<tr>\n<td>4<\/td>\n<td>It&#8217;s a Long Way<\/td>\n<td><\/td>\n<\/tr>\n<tr>\n<td>5<\/td>\n<td>Mora Na Filosofia<\/td>\n<td><\/td>\n<\/tr>\n<tr>\n<td>6<\/td>\n<td>Neolithic Man<\/td>\n<td><\/td>\n<\/tr>\n<tr>\n<td>7<\/td>\n<td>Nostalgia<\/td>\n<td><\/td>\n<\/tr>\n<tr>\n<td><\/td>\n<td><\/td>\n<td><\/td>\n<\/tr>\n<tr>\n<td><\/td>\n<td>Ivete, Gil e Caetano<\/td>\n<td><\/td>\n<\/tr>\n<tr>\n<td>1<\/td>\n<td>A novidade<\/td>\n<td><\/td>\n<\/tr>\n<tr>\n<td>2<\/td>\n<td>Toda menina baiana<\/td>\n<td><\/td>\n<\/tr>\n<tr>\n<td>3<\/td>\n<td>O meu amor<\/td>\n<td><\/td>\n<\/tr>\n<tr>\n<td>4<\/td>\n<td>T\u00e1 combinado<\/td>\n<td><\/td>\n<\/tr>\n<tr>\n<td>5<\/td>\n<td>A linha e o linho<\/td>\n<td><\/td>\n<\/tr>\n<tr>\n<td>6<\/td>\n<td>A Luz de Tieta<\/td>\n<td><\/td>\n<\/tr>\n<tr>\n<td>7<\/td>\n<td>Tigresa<\/td>\n<td><\/td>\n<\/tr>\n<tr>\n<td>8<\/td>\n<td>Voc\u00ea \u00e9 linda<\/td>\n<td><\/td>\n<\/tr>\n<tr>\n<td>9<\/td>\n<td>Atr\u00e1s da porta<\/td>\n<td><\/td>\n<\/tr>\n<tr>\n<td>10<\/td>\n<td>Super-Homem (A can\u00e7\u00e3o)<\/td>\n<td><\/td>\n<\/tr>\n<tr>\n<td>11<\/td>\n<td>Se eu n\u00e3o te amasse tanto assim<\/td>\n<td><\/td>\n<\/tr>\n<tr>\n<td>12<\/td>\n<td>Olhos nos olhos<\/td>\n<td><\/td>\n<\/tr>\n<tr>\n<td>13<\/td>\n<td>Dr\u00e3o<\/td>\n<td><\/td>\n<\/tr>\n<tr>\n<td>14<\/td>\n<td>Dom de iludir<\/td>\n<td><\/td>\n<\/tr>\n<tr>\n<td>15<\/td>\n<td>Amor at\u00e9 o fim<\/td>\n<td><\/td>\n<\/tr>\n<tr>\n<td><\/td>\n<td><\/td>\n<td><\/td>\n<\/tr>\n<tr>\n<td style=\"text-align: center;\"><\/td>\n<td style=\"text-align: center;\"><strong>Estrangeiro<\/strong><\/td>\n<td style=\"text-align: center;\"><strong>1989<\/strong><\/td>\n<\/tr>\n<tr>\n<td>1<\/td>\n<td>O Estrangeiro<\/td>\n<td><\/td>\n<\/tr>\n<tr>\n<td>2<\/td>\n<td>Trem das cores<\/td>\n<td><\/td>\n<\/tr>\n<tr>\n<td>3<\/td>\n<td>Branquinha<\/td>\n<td><\/td>\n<\/tr>\n<tr>\n<td>4<\/td>\n<td>Os Outros Rom\u00e2nticos<\/td>\n<td><\/td>\n<\/tr>\n<tr>\n<td>5<\/td>\n<td>Jasper<\/td>\n<td><\/td>\n<\/tr>\n<tr>\n<td>6<\/td>\n<td>Este Amor<\/td>\n<td><\/td>\n<\/tr>\n<tr>\n<td>7<\/td>\n<td>Outro retrato<\/td>\n<td><\/td>\n<\/tr>\n<tr>\n<td>8<\/td>\n<td>Etc.<\/td>\n<td><\/td>\n<\/tr>\n<tr>\n<td>9<\/td>\n<td>Meia-lua inteira<\/td>\n<td><\/td>\n<\/tr>\n<tr>\n<td>10<\/td>\n<td>Genipapo Absoluto<\/td>\n<td><\/td>\n<\/tr>\n<tr>\n<td><\/td>\n<td><\/td>\n<td><\/td>\n<\/tr>\n<tr>\n<td style=\"text-align: center;\"><\/td>\n<td style=\"text-align: center;\"><strong>Qualquer Coisa<\/strong><\/td>\n<td style=\"text-align: center;\"><strong>1975<\/strong><\/td>\n<\/tr>\n<tr>\n<td>1<\/td>\n<td>Qualquer coisa<\/td>\n<td><\/td>\n<\/tr>\n<tr>\n<td>2<\/td>\n<td>Da Maior Import\u00e2ncia<\/td>\n<td><\/td>\n<\/tr>\n<tr>\n<td>3<\/td>\n<td>Samba e Amor<\/td>\n<td><\/td>\n<\/tr>\n<tr>\n<td>4<\/td>\n<td>Madrugada e Amor<\/td>\n<td><\/td>\n<\/tr>\n<tr>\n<td>5<\/td>\n<td>A Tua Presen\u00e7a Morena<\/td>\n<td><\/td>\n<\/tr>\n<tr>\n<td>6<\/td>\n<td>Drume Neguinha (Drume Negrita)<\/td>\n<td><\/td>\n<\/tr>\n<tr>\n<td>7<\/td>\n<td>Jorge da Capad\u00f3cia<\/td>\n<td><\/td>\n<\/tr>\n<tr>\n<td>8<\/td>\n<td>Eleanor Rigby<\/td>\n<td><\/td>\n<\/tr>\n<tr>\n<td>9<\/td>\n<td>For no one<\/td>\n<td><\/td>\n<\/tr>\n<tr>\n<td>10<\/td>\n<td>Lady Madonna<\/td>\n<td><\/td>\n<\/tr>\n<tr>\n<td>11<\/td>\n<td>La Flor de La Canela<\/td>\n<td><\/td>\n<\/tr>\n<tr>\n<td>12<\/td>\n<td>Nicinha<\/td>\n<td><\/td>\n<\/tr>\n<tr>\n<td><\/td>\n<td><\/td>\n<td><\/td>\n<\/tr>\n<tr>\n<td style=\"text-align: center;\"><\/td>\n<td style=\"text-align: center;\"><strong>Outras Palavras<\/strong><\/td>\n<td style=\"text-align: center;\"><strong>1981<\/strong><\/td>\n<\/tr>\n<tr>\n<td>1<\/td>\n<td>Outras palavras<\/td>\n<td><\/td>\n<\/tr>\n<tr>\n<td>2<\/td>\n<td>Gema<\/td>\n<td><\/td>\n<\/tr>\n<tr>\n<td>3<\/td>\n<td>Vera gata<\/td>\n<td><\/td>\n<\/tr>\n<tr>\n<td>4<\/td>\n<td>Lua e estrela<\/td>\n<td><\/td>\n<\/tr>\n<tr>\n<td>5<\/td>\n<td>Sim\/N\u00e3o<\/td>\n<td><\/td>\n<\/tr>\n<tr>\n<td>6<\/td>\n<td>Nu com a minha m\u00fasica<\/td>\n<td><\/td>\n<\/tr>\n<tr>\n<td>7<\/td>\n<td>Rapte-me camaleoa<\/td>\n<td><\/td>\n<\/tr>\n<tr>\n<td>8<\/td>\n<td>Dans mon il\u00ea<\/td>\n<td><\/td>\n<\/tr>\n<tr>\n<td>9<\/td>\n<td>Tem que ser voc\u00ea<\/td>\n<td><\/td>\n<\/tr>\n<tr>\n<td>10<\/td>\n<td>Blues<\/td>\n<td><\/td>\n<\/tr>\n<tr>\n<td>11<\/td>\n<td>Verdura<\/td>\n<td><\/td>\n<\/tr>\n<tr>\n<td>12<\/td>\n<td>Quero um baby seu<\/td>\n<td><\/td>\n<\/tr>\n<tr>\n<td>13<\/td>\n<td>Jeito de corpo<\/td>\n<td><\/td>\n<\/tr>\n<tr>\n<td><\/td>\n<td><\/td>\n<td><\/td>\n<\/tr>\n<tr>\n<td style=\"text-align: center;\"><\/td>\n<td style=\"text-align: center;\"><strong>Fina Estampa<\/strong><\/td>\n<td style=\"text-align: center;\"><strong>1994<\/strong><\/td>\n<\/tr>\n<tr>\n<td>1<\/td>\n<td>Rumba azul<\/td>\n<td><\/td>\n<\/tr>\n<tr>\n<td>2<\/td>\n<td>Pecado<\/td>\n<td><\/td>\n<\/tr>\n<tr>\n<td>3<\/td>\n<td>Mar\u00eda Bonita<\/td>\n<td><\/td>\n<\/tr>\n<tr>\n<td>4<\/td>\n<td>Contigo en la distancia<\/td>\n<td><\/td>\n<\/tr>\n<tr>\n<td>5<\/td>\n<td>Recuerdos de Ypacara\u00ed<\/td>\n<td><\/td>\n<\/tr>\n<tr>\n<td>6<\/td>\n<td>Fina estampa<\/td>\n<td><\/td>\n<\/tr>\n<tr>\n<td>7<\/td>\n<td>Capullito de alel\u00ed<\/td>\n<td><\/td>\n<\/tr>\n<tr>\n<td>8<\/td>\n<td>Un vestido y un amor<\/td>\n<td><\/td>\n<\/tr>\n<tr>\n<td>9<\/td>\n<td>Mar\u00eda la O<\/td>\n<td><\/td>\n<\/tr>\n<tr>\n<td>10<\/td>\n<td>Tonada de luna llena<\/td>\n<td><\/td>\n<\/tr>\n<tr>\n<td>11<\/td>\n<td>Mi cocodrilo verde<\/td>\n<td><\/td>\n<\/tr>\n<tr>\n<td>12<\/td>\n<td>Lamento Borincano<\/td>\n<td><\/td>\n<\/tr>\n<tr>\n<td>13<\/td>\n<td>Vete de m\u00ed<\/td>\n<td><\/td>\n<\/tr>\n<tr>\n<td>14<\/td>\n<td>La golondrina<\/td>\n<td><\/td>\n<\/tr>\n<tr>\n<td>15<\/td>\n<td>Vuelvo al sur<\/td>\n<td><\/td>\n<\/tr>\n<tr>\n<td><\/td>\n<td><\/td>\n<td><\/td>\n<\/tr>\n<tr>\n<td style=\"text-align: center;\"><\/td>\n<td style=\"text-align: center;\"><strong>Bicho<\/strong><\/td>\n<td style=\"text-align: center;\"><strong>1977<\/strong><\/td>\n<\/tr>\n<tr>\n<td>1<\/td>\n<td>Odara<\/td>\n<td><\/td>\n<\/tr>\n<tr>\n<td>2<\/td>\n<td>Two Naira Fifty Kobo<\/td>\n<td><\/td>\n<\/tr>\n<tr>\n<td>3<\/td>\n<td>Gente<\/td>\n<td><\/td>\n<\/tr>\n<tr>\n<td>4<\/td>\n<td>Olha o menino<\/td>\n<td><\/td>\n<\/tr>\n<tr>\n<td>5<\/td>\n<td>Um indio<\/td>\n<td><\/td>\n<\/tr>\n<tr>\n<td>6<\/td>\n<td>A grande borboleta<\/td>\n<td><\/td>\n<\/tr>\n<tr>\n<td>7<\/td>\n<td>Tigresa<\/td>\n<td><\/td>\n<\/tr>\n<tr>\n<td>8<\/td>\n<td>O Le\u00e3ozinho<\/td>\n<td><\/td>\n<\/tr>\n<tr>\n<td>9<\/td>\n<td>Algu\u00e9m cantando<\/td>\n<td><\/td>\n<\/tr>\n<tr>\n<td><\/td>\n<td><\/td>\n<td><\/td>\n<\/tr>\n<tr>\n<td style=\"text-align: center;\"><\/td>\n<td style=\"text-align: center;\"><strong>Cinema Transcendental<\/strong><\/td>\n<td style=\"text-align: center;\"><strong>1979<\/strong><\/td>\n<\/tr>\n<tr>\n<td>1<\/td>\n<td>Lua de Sao Jorge<\/td>\n<td><\/td>\n<\/tr>\n<tr>\n<td>2<\/td>\n<td>Ora\u00e7\u00e3o Ao Tempo<\/td>\n<td><\/td>\n<\/tr>\n<tr>\n<td>3<\/td>\n<td>Beleza Pura<\/td>\n<td><\/td>\n<\/tr>\n<tr>\n<td>4<\/td>\n<td>Menino do Rio<\/td>\n<td><\/td>\n<\/tr>\n<tr>\n<td>5<\/td>\n<td>Vampiro<\/td>\n<td><\/td>\n<\/tr>\n<tr>\n<td>6<\/td>\n<td>Elegia<\/td>\n<td><\/td>\n<\/tr>\n<tr>\n<td>7<\/td>\n<td>Trilhos Urbanos<\/td>\n<td><\/td>\n<\/tr>\n<tr>\n<td>8<\/td>\n<td>Louco Por Voc\u00ea<\/td>\n<td><\/td>\n<\/tr>\n<tr>\n<td>9<\/td>\n<td>Caju\u00edna<\/td>\n<td><\/td>\n<\/tr>\n<tr>\n<td>10<\/td>\n<td>Aracaju<\/td>\n<td><\/td>\n<\/tr>\n<tr>\n<td>11<\/td>\n<td>Badau\u00ea<\/td>\n<td><\/td>\n<\/tr>\n<tr>\n<td>12<\/td>\n<td>Os Meninos Dan\u00e7am<\/td>\n<td><\/td>\n<\/tr>\n<tr>\n<td><\/td>\n<td><\/td>\n<td><\/td>\n<\/tr>\n<\/tbody>\n<\/table>\n<\/div>\n<\/div>\n<div class=\"cxmmr5t8 oygrvhab hcukyx3x c1et5uql o9v6fnle\" style=\"text-align: justify;\">\n<div dir=\"auto\">Cr\u00e9ditos: Tomado de Wikipedia<\/div>\n<div dir=\"auto\"><a class=\"oajrlxb2 g5ia77u1 qu0x051f esr5mh6w e9989ue4 r7d6kgcz rq0escxv nhd2j8a9 nc684nl6 p7hjln8o kvgmc6g5 cxmmr5t8 oygrvhab hcukyx3x jb3vyjys rz4wbd8a qt6c0cv9 a8nywdso i1ao9s8h esuyzwwr f1sip0of lzcic4wl gpro0wi8 py34i1dx\" tabindex=\"0\" role=\"link\" href=\"https:\/\/es.wikipedia.org\/wiki\/Caetano_Veloso?fbclid=IwAR1lReOY_Mu1c-AZbFwwOrzBLhFYVzE6P-QlZKCe7PqJnSFpUY5FLlK21rc\" target=\"_blank\" rel=\"nofollow noopener\">https:\/\/es.wikipedia.org\/wiki\/Caetano_Veloso<\/a><\/div>\n<\/div>\n<div dir=\"auto\"><\/div>\n<div dir=\"auto\"><\/div>\n<div class=\"epyt-video-wrapper\"><iframe loading=\"lazy\"  id=\"_ytid_18136\"  width=\"618\" height=\"347\"  data-origwidth=\"618\" data-origheight=\"347\" src=\"https:\/\/www.youtube.com\/embed\/fPSND_r0w14?enablejsapi=1&#038;autoplay=0&#038;cc_load_policy=0&#038;cc_lang_pref=&#038;iv_load_policy=1&#038;loop=0&#038;modestbranding=0&#038;rel=1&#038;fs=1&#038;playsinline=0&#038;autohide=2&#038;theme=dark&#038;color=red&#038;controls=1&#038;\" class=\"__youtube_prefs__  epyt-is-override  no-lazyload\" title=\"YouTube player\"  allow=\"fullscreen; accelerometer; autoplay; clipboard-write; encrypted-media; gyroscope; picture-in-picture\" allowfullscreen data-no-lazy=\"1\" data-skipgform_ajax_framebjll=\"\"><\/iframe><\/div>\n","protected":false},"excerpt":{"rendered":"<p>&nbsp; Fecha de Nacimiento: Santo Amaro da Purifica\u00e7\u00e3o, 7 de agosto de 1942 &nbsp; Biograf\u00eda: &nbsp; La suya fue una familia amante de la m\u00fasica y numerosa integrada por ocho hijos, dos de ellos adoptados; Caetano aprendi\u00f3 en su casa a tocar el piano y a los nueve a\u00f1os compuso su primera canci\u00f3n, un bai\u00e3o. &hellip;<\/p>\n","protected":false},"author":1,"featured_media":0,"parent":0,"menu_order":0,"comment_status":"closed","ping_status":"closed","template":"","meta":{"footnotes":""},"class_list":["post-28613","page","type-page","status-publish",""],"jetpack_sharing_enabled":true,"_links":{"self":[{"href":"http:\/\/mickyandoniehn.com\/radio\/wp-json\/wp\/v2\/pages\/28613","targetHints":{"allow":["GET"]}}],"collection":[{"href":"http:\/\/mickyandoniehn.com\/radio\/wp-json\/wp\/v2\/pages"}],"about":[{"href":"http:\/\/mickyandoniehn.com\/radio\/wp-json\/wp\/v2\/types\/page"}],"author":[{"embeddable":true,"href":"http:\/\/mickyandoniehn.com\/radio\/wp-json\/wp\/v2\/users\/1"}],"replies":[{"embeddable":true,"href":"http:\/\/mickyandoniehn.com\/radio\/wp-json\/wp\/v2\/comments?post=28613"}],"version-history":[{"count":2,"href":"http:\/\/mickyandoniehn.com\/radio\/wp-json\/wp\/v2\/pages\/28613\/revisions"}],"predecessor-version":[{"id":30123,"href":"http:\/\/mickyandoniehn.com\/radio\/wp-json\/wp\/v2\/pages\/28613\/revisions\/30123"}],"wp:attachment":[{"href":"http:\/\/mickyandoniehn.com\/radio\/wp-json\/wp\/v2\/media?parent=28613"}],"curies":[{"name":"wp","href":"https:\/\/api.w.org\/{rel}","templated":true}]}}