{"id":28604,"date":"2022-08-26T10:45:31","date_gmt":"2022-08-26T16:45:31","guid":{"rendered":"https:\/\/mickyandoniehn.com\/radio\/?page_id=28604"},"modified":"2022-09-01T08:37:29","modified_gmt":"2022-09-01T14:37:29","slug":"ayala-baez-emigdio","status":"publish","type":"page","link":"http:\/\/mickyandoniehn.com\/radio\/ayala-baez-emigdio\/","title":{"rendered":"Ayala B\u00e1ez, Emigdio"},"content":{"rendered":"<p style=\"text-align: justify;\"><img loading=\"lazy\" decoding=\"async\" class=\" wp-image-23042 aligncenter\" src=\"http:\/\/mickyandoniehn.com\/radio\/wp-content\/uploads\/2022\/07\/AYALA-BAEZ-EMIGDIO-300x300.jpg\" alt=\"\" width=\"713\" height=\"713\" srcset=\"http:\/\/mickyandoniehn.com\/radio\/wp-content\/uploads\/2022\/07\/AYALA-BAEZ-EMIGDIO-300x300.jpg 300w, http:\/\/mickyandoniehn.com\/radio\/wp-content\/uploads\/2022\/07\/AYALA-BAEZ-EMIGDIO-150x150.jpg 150w, http:\/\/mickyandoniehn.com\/radio\/wp-content\/uploads\/2022\/07\/AYALA-BAEZ-EMIGDIO.jpg 500w\" sizes=\"auto, (max-width: 713px) 100vw, 713px\" \/><\/p>\n<p>&nbsp;<\/p>\n<p style=\"text-align: justify;\"><strong>Fecha de Nacimiento: <\/strong>5 de agosto de 1917<\/p>\n<p style=\"text-align: justify;\"><strong>Fecha de Fallecimiento: <\/strong>El 24 de febrero de 1993<\/p>\n<p style=\"text-align: justify;\"><strong>Biograf\u00eda<\/strong><\/p>\n<p style=\"text-align: justify;\">M\u00fasico paraguayo nacido en Escobar (departamento de Paraguar\u00ed) el 5 de agosto de 1917 y muri\u00f3 \u00a0el 24 de febrero de 1993 en la misma ciudad. Fue un m\u00fasico autodidacto que comenz\u00f3 su andadura a los 18 a\u00f1os. En R\u00edo de Janeiro actu\u00f3 con la orquesta de Herminio Gim\u00e9nez, con quien har\u00eda otra gira por Buenos Aires en 1947. Fue un integrante, junto a Eladio Mart\u00ednez y Albino Qui\u00f1onez, del Tr\u00edo Ol\u00edmpico, con el que viajaron a Londres para los Juegos Ol\u00edmpicos de 1948. Su obra m\u00e1s conocida es \u201cA mi pueblito Escobar\u201d, en honor de su ciudad natal. Otras obras suyas importantes son \u201cMi dicha lejana\u201d, \u201cOraci\u00f3n a mi amada\u201d, \u201cLejana flor\u201d y \u201cNde tapere\u201d. Fue socio fundador de Autores Paraguayos Asociados (APA), y de la Sociedad Argentina de Autores y Compositores (SADAIC).<\/p>\n<p style=\"text-align: justify;\"><strong>Wikipedia in English<\/strong><\/p>\n<p id=\"tw-target-text\" class=\"tw-data-text tw-text-large tw-ta\" dir=\"ltr\" data-placeholder=\"Traducci\u00f3n\"><span class=\"Y2IQFc\" lang=\"en\"><strong>Date of Birth:\u00a0<\/strong> August 5, 1917 <\/span><\/p>\n<p class=\"tw-data-text tw-text-large tw-ta\" dir=\"ltr\" data-placeholder=\"Traducci\u00f3n\"><span class=\"Y2IQFc\" lang=\"en\"><strong>Date of Death:<\/strong> February 24, 1993<\/span><\/p>\n<p style=\"text-align: justify;\"><strong>Biography<\/strong><\/p>\n<p style=\"text-align: justify;\">Paraguayan musician born in Escobar (department of Paraguar\u00ed) on August 5, 1917 and died on February 24, 1993 in the same city. He was a self-taught musician who began his career at the age of 18. In Rio de Janeiro he performed with the Herminio Gim\u00e9nez orchestra, with whom he would do another tour of Buenos Aires in 1947. He was a member, together with Eladio Mart\u00ednez and Albino Qui\u00f1onez, of the Olympic Trio, with whom they traveled to London for the Olympic Games in 1948. His best known work is &#8220;To my Little town Escobar&#8221;, in honor of his hometown. Other important works of his are &#8220;My distant happiness&#8221;, &#8220;Prayer to my beloved&#8221;, &#8220;Far flower&#8221; and &#8220;Nde tapere&#8221;. He was a founding partner of Autores Paraguayos Asociados (APA), and of the Argentine Society of Authors and Composers (SADAIC).<\/p>\n<p><strong>Discografia<\/strong><\/p>\n<table width=\"493\">\n<tbody>\n<tr>\n<td style=\"text-align: center;\" width=\"184\"><strong>Temas Folclor<\/strong><\/td>\n<td style=\"text-align: center;\" width=\"309\"><strong>Escuchar tema<\/strong><\/td>\n<\/tr>\n<tr>\n<td>1<\/td>\n<td>A mi pueblito escobar<\/td>\n<\/tr>\n<tr>\n<td>2<\/td>\n<td>Sol de am\u00e9rica<\/td>\n<\/tr>\n<tr>\n<td>3<\/td>\n<td>Lejana flor<\/td>\n<\/tr>\n<tr>\n<td>4<\/td>\n<td>Dulce polquita<\/td>\n<\/tr>\n<tr>\n<td>5<\/td>\n<td>Noche en el coraz\u00f3n<\/td>\n<\/tr>\n<tr>\n<td>6<\/td>\n<td>Palomita ven<\/td>\n<\/tr>\n<tr>\n<td>7<\/td>\n<td>Oraci\u00f3n a mi amada<\/td>\n<\/tr>\n<tr>\n<td>8<\/td>\n<td>Mi dicho lejana<\/td>\n<\/tr>\n<tr>\n<td><\/td>\n<td><\/td>\n<\/tr>\n<\/tbody>\n<\/table>\n<p style=\"text-align: justify;\"><a href=\"http:\/\/www.mcnbiografias.com\/app-bio\/do\/show?key=ayala-baez-emigdio\">http:\/\/www.mcnbiografias.com\/app-bio\/do\/show?key=ayala-baez-emigdio<\/a><\/p>\n<p style=\"text-align: justify;\"><a href=\"http:\/\/www.portalguarani.com\/1217_emigdio_ayala_baez.html\">http:\/\/www.portalguarani.com\/1217_emigdio_ayala_baez.html<\/a><\/p>\n<div class=\"epyt-video-wrapper\"><iframe loading=\"lazy\"  id=\"_ytid_89749\"  width=\"618\" height=\"347\"  data-origwidth=\"618\" data-origheight=\"347\" src=\"https:\/\/www.youtube.com\/embed\/gZIUGyPH6UY?enablejsapi=1&#038;autoplay=0&#038;cc_load_policy=0&#038;cc_lang_pref=&#038;iv_load_policy=1&#038;loop=0&#038;modestbranding=0&#038;rel=1&#038;fs=1&#038;playsinline=0&#038;autohide=2&#038;theme=dark&#038;color=red&#038;controls=1&#038;\" class=\"__youtube_prefs__  epyt-is-override  no-lazyload\" title=\"YouTube player\"  allow=\"fullscreen; accelerometer; autoplay; clipboard-write; encrypted-media; gyroscope; picture-in-picture\" allowfullscreen data-no-lazy=\"1\" data-skipgform_ajax_framebjll=\"\"><\/iframe><\/div>\n","protected":false},"excerpt":{"rendered":"<p>&nbsp; Fecha de Nacimiento: 5 de agosto de 1917 Fecha de Fallecimiento: El 24 de febrero de 1993 Biograf\u00eda M\u00fasico paraguayo nacido en Escobar (departamento de Paraguar\u00ed) el 5 de agosto de 1917 y muri\u00f3 \u00a0el 24 de febrero de 1993 en la misma ciudad. Fue un m\u00fasico autodidacto que comenz\u00f3 su andadura a los &hellip;<\/p>\n","protected":false},"author":1,"featured_media":0,"parent":0,"menu_order":0,"comment_status":"closed","ping_status":"closed","template":"","meta":{"footnotes":""},"class_list":["post-28604","page","type-page","status-publish",""],"jetpack_sharing_enabled":true,"_links":{"self":[{"href":"http:\/\/mickyandoniehn.com\/radio\/wp-json\/wp\/v2\/pages\/28604","targetHints":{"allow":["GET"]}}],"collection":[{"href":"http:\/\/mickyandoniehn.com\/radio\/wp-json\/wp\/v2\/pages"}],"about":[{"href":"http:\/\/mickyandoniehn.com\/radio\/wp-json\/wp\/v2\/types\/page"}],"author":[{"embeddable":true,"href":"http:\/\/mickyandoniehn.com\/radio\/wp-json\/wp\/v2\/users\/1"}],"replies":[{"embeddable":true,"href":"http:\/\/mickyandoniehn.com\/radio\/wp-json\/wp\/v2\/comments?post=28604"}],"version-history":[{"count":2,"href":"http:\/\/mickyandoniehn.com\/radio\/wp-json\/wp\/v2\/pages\/28604\/revisions"}],"predecessor-version":[{"id":30085,"href":"http:\/\/mickyandoniehn.com\/radio\/wp-json\/wp\/v2\/pages\/28604\/revisions\/30085"}],"wp:attachment":[{"href":"http:\/\/mickyandoniehn.com\/radio\/wp-json\/wp\/v2\/media?parent=28604"}],"curies":[{"name":"wp","href":"https:\/\/api.w.org\/{rel}","templated":true}]}}