{"id":28596,"date":"2022-08-26T10:43:24","date_gmt":"2022-08-26T16:43:24","guid":{"rendered":"https:\/\/mickyandoniehn.com\/radio\/?page_id=28596"},"modified":"2022-08-26T10:43:24","modified_gmt":"2022-08-26T16:43:24","slug":"reynaldo-armas","status":"publish","type":"page","link":"http:\/\/mickyandoniehn.com\/radio\/reynaldo-armas\/","title":{"rendered":"Reynaldo Armas"},"content":{"rendered":"<p style=\"text-align: justify;\"><img loading=\"lazy\" decoding=\"async\" class=\" wp-image-23039 aligncenter\" src=\"http:\/\/mickyandoniehn.com\/radio\/wp-content\/uploads\/2022\/07\/REYNALDO-ARMAS-300x267.jpg\" alt=\"\" width=\"744\" height=\"663\" srcset=\"http:\/\/mickyandoniehn.com\/radio\/wp-content\/uploads\/2022\/07\/REYNALDO-ARMAS-300x267.jpg 300w, http:\/\/mickyandoniehn.com\/radio\/wp-content\/uploads\/2022\/07\/REYNALDO-ARMAS-768x685.jpg 768w, http:\/\/mickyandoniehn.com\/radio\/wp-content\/uploads\/2022\/07\/REYNALDO-ARMAS.jpg 829w\" sizes=\"auto, (max-width: 744px) 100vw, 744px\" \/><\/p>\n<p>&nbsp;<\/p>\n<p>&nbsp;<\/p>\n<p><strong>Fecha de nacimiento: <\/strong>4 Agosto 1953 (66 a\u00f1os)<\/p>\n<p style=\"text-align: justify;\"><strong>Biograf\u00eda<\/strong><\/p>\n<p style=\"text-align: justify;\">Reynaldo Armas Enguaima (Campo \u201cLos Guatacaros\u201d, Santa Mar\u00eda de Aire, Estado Gu\u00e1rico, Venezuela, 4 de agosto de 1953), m\u00e1s conocido como Reynaldo Armas es un cantante y compositor venezolano de m\u00fasica folcl\u00f3rica venezolana conocido en el medio art\u00edstico como El 1 de la Canta Criolla, as\u00ed como tambi\u00e9n con el seud\u00f3nimo de El Cardenal Sabanero. Fue galardonado con el Premio Grammy Latino, en el a\u00f1o 2013 por el \u00e1lbum El Caballo de Oro, convirti\u00e9ndose as\u00ed en el segundo cantautor de m\u00fasica llanera en obtenerlo.<\/p>\n<p style=\"text-align: justify;\">Son sus padres, Nicasio Armas Figueroa y Modesta Enguaima Hern\u00e1ndez, ambos de origen campesino y trabajadores de la agricultura. Tiene cuatro hermanos: Domingo, Argelia, Felipa y Margoth.<\/p>\n<p style=\"text-align: justify;\">A los 9 a\u00f1os, se traslada con su familia de los Guatacaros a Ca\u00f1o Morocho, en las cercan\u00edas de Zaraza. Es all\u00ed donde, a los 11 a\u00f1os, comienza escap\u00e1ndose de su casa para compartir con m\u00fasicos de la regi\u00f3n en parrandas y bailes campesinos. Canta y toca los capachos. Con 12 a\u00f1os, compone su primera canci\u00f3n &#8220;Mi Primer amor&#8221;. Tras cumplir 15 a\u00f1os, debuta en un programa dominical de Radio Zaraza, conducido por Pompeyo Higuera &#8220;Caminitos de Zaraza&#8221;. M\u00e1s tarde, formar\u00eda parte de la agrupaci\u00f3n gaitera &#8220;Los Bravos de la Loma&#8221;, para la que escribir\u00eda varios villancicos y aguinaldos, bajo la direcci\u00f3n del maestro Jos\u00e9 Antonio Blanca de los Copleros del Unare. A los 16 a\u00f1os, participa en un festival de contrapunteo que se realizaba en el club el faro y gana trofeo y dinero de parte del p\u00fablico asistente.<\/p>\n<p style=\"text-align: justify;\">Es a los 17 a\u00f1os cuando viaja a la ciudad de Caracas en un autob\u00fas de la l\u00ednea La Pascua. Aqu\u00ed se encuentra con un mundo completamente distinto y distante de sus correderos y paisanos. Tiene que quemar muchas etapas en cervecer\u00edas, discotecas y los pocos lugares donde se presentaba m\u00fasica folcl\u00f3rica.<\/p>\n<p style=\"text-align: justify;\">Su primer padrino (si as\u00ed se le puede llamar) fue el maestro don Jos\u00e9 Romero Bello, cantautor muy respetado y uno de los int\u00e9rpretes de la leyenda obra del poeta Alberto Arvelo Torrealba, titulada &#8220;Florentino y el Diablo&#8221;, junto al tambi\u00e9n apure\u00f1o Carrao de Palmarito.<\/p>\n<p style=\"text-align: justify;\">Bautizado con el seud\u00f3nimo &#8220;El Cardenal Sabanero&#8221; viaja de la mano de Romero Bello a San Fernando de Apure y participa en el festival &#8220;Cantaclaro de Oro&#8221;, una versi\u00f3n del Florentino de Oro, en 1973. Aqu\u00ed ocupa el segundo lugar, entre 18 participantes de todo el llano. En 1975 vuelve al festival y gana. Hace lo propio en Valencia, con el &#8220;Cucarachero de Oro&#8221;. En el San Carlos de Austria, gana como compositor el Miranda de Oro en los Teques, y muchos m\u00e1s premios, como contra punteador y como cantante solista. Entre 1975 y 1976, graba dos discos sencillos; el primero con &#8220;Mi primer Amor y Cari\u00f1o fingido &#8221; y el segundo con &#8220;Recorriendo a Venezuela y el Revolucionario&#8221; .<\/p>\n<p style=\"text-align: justify;\">En 1977, graba su primer larga duraci\u00f3n con el apoyo de Rafael Mart\u00ednez Arteaga &#8220;El Cazador Novato&#8221;, quien para entonces estaba pegado en Venezuela y Colombia con varios poemas folcl\u00f3ricos. Otro que sonaba mucho era Gualberto Ibarreto, con su &#8220;Mar\u00eda Antonia&#8221; y otros temas tradicionales.<\/p>\n<p style=\"text-align: justify;\">&#8220;Yo Tambi\u00e9n Quiero Cantar &#8220;, como se titul\u00f3 el primer trabajo discogr\u00e1fico de Reynaldo, no tuvo muy buena acogida en la radio, ya que para entonces la m\u00fasica criolla s\u00f3lo sonaba en ciertos programas de madrugada y en la televisi\u00f3n no ten\u00eda difusi\u00f3n.<\/p>\n<p style=\"text-align: justify;\">Sin embargo, en el interior del pa\u00eds se realizaban muchos eventos que serv\u00edan de escenario para el semillero criollo de ese entonces. Guiado por los m\u00e1s importantes, como \u00c1ngel Custodio Loyola, Magdalena S\u00e1nchez, Ad\u00edlia Castillo y el Carrao, entre otros, as\u00ed como de los m\u00e1s estilizados H\u00e9ctor Cabrera, Mario Su\u00e1rez y Rafael Monta\u00f1o. En 1978, comienza a o\u00edrse en la radio el tema &#8220;No me dejan que te quiera &#8220;, con letra de V\u00edctor Brizuela y cantado por Reyna Lucero, con quien meses antes hab\u00eda compartido en varias cervecer\u00edas. Tambi\u00e9n empez\u00f3 a o\u00edrse Crist\u00f3bal Jim\u00e9nez con vestida de garza blanca, letra de Pedro Felipe Sosa Caro.<\/p>\n<p style=\"text-align: justify;\">Es a mediados de 1978 cuando con el larga duraci\u00f3n &#8220;la Inspiraci\u00f3n del Poeta&#8221; Reynaldo empieza a sonar en todo el pa\u00eds, una m\u00fasica criolla m\u00e1s llena de romanticismo y sin dejar atr\u00e1s el paisaje y el canto a la vida. Penetra en las ciudades m\u00e1s importantes y convence a los p\u00fablicos m\u00e1s controvertidos. Personas de distintas edades y sexo se identifican de inmediato con este artista que se convierte en un Mes\u00edas para la m\u00fasica llanera.<\/p>\n<p style=\"text-align: justify;\">A partir de ese entonces, comienza un desfile de \u00e9xitos sin paralelo. Los premios, reconocimientos y condecoraciones van y vienen. Premios como el Guaicaipuro de Oro, Meridiano, Ronda, Mara, Cacique, Tiuna, Venus de la Prensa, \u00c1guilas en distintas entregas, forman parte de la interminable galer\u00eda de Reynaldo Armas.<\/p>\n<p style=\"text-align: justify;\">Ha escrito m\u00e1s de trescientas canciones y grabado 26 discos de larga duraci\u00f3n &#8211; todos con canciones compuestas por \u00e9l, excepto tres temas del primer disco, que pertenecen al Cazador Novato. Viaja constantemente a Colombia donde tiene un mercado paralelo, a los Estados Unidos de Norteam\u00e9rica y Europa. Ahora, aunque promueve su disco &#8220;El Vuelo&#8221;, ya prepara su producci\u00f3n N 27, que ser\u00e1 lanzada en 2005. Cumple una apretada agenda de presentaciones personales y sostiene que mientras tenga respiraci\u00f3n va a cantarle y componerle a su pueblo, que despu\u00e9s de Dios es su raz\u00f3n de ser. Reynaldo no desmaya y ahora est\u00e1 cantando mejor que nunca con m\u00e1s ganas y con m\u00e1s fuerza y, por supuesto, con m\u00e1s profesionalismo y madurez.<\/p>\n<p style=\"text-align: justify;\"><strong>Wikipedia in English<\/strong><\/p>\n<p style=\"text-align: justify;\"><strong>Biography<\/strong><\/p>\n<p style=\"text-align: justify;\">Reynaldo Armas Enguaima (Campo &#8220;Los Guatacaros&#8221;, Santa Mar\u00eda de Ipire, Gu\u00e1rico State, Venezuela, August 4, 1953), better known as Reynaldo Armas is a Venezuela singer and composer of Venezuela folk music known in the artistic world as El N\u00ba 1 of the Canta Criolla, as well as the pseudonym of El Cardenal Sabanero. He was awarded the Latin Grammy Awards in 2013 for the album El Caballo de Oro, this becoming the second singer-songwriter of llanera music to obtain it.<\/p>\n<p style=\"text-align: justify;\">They are his parents, Nicasio Armas Figueroa and Modesta Enguaima Hern\u00e1ndez, both of peasant origin and agricultural workers. He has four siblings: Domingo, Algeria, Felipa and Margoth.<\/p>\n<p style=\"text-align: justify;\">At age 9, he moved with his family from the Guatacaros to Ca\u00f1o Morocho, near Zaraza. It is there where, at the age of 11, he begins by escaping from his home to share with local musicians in parrandas and peasant dances. Sing and play the baskets. At the age of 12, he componed his first song &#8220;My First Love&#8221;. After turning 15, he made his debut in a Sonda program on Radio Zaraza, hosted by Pompeyo Higuera &#8220;Caminitos de Zaraza&#8221;. Later, he would be part of the bagpipe group &#8220;Los Bravos de la Loma&#8221;, for which he would write several Christmas carols and Christmas gifts, under the direction of maestro Jos\u00e9 Antonio Blanca de los Copleros del Unare. At the age of 16, he participated in a counterpoint festival held at the El Faro club and won a trophy and money from the audience.<\/p>\n<p style=\"text-align: justify;\">It is at the age of 17 when he travels to the city of Caracas on a bus on the La Pascua line. Here he meets a completely different world and distant from its slum and countrymen. He has to burn many stages in beer halls, discos and the few places where folk music was performed.<\/p>\n<p style=\"text-align: justify;\">His first godfather (if that is what he can be called) was the maestro Don Jos\u00e9 Romero Bello, a highly respected singer-songwriter and one of the interpreters of the legendary work of the poet Alberto Arvelo Torrealba, entitled &#8220;Florentino y el Diablo&#8221;, together with the also hurried Carrao of Palmarito.<\/p>\n<p style=\"text-align: justify;\">Baptized with the pseudonym &#8220;El Cardenal Sabanero&#8221; he travels by the hand of Romero Bello to San Fernando de Apure and participates in the festival &#8220;Cantaclaro de Oro&#8221;, a version of the Florentino de Oro, in 1973. Here he ranks second, among 18 participants from all over the plain. In 1975 he returned to the festival and won. He does the same in Valencia, with the &#8220;Cucarachero de Oro&#8221;. At the San Carlos de Austria, he won the Miranda de Oro in Los Teques as a composer, and many more awards, as a counterpoint and as a solo singer. Between 1975 and 1976, he recorded two single discs; the first with &#8220;Mi primer Amor y Cari\u00f1o fingido&#8221; and the second with &#8220;Touring Venezuela and the Revolutionary.&#8221;<\/p>\n<p style=\"text-align: justify;\">In 1977, he recorded his first full-length with the support of Rafael Mart\u00ednez Arteaga &#8220;El Cazador Novato&#8221;, who by then was stuck in Venezuela and Colombia with various folk poems. Another who sounded a lot was Gualberto Ibarreto, with his &#8220;Mar\u00eda Antonia&#8221; and other traditional themes.<\/p>\n<p style=\"text-align: justify;\">&#8220;I Also Want to Sing&#8221;, as Reynaldo&#8217;s first album was titled, did not have a very good reception on the radio, since by then Creole music only sounded on certain early morning programs and on television it was not broadcast.<\/p>\n<p style=\"text-align: justify;\">However, in the interior of the country many events were held that served as the stage for the criollo seedbed of that time. Guided by the most important, such as \u00c1ngel Custodio Loyola, Magdalena S\u00e1nchez, Ad\u00edlia Castillo and el Carrao, among others, as well as the most stylized H\u00e9ctor Cabrera, Mario Su\u00e1rez and Rafael Monta\u00f1o. In 1978, the song &#8220;They don&#8217;t let me love you&#8221; began to be heard on the radio, with lyrics by V\u00edctor Brizuela and sung by Reyna Lucero, with whom months before he had shared in various breweries. Crist\u00f3bal Jim\u00e9nez also began to be heard dressed as a white heron, lyrics by Pedro Felipe Sosa Caro.<\/p>\n<p style=\"text-align: justify;\">It is in mid-1978 when Reynaldo&#8217;s long-playing &#8220;Inspiration of the Poet&#8221; begins to sound throughout the country, a more romantic Creole music without leaving behind the landscape and the song of life. Penetrate the most important cities and convince the most controversial audience. People of different ages and sex immediately identify with this artist who becomes a Messiah for llanera music.<\/p>\n<p style=\"text-align: justify;\">From then on, an unparalleled parade of hits begins. Awards, recognitions and decorations come and go. Awards such as the Guaicaipuro de Oro, Meridiano, Ronda, Mara, Cacique, Tiuna, Venus de la Prensa, \u00c1guilas in different deliveries, are part of the endless gallery of Reynaldo Armas.<\/p>\n<p style=\"text-align: justify;\">He has written more than three hundred songs and recorded 26 full-length albums &#8211; all with songs composed by him, except for three songs from the first album, which belong to the Rookie Hunter. He constantly travels to Colombia where he has a parallel market, to the United States of North America and Europe. Now, although he promotes his album &#8220;The Flight&#8221;, he is already preparing his production number 27, which will be released in 2005. He ful fills a busy schedule of personal presentations and maintains that as long as he has breath he will sing and compose for his people, that after Good it&#8217;s the reason to be. Reynaldo does not faint and now he is singing better than ever with more enthusiasm and with more force and, of course, with more professionalism and maturity.<\/p>\n<p style=\"text-align: justify;\"><b>Discografia<\/b><\/p>\n<table width=\"531\">\n<tbody>\n<tr>\n<td style=\"text-align: center;\" width=\"211\"><strong>Tema Musica Llanera Y Folclor Llanero<\/strong><\/td>\n<td style=\"text-align: center;\" width=\"234\"><strong>Grandes Exitos<\/strong><\/td>\n<td style=\"text-align: center;\" width=\"86\"><strong>Ano de Publicaci\u00f3n<\/strong><\/td>\n<\/tr>\n<tr>\n<td>1<\/td>\n<td>El Sediento<\/td>\n<td>1982<\/td>\n<\/tr>\n<tr>\n<td>2<\/td>\n<td>A Usted<\/td>\n<td><\/td>\n<\/tr>\n<tr>\n<td>3<\/td>\n<td>Pesadilla Entre Las Flores<\/td>\n<td><\/td>\n<\/tr>\n<tr>\n<td>4<\/td>\n<td>Mi Amigo El Camino<\/td>\n<td><\/td>\n<\/tr>\n<tr>\n<td>5<\/td>\n<td>Lucerito<\/td>\n<td><\/td>\n<\/tr>\n<tr>\n<td>6<\/td>\n<td>Laguna Vieja<\/td>\n<td><\/td>\n<\/tr>\n<tr>\n<td>7<\/td>\n<td>Muri\u00f3 La Rosa<\/td>\n<td><\/td>\n<\/tr>\n<tr>\n<td>8<\/td>\n<td>Mensaje<\/td>\n<td><\/td>\n<\/tr>\n<tr>\n<td>9<\/td>\n<td>Cuando Vuelan Mis Pesares<\/td>\n<td><\/td>\n<\/tr>\n<tr>\n<td>10<\/td>\n<td>El Beso Robado<\/td>\n<td><\/td>\n<\/tr>\n<tr>\n<td>11<\/td>\n<td>La Flor De La Amistad<\/td>\n<td><\/td>\n<\/tr>\n<tr>\n<td>12<\/td>\n<td>Mi M\u00e1s Hermoso Motivo<\/td>\n<td><\/td>\n<\/tr>\n<tr>\n<td>13<\/td>\n<td>Tema Para Un Amigo<\/td>\n<td><\/td>\n<\/tr>\n<tr>\n<td>14<\/td>\n<td>La Inspiraci\u00f3n Del Poeta<\/td>\n<td><\/td>\n<\/tr>\n<tr>\n<td><\/td>\n<td><\/td>\n<td><\/td>\n<\/tr>\n<\/tbody>\n<\/table>\n<p>Creditos tomados de:<\/p>\n<p style=\"text-align: justify;\"><a href=\"http:\/\/mejorescanciones.es\/reynaldo-armas?fbclid=IwAR1mDlwq_9jzuPIc7yr9JydjThdKOJl_np2P__pK3yCkdys6yAXjH84ZRD0\">http:\/\/mejorescanciones.es\/reynaldo-armas<\/a><\/p>\n<p style=\"text-align: justify;\"><a href=\"https:\/\/www.last.fm\/es\/music\/Reynaldo+Armas\/+wiki?fbclid=IwAR0mPLcikEORF0Pxt0AZJ1KZ-XtMsIArbfQ6eTDwbgbCQ1zjiR4GTZl8JKM\">https:\/\/www.last.fm\/es\/music\/Reynaldo+Armas\/+wiki<\/a><\/p>\n<div class=\"epyt-video-wrapper\"><iframe loading=\"lazy\"  id=\"_ytid_43237\"  width=\"618\" height=\"347\"  data-origwidth=\"618\" data-origheight=\"347\" src=\"https:\/\/www.youtube.com\/embed\/jOfe_VJ3FwM?enablejsapi=1&#038;autoplay=0&#038;cc_load_policy=0&#038;cc_lang_pref=&#038;iv_load_policy=1&#038;loop=0&#038;modestbranding=0&#038;rel=1&#038;fs=1&#038;playsinline=0&#038;autohide=2&#038;theme=dark&#038;color=red&#038;controls=1&#038;\" class=\"__youtube_prefs__  epyt-is-override  no-lazyload\" title=\"YouTube player\"  allow=\"fullscreen; accelerometer; autoplay; clipboard-write; encrypted-media; gyroscope; picture-in-picture\" allowfullscreen data-no-lazy=\"1\" data-skipgform_ajax_framebjll=\"\"><\/iframe><\/div>\n","protected":false},"excerpt":{"rendered":"<p>&nbsp; &nbsp; Fecha de nacimiento: 4 Agosto 1953 (66 a\u00f1os) Biograf\u00eda Reynaldo Armas Enguaima (Campo \u201cLos Guatacaros\u201d, Santa Mar\u00eda de Aire, Estado Gu\u00e1rico, Venezuela, 4 de agosto de 1953), m\u00e1s conocido como Reynaldo Armas es un cantante y compositor venezolano de m\u00fasica folcl\u00f3rica venezolana conocido en el medio art\u00edstico como El 1 de la Canta &hellip;<\/p>\n","protected":false},"author":1,"featured_media":0,"parent":0,"menu_order":0,"comment_status":"closed","ping_status":"closed","template":"","meta":{"footnotes":""},"class_list":["post-28596","page","type-page","status-publish",""],"jetpack_sharing_enabled":true,"_links":{"self":[{"href":"http:\/\/mickyandoniehn.com\/radio\/wp-json\/wp\/v2\/pages\/28596","targetHints":{"allow":["GET"]}}],"collection":[{"href":"http:\/\/mickyandoniehn.com\/radio\/wp-json\/wp\/v2\/pages"}],"about":[{"href":"http:\/\/mickyandoniehn.com\/radio\/wp-json\/wp\/v2\/types\/page"}],"author":[{"embeddable":true,"href":"http:\/\/mickyandoniehn.com\/radio\/wp-json\/wp\/v2\/users\/1"}],"replies":[{"embeddable":true,"href":"http:\/\/mickyandoniehn.com\/radio\/wp-json\/wp\/v2\/comments?post=28596"}],"version-history":[{"count":2,"href":"http:\/\/mickyandoniehn.com\/radio\/wp-json\/wp\/v2\/pages\/28596\/revisions"}],"predecessor-version":[{"id":30489,"href":"http:\/\/mickyandoniehn.com\/radio\/wp-json\/wp\/v2\/pages\/28596\/revisions\/30489"}],"wp:attachment":[{"href":"http:\/\/mickyandoniehn.com\/radio\/wp-json\/wp\/v2\/media?parent=28596"}],"curies":[{"name":"wp","href":"https:\/\/api.w.org\/{rel}","templated":true}]}}