{"id":28575,"date":"2022-08-26T10:35:52","date_gmt":"2022-08-26T16:35:52","guid":{"rendered":"https:\/\/mickyandoniehn.com\/radio\/?page_id=28575"},"modified":"2024-07-23T08:48:47","modified_gmt":"2024-07-23T14:48:47","slug":"jerry-rivera","status":"publish","type":"page","link":"http:\/\/mickyandoniehn.com\/radio\/jerry-rivera\/","title":{"rendered":"Jerry Rivera"},"content":{"rendered":"<p style=\"text-align: justify;\"><img loading=\"lazy\" decoding=\"async\" class=\" wp-image-73720 aligncenter\" src=\"http:\/\/mickyandoniehn.com\/radio\/wp-content\/uploads\/2023\/07\/Jerry-Rivera-300x300.jpg\" alt=\"\" width=\"509\" height=\"509\" srcset=\"http:\/\/mickyandoniehn.com\/radio\/wp-content\/uploads\/2023\/07\/Jerry-Rivera-300x300.jpg 300w, http:\/\/mickyandoniehn.com\/radio\/wp-content\/uploads\/2023\/07\/Jerry-Rivera-150x150.jpg 150w, http:\/\/mickyandoniehn.com\/radio\/wp-content\/uploads\/2023\/07\/Jerry-Rivera-768x768.jpg 768w, http:\/\/mickyandoniehn.com\/radio\/wp-content\/uploads\/2023\/07\/Jerry-Rivera.jpg 900w\" sizes=\"auto, (max-width: 509px) 100vw, 509px\" \/><\/p>\n<p>&nbsp;<\/p>\n<div class=\"cxmmr5t8 oygrvhab hcukyx3x c1et5uql o9v6fnle ii04i59q\" style=\"text-align: justify;\">\n<div dir=\"auto\"><strong>Fecha de Nacimiento:<\/strong> 31 de Julio de 1973<\/div>\n<p>&nbsp;<\/p>\n<div dir=\"auto\"><\/div>\n<\/div>\n<div class=\"cxmmr5t8 oygrvhab hcukyx3x c1et5uql o9v6fnle ii04i59q\" style=\"text-align: justify;\">\n<div dir=\"auto\"><strong>Biograf\u00eda:<\/strong><\/div>\n<p>&nbsp;<\/p>\n<div dir=\"auto\"><\/div>\n<div dir=\"auto\">Jerry Rivera naci\u00f3 en San Juan, Puerto Rico. Realiz\u00f3 sus estudios primarios y secundarios en esa ciudad. Sus padres eran m\u00fasicos, lo impulsaron a convertirse tambi\u00e9n en un m\u00fasico y ya desde ni\u00f1o acompa\u00f1\u00f3 a su madre, Dominga (cantante) y a su padre Edwin (guitarrista y director de Los Barones Tr\u00edo) durante sus actuaciones. Su hermano mayor Edwin Rivera tambi\u00e9n es un reconocido artista de Salsa.<\/div>\n<p>&nbsp;<\/p>\n<div dir=\"auto\"><\/div>\n<\/div>\n<div class=\"cxmmr5t8 oygrvhab hcukyx3x c1et5uql o9v6fnle ii04i59q\" style=\"text-align: justify;\">\n<div dir=\"auto\">Sus cantantes favoritos son Eddie Santiago, Lalo Rodr\u00edguez y, en especial, Frankie Ruiz. En 1986, cuando ten\u00eda 14 a\u00f1os, acompa\u00f1\u00f3 a su padre que estaba actuando en un hotel en Isla Verde, San Juan. Frankie Ruiz, que estaba hospedado en el hotel, apareci\u00f3 y cant\u00f3 un par de canciones con ellos y se fotografiaron juntos. El 21 de octubre de 2003 dicha fotograf\u00eda fue usada por Jerry como portada de su disco tributo Canto a mi \u00eddolo&#8230; Frankie Ruiz, que hab\u00eda muerto en 1998. En 1988, Tommy Olivencia escuch\u00f3 a Jerry cantar junto a su padre y le recomend\u00f3 que empezase su carrera en solitario. Cuando Jerry ten\u00eda tan solo 16 a\u00f1os, su padre hizo una maqueta y la present\u00f3 al departamento musical de CBS, que hizo que lo contrataran.<\/div>\n<p>&nbsp;<\/p>\n<div dir=\"auto\"><\/div>\n<\/div>\n<div class=\"cxmmr5t8 oygrvhab hcukyx3x c1et5uql o9v6fnle ii04i59q\" style=\"text-align: justify;\">\n<div dir=\"auto\">Su segundo disco, Abriendo puertas, tuvo grandes \u00e9xitos con sus canciones &#8220;Esa ni\u00f1a&#8221;, &#8220;Tal vez&#8221;, &#8220;Como un milagro&#8221; y &#8220;Nada sin ti&#8221;, que convirtieron al disco en n\u00famero uno de las listas de Puerto Rico, Estados Unidos y finalmente por toda Am\u00e9rica Latina. Su tercer disco, Cuenta conmigo (1992), gan\u00f3 tres discos de platino en los Estados Unidos, Puerto Rico, Venezuela y Colombia.<\/div>\n<p>&nbsp;<\/p>\n<div dir=\"auto\"><\/div>\n<\/div>\n<div class=\"cxmmr5t8 oygrvhab hcukyx3x c1et5uql o9v6fnle ii04i59q\" style=\"text-align: justify;\">\n<div dir=\"auto\">Jerry recibi\u00f3 dos premios Lo Nuestro como &#8220;Cantante del A\u00f1o&#8221; y &#8220;Disco del A\u00f1o&#8221; y Sony Discos le dieron tres Crystal Awards. En 1995 realiza una versi\u00f3n (en salsa) de la canci\u00f3n Suave que a\u00f1os anteriores hab\u00eda sido interpretada Luis Miguel, de quien Jerry Rivera dijo en una entrevista ser &#8220;su admirador&#8221; y tomarlo como &#8220;modelo de inspiraci\u00f3n y modelo a seguir&#8221;. En 1998, Rivera grab\u00f3 De otra manera, que inclu\u00eda el bolero &#8220;\u00c9se&#8221;. Jerry cant\u00f3 la canci\u00f3n con su padre en el Coliseo Roberto Clemente de San Juan.<\/div>\n<p>&nbsp;<\/p>\n<div dir=\"auto\"><\/div>\n<\/div>\n<div class=\"cxmmr5t8 oygrvhab hcukyx3x c1et5uql o9v6fnle ii04i59q\" style=\"text-align: justify;\">\n<div dir=\"auto\"><strong>Wikipedia in English<\/strong><\/div>\n<p>&nbsp;<\/p>\n<div dir=\"auto\"><\/div>\n<\/div>\n<div class=\"cxmmr5t8 oygrvhab hcukyx3x c1et5uql o9v6fnle ii04i59q\" style=\"text-align: justify;\">\n<div dir=\"auto\"><strong>Date of Birth:<\/strong> July 31, 1973<\/div>\n<p>&nbsp;<\/p>\n<div dir=\"auto\"><\/div>\n<\/div>\n<div class=\"cxmmr5t8 oygrvhab hcukyx3x c1et5uql o9v6fnle ii04i59q\" style=\"text-align: justify;\">\n<div dir=\"auto\"><strong>Biography:<\/strong><\/div>\n<p>&nbsp;<\/p>\n<div dir=\"auto\"><\/div>\n<div dir=\"auto\">Jerry Rivera was born in San Juan, Puerto Rico. He completed his primary and secondary studies in that city. His parents were musicians, they encouraged him to also become a musicians and as a child he accompanied his mother, Dominga (singer) and his father Edwin (guitarist and director of Los Barones Tr\u00edo) during his performances. . His older brother Edwin Rivera is also a renowned Salsa artist.<\/div>\n<p>&nbsp;<\/p>\n<div dir=\"auto\"><\/div>\n<\/div>\n<div class=\"cxmmr5t8 oygrvhab hcukyx3x c1et5uql o9v6fnle ii04i59q\" style=\"text-align: justify;\">\n<div dir=\"auto\">His favorite singers are Eddie Santiago, Lalo Rodr\u00edguez and, especially, Frankie Ruiz. In 1986, when he was 14 years old, he accompanied his father who was performing at a hotel in Isla Verde, San Juan. Frankie Ruiz, who was staying at the hotel, appeared and sang a couple of songs with them and they had their photo taken together. On October 21, 2003, this photograph was used by Jerry as the cover of his tribute album Canto a mi idol. Frankie Ruiz, who had died in 1998. In 1988, Tommy Olivencia heard Jerry sing with his father and recommended to start his solo career. When Jerry was just 16 years old, his father made a demo and presented it to the CBS music department, who got him hired.<\/div>\n<p>&nbsp;<\/p>\n<\/div>\n<div class=\"cxmmr5t8 oygrvhab hcukyx3x c1et5uql o9v6fnle ii04i59q\" style=\"text-align: justify;\">\n<div dir=\"auto\">His second album, Opening doors, had great successes with his songs &#8220;That girl&#8221;, &#8220;Maybe&#8221;, &#8220;Like a miracle&#8221; and &#8220;Nothing without you&#8221;, which made the album number one on the charts in Puerto Rico, United States. United and finally throughout Latin America. His third album, Count Me (1992), won three platinum records in the United States, Puerto Rico, Venezuela and Colombia.<\/div>\n<p>&nbsp;<\/p>\n<\/div>\n<div class=\"cxmmr5t8 oygrvhab hcukyx3x c1et5uql o9v6fnle ii04i59q\" style=\"text-align: justify;\">\n<div dir=\"auto\">Jerry received two Lo Nuestro awards as &#8220;Singer of the Year&#8221; and &#8220;Record of the Year&#8221; and Sony Discos gave him three Crystal Awards. In 1995 he made a version (in salsa) of the song Suave that Luis Miguel had performed in previous years, whom Jerry Rivera said in an interview to be &#8220;his admirer of him&#8221; and to take him as a &#8220;model of inspiration and role model.&#8221; In 1998, Rivera recorded In Another Way, which included the bolero &#8220;\u00c9se&#8221;. Jerry sang the song with his father at the Roberto Clemente Coliseum in San Juan.<\/div>\n<p>&nbsp;<\/p>\n<div dir=\"auto\"><\/div>\n<\/div>\n<div class=\"cxmmr5t8 oygrvhab hcukyx3x c1et5uql o9v6fnle ii04i59q\" style=\"text-align: justify;\">\n<div dir=\"auto\"><strong>Discograf\u00eda<\/strong><\/div>\n<p>&nbsp;<\/p>\n<\/div>\n<div class=\"cxmmr5t8 oygrvhab hcukyx3x c1et5uql o9v6fnle ii04i59q\" style=\"text-align: justify;\">\n<div dir=\"auto\">\n<table width=\"442\">\n<tbody>\n<tr>\n<td style=\"text-align: center;\" width=\"132\"><strong>G\u00e9nero Salsa y Baladas Rom\u00e1nticas<\/strong><\/td>\n<td style=\"text-align: center;\" width=\"246\"><strong>Escuchar tema<\/strong><\/td>\n<td style=\"text-align: center;\" width=\"64\"><strong>A\u00f1o<\/strong><\/td>\n<\/tr>\n<tr>\n<td style=\"text-align: center;\"><\/td>\n<td style=\"text-align: center;\"><strong>Empezando a Vivir<\/strong><\/td>\n<td style=\"text-align: center;\"><strong>1989<\/strong><\/td>\n<\/tr>\n<tr>\n<td>1<\/td>\n<td>Empezando A Vivir<\/td>\n<td><\/td>\n<\/tr>\n<tr>\n<td>2<\/td>\n<td>De La Cabeza A Los Pies<\/td>\n<td><\/td>\n<\/tr>\n<tr>\n<td>3<\/td>\n<td>Lo Perdiste Todo<\/td>\n<td><\/td>\n<\/tr>\n<tr>\n<td>4<\/td>\n<td>El Temporal<\/td>\n<td><\/td>\n<\/tr>\n<tr>\n<td>5<\/td>\n<td>Tienes Un Amigo<\/td>\n<td><\/td>\n<\/tr>\n<tr>\n<td>6<\/td>\n<td>Al Rev\u00e9s<\/td>\n<td><\/td>\n<\/tr>\n<tr>\n<td>7<\/td>\n<td>No Me Sonr\u00edas Tan Cerca<\/td>\n<td><\/td>\n<\/tr>\n<tr>\n<td>8<\/td>\n<td>Qu\u00e9 Misterio<\/td>\n<td><\/td>\n<\/tr>\n<tr>\n<td><\/td>\n<td><\/td>\n<td><\/td>\n<\/tr>\n<tr>\n<td style=\"text-align: center;\"><\/td>\n<td style=\"text-align: center;\"><strong>Abriendo Puertas<\/strong><\/td>\n<td style=\"text-align: center;\"><strong>1990<\/strong><\/td>\n<\/tr>\n<tr>\n<td>1<\/td>\n<td>Esa Ni\u00f1a<\/td>\n<td><\/td>\n<\/tr>\n<tr>\n<td>2<\/td>\n<td>Dime<\/td>\n<td><\/td>\n<\/tr>\n<tr>\n<td>3<\/td>\n<td>Nada Sin Ti<\/td>\n<td><\/td>\n<\/tr>\n<tr>\n<td>4<\/td>\n<td>Como Un Milagro<\/td>\n<td><\/td>\n<\/tr>\n<tr>\n<td>5<\/td>\n<td>M\u00e1s Que Tu<\/td>\n<td><\/td>\n<\/tr>\n<tr>\n<td>6<\/td>\n<td>Para Amarnos Mas<\/td>\n<td><\/td>\n<\/tr>\n<tr>\n<td>7<\/td>\n<td>El Molojilla Del Ca\u00f1averal<\/td>\n<td><\/td>\n<\/tr>\n<tr>\n<td>8<\/td>\n<td>Tal Vez<\/td>\n<td><\/td>\n<\/tr>\n<tr>\n<td><\/td>\n<td><\/td>\n<td><\/td>\n<\/tr>\n<tr>\n<td style=\"text-align: center;\"><\/td>\n<td style=\"text-align: center;\"><strong>Cuenta conmigo<\/strong><\/td>\n<td style=\"text-align: center;\"><strong>1990<\/strong><\/td>\n<\/tr>\n<tr>\n<td>1<\/td>\n<td>Casi Un Hechizo<\/td>\n<td><\/td>\n<\/tr>\n<tr>\n<td>2<\/td>\n<td>Amores Como El Nuestro<\/td>\n<td><\/td>\n<\/tr>\n<tr>\n<td>3<\/td>\n<td>A Ti Mi Nena<\/td>\n<td><\/td>\n<\/tr>\n<tr>\n<td>4<\/td>\n<td>Me Estoy Muriendo De Amor<\/td>\n<td><\/td>\n<\/tr>\n<tr>\n<td>5<\/td>\n<td>El Pr\u00edncipe De La Ciudad<\/td>\n<td><\/td>\n<\/tr>\n<tr>\n<td>6<\/td>\n<td>Una En Un Mill\u00f3n<\/td>\n<td><\/td>\n<\/tr>\n<tr>\n<td>7<\/td>\n<td>Amor De Colegio<\/td>\n<td><\/td>\n<\/tr>\n<tr>\n<td>8<\/td>\n<td>Chiquilla<\/td>\n<td><\/td>\n<\/tr>\n<tr>\n<td>9<\/td>\n<td>Cuenta Conmigo<\/td>\n<td><\/td>\n<\/tr>\n<tr>\n<td>10<\/td>\n<td>Me Estoy Enamorando<\/td>\n<td><\/td>\n<\/tr>\n<tr>\n<td><\/td>\n<td><\/td>\n<td><\/td>\n<\/tr>\n<tr>\n<td style=\"text-align: center;\"><\/td>\n<td style=\"text-align: center;\"><strong>Cara de Ni\u00f1o<\/strong><\/td>\n<td style=\"text-align: center;\"><strong>1993<\/strong><\/td>\n<\/tr>\n<tr>\n<td>1<\/td>\n<td>Solo T\u00fa<\/td>\n<td><\/td>\n<\/tr>\n<tr>\n<td>2<\/td>\n<td>Qu\u00e9 Hay De Malo<\/td>\n<td><\/td>\n<\/tr>\n<tr>\n<td>3<\/td>\n<td>Cara De Ni\u00f1o<\/td>\n<td><\/td>\n<\/tr>\n<tr>\n<td>4<\/td>\n<td>No Hieras Mi Vida<\/td>\n<td><\/td>\n<\/tr>\n<tr>\n<td>5<\/td>\n<td>D\u00eda Y Noche Pienso En Ella<\/td>\n<td><\/td>\n<\/tr>\n<tr>\n<td>6<\/td>\n<td>En Las Nubes<\/td>\n<td><\/td>\n<\/tr>\n<tr>\n<td>7<\/td>\n<td>No Me Puedes Dejar As\u00ed<\/td>\n<td><\/td>\n<\/tr>\n<tr>\n<td>8<\/td>\n<td>Deseo Loco<\/td>\n<td><\/td>\n<\/tr>\n<tr>\n<td>9<\/td>\n<td>Para Ti<\/td>\n<td><\/td>\n<\/tr>\n<tr>\n<td>10<\/td>\n<td>Por Tenerte<\/td>\n<td><\/td>\n<\/tr>\n<tr>\n<td><\/td>\n<td><\/td>\n<td><\/td>\n<\/tr>\n<tr>\n<td style=\"text-align: center;\"><\/td>\n<td style=\"text-align: center;\"><strong>Magia<\/strong><\/td>\n<td style=\"text-align: center;\"><strong>1992<\/strong><\/td>\n<\/tr>\n<tr>\n<td>1<\/td>\n<td>Ahora Que Estoy Solo<\/td>\n<td><\/td>\n<\/tr>\n<tr>\n<td>2<\/td>\n<td>Magia<\/td>\n<td><\/td>\n<\/tr>\n<tr>\n<td>3<\/td>\n<td>Tr\u00e9bol De Cuatro Hojas<\/td>\n<td><\/td>\n<\/tr>\n<tr>\n<td>4<\/td>\n<td>Un Amor Verdadero<\/td>\n<td><\/td>\n<\/tr>\n<tr>\n<td>5<\/td>\n<td>Amor M\u00e1gico<\/td>\n<td><\/td>\n<\/tr>\n<tr>\n<td>6<\/td>\n<td>Nunca Imagine<\/td>\n<td><\/td>\n<\/tr>\n<tr>\n<td>7<\/td>\n<td>Gracias<\/td>\n<td><\/td>\n<\/tr>\n<tr>\n<td>8<\/td>\n<td>Corazon Roto<\/td>\n<td><\/td>\n<\/tr>\n<tr>\n<td>9<\/td>\n<td>Loco Enamorado<\/td>\n<td><\/td>\n<\/tr>\n<tr>\n<td>10<\/td>\n<td>Tierra Sin Sol<\/td>\n<td><\/td>\n<\/tr>\n<tr>\n<td><\/td>\n<td><\/td>\n<td><\/td>\n<\/tr>\n<tr>\n<td style=\"text-align: center;\"><\/td>\n<td style=\"text-align: center;\"><strong>Fresco<\/strong><\/td>\n<td style=\"text-align: center;\"><strong>1996<\/strong><\/td>\n<\/tr>\n<tr>\n<td>1<\/td>\n<td>Loco De Amor<\/td>\n<td><\/td>\n<\/tr>\n<tr>\n<td>2<\/td>\n<td>Una Y Mil Veces<\/td>\n<td><\/td>\n<\/tr>\n<tr>\n<td>3<\/td>\n<td>Desde Que Tu No Estas<\/td>\n<td><\/td>\n<\/tr>\n<tr>\n<td>4<\/td>\n<td>Si, So Un Muchacho Malo<\/td>\n<td><\/td>\n<\/tr>\n<tr>\n<td>5<\/td>\n<td>Digo Tu Nombre<\/td>\n<td><\/td>\n<\/tr>\n<tr>\n<td>6<\/td>\n<td>Te Recordar\u00e8<\/td>\n<td><\/td>\n<\/tr>\n<tr>\n<td>7<\/td>\n<td>Fresco<\/td>\n<td><\/td>\n<\/tr>\n<tr>\n<td>8<\/td>\n<td>Llorar\u00e8<\/td>\n<td><\/td>\n<\/tr>\n<tr>\n<td>9<\/td>\n<td>Linda Fantas\u00eda<\/td>\n<td><\/td>\n<\/tr>\n<tr>\n<td>10<\/td>\n<td>Suave<\/td>\n<td><\/td>\n<\/tr>\n<tr>\n<td><\/td>\n<td><\/td>\n<td><\/td>\n<\/tr>\n<tr>\n<td style=\"text-align: center;\"><\/td>\n<td style=\"text-align: center;\"><strong>Ya no soy El Ni\u00f1o Aquel<\/strong><\/td>\n<td style=\"text-align: center;\"><strong>1997<\/strong><\/td>\n<\/tr>\n<tr>\n<td>1<\/td>\n<td>Ya No Soy El Ni\u00f1o Aquel<\/td>\n<td><\/td>\n<\/tr>\n<tr>\n<td>2<\/td>\n<td>El Amor Nunca Pregunta<\/td>\n<td><\/td>\n<\/tr>\n<tr>\n<td>3<\/td>\n<td>Nena<\/td>\n<td><\/td>\n<\/tr>\n<tr>\n<td>4<\/td>\n<td>Y Yo Estoy<\/td>\n<td><\/td>\n<\/tr>\n<tr>\n<td>5<\/td>\n<td>Yo Quisiera Ser El Condor<\/td>\n<td><\/td>\n<\/tr>\n<tr>\n<td>6<\/td>\n<td>Pienso En T\u00ed<\/td>\n<td><\/td>\n<\/tr>\n<tr>\n<td>7<\/td>\n<td>Vuela Libre<\/td>\n<td><\/td>\n<\/tr>\n<tr>\n<td>8<\/td>\n<td>Amor De Fotograf\u00eda<\/td>\n<td><\/td>\n<\/tr>\n<tr>\n<td>9<\/td>\n<td>Como Tu<\/td>\n<td><\/td>\n<\/tr>\n<tr>\n<td>10<\/td>\n<td>Y Pedir\u00e9<\/td>\n<td><\/td>\n<\/tr>\n<tr>\n<td><\/td>\n<td><\/td>\n<td><\/td>\n<\/tr>\n<tr>\n<td style=\"text-align: center;\"><\/td>\n<td style=\"text-align: center;\"><strong>De Otra Manera<\/strong><\/td>\n<td style=\"text-align: center;\"><strong>1998<\/strong><\/td>\n<\/tr>\n<tr>\n<td>1<\/td>\n<td>Si Quieres Amar<\/td>\n<td><\/td>\n<\/tr>\n<tr>\n<td>2<\/td>\n<td>Tu Recuerdo<\/td>\n<td><\/td>\n<\/tr>\n<tr>\n<td>3<\/td>\n<td>Entrega<\/td>\n<td><\/td>\n<\/tr>\n<tr>\n<td>4<\/td>\n<td>Si Tu Me Faltas<\/td>\n<td><\/td>\n<\/tr>\n<tr>\n<td>5<\/td>\n<td>De Otra Manera<\/td>\n<td><\/td>\n<\/tr>\n<tr>\n<td>6<\/td>\n<td>Ese (Version Balda)<\/td>\n<td><\/td>\n<\/tr>\n<tr>\n<td>7<\/td>\n<td>Quiero Investigarte<\/td>\n<td><\/td>\n<\/tr>\n<tr>\n<td>8<\/td>\n<td>Hiereme Sin Compromiso<\/td>\n<td><\/td>\n<\/tr>\n<tr>\n<td>9<\/td>\n<td>Vive En Mi<\/td>\n<td><\/td>\n<\/tr>\n<tr>\n<td>10<\/td>\n<td>Voy A Conquistarte<\/td>\n<td><\/td>\n<\/tr>\n<tr>\n<td>11<\/td>\n<td>De Que Vale Ser Un Rey<\/td>\n<td><\/td>\n<\/tr>\n<tr>\n<td>12<\/td>\n<td>Ese<\/td>\n<td><\/td>\n<\/tr>\n<tr>\n<td><\/td>\n<td><\/td>\n<td><\/td>\n<\/tr>\n<tr>\n<td><\/td>\n<td style=\"text-align: center;\"><strong>Para Siempre\u00a0<\/strong><\/td>\n<td style=\"text-align: center;\"><strong>2000<\/strong><\/td>\n<\/tr>\n<tr>\n<td>1<\/td>\n<td>Amor De Novela<\/td>\n<td><\/td>\n<\/tr>\n<tr>\n<td>2<\/td>\n<td>Navegandote<\/td>\n<td><\/td>\n<\/tr>\n<tr>\n<td>3<\/td>\n<td>Una Puerta Abierta<\/td>\n<td><\/td>\n<\/tr>\n<tr>\n<td>4<\/td>\n<td>La Oportunidad<\/td>\n<td><\/td>\n<\/tr>\n<tr>\n<td>5<\/td>\n<td>Para Siempre<\/td>\n<td><\/td>\n<\/tr>\n<tr>\n<td>6<\/td>\n<td>Cuando Te Vayas<\/td>\n<td><\/td>\n<\/tr>\n<tr>\n<td>7<\/td>\n<td>Se Fue Tu Amor<\/td>\n<td><\/td>\n<\/tr>\n<tr>\n<td>8<\/td>\n<td>Navegandote (Ballad Version)<\/td>\n<td><\/td>\n<\/tr>\n<tr>\n<td><\/td>\n<td><\/td>\n<td><\/td>\n<\/tr>\n<tr>\n<td style=\"text-align: center;\"><\/td>\n<td style=\"text-align: center;\"><strong>Jerry Rivera<\/strong><\/td>\n<td style=\"text-align: center;\"><strong>2001<\/strong><\/td>\n<\/tr>\n<tr>\n<td>1<\/td>\n<td>Quiero<\/td>\n<td><\/td>\n<\/tr>\n<tr>\n<td>2<\/td>\n<td>Tu<\/td>\n<td><\/td>\n<\/tr>\n<tr>\n<td>3<\/td>\n<td>Fingir<\/td>\n<td><\/td>\n<\/tr>\n<tr>\n<td>4<\/td>\n<td>Caramelito<\/td>\n<td><\/td>\n<\/tr>\n<tr>\n<td>5<\/td>\n<td>Y Se Escapo El Amor<\/td>\n<td><\/td>\n<\/tr>\n<tr>\n<td>6<\/td>\n<td>Muero<\/td>\n<td><\/td>\n<\/tr>\n<tr>\n<td>7<\/td>\n<td>Vuelve<\/td>\n<td><\/td>\n<\/tr>\n<tr>\n<td>8<\/td>\n<td>Que Queda De Nuestro Amor<\/td>\n<td><\/td>\n<\/tr>\n<tr>\n<td>9<\/td>\n<td>Volveras<\/td>\n<td><\/td>\n<\/tr>\n<tr>\n<td>10<\/td>\n<td>Un Beso De Quien Amas<\/td>\n<td><\/td>\n<\/tr>\n<tr>\n<td>11<\/td>\n<td>Una Senal<\/td>\n<td><\/td>\n<\/tr>\n<tr>\n<td>12<\/td>\n<td>Porque Tu<\/td>\n<td><\/td>\n<\/tr>\n<tr>\n<td>13<\/td>\n<td>Quiero (Salsa)<\/td>\n<td><\/td>\n<\/tr>\n<tr>\n<td><\/td>\n<td><\/td>\n<td><\/td>\n<\/tr>\n<\/tbody>\n<\/table>\n<p>&nbsp;<\/p>\n<\/div>\n<div dir=\"auto\"><\/div>\n<\/div>\n<div class=\"cxmmr5t8 oygrvhab hcukyx3x c1et5uql o9v6fnle ii04i59q\" style=\"text-align: justify;\">\n<div dir=\"auto\">Cr\u00e9ditos: Tomado de Wikipedia<\/div>\n<div dir=\"auto\"><a class=\"oajrlxb2 g5ia77u1 qu0x051f esr5mh6w e9989ue4 r7d6kgcz rq0escxv nhd2j8a9 nc684nl6 p7hjln8o kvgmc6g5 cxmmr5t8 oygrvhab hcukyx3x jb3vyjys rz4wbd8a qt6c0cv9 a8nywdso i1ao9s8h esuyzwwr f1sip0of lzcic4wl gpro0wi8 py34i1dx\" tabindex=\"0\" role=\"link\" href=\"https:\/\/es.wikipedia.org\/wiki\/Jerry_Rivera?fbclid=IwAR0Py3nNqzLmJkx1uf5N09MKysGG41HMviCPTwKy4Tr447LzOwuBYGAJ5kU\" target=\"_blank\" rel=\"nofollow noopener\">https:\/\/es.wikipedia.org\/wiki\/Jerry_Rivera<\/a><\/div>\n<\/div>\n<p>&nbsp;<\/p>\n<div dir=\"auto\" style=\"text-align: justify;\"><\/div>\n<div dir=\"auto\" style=\"text-align: justify;\"><\/div>\n<div class=\"epyt-video-wrapper\"><iframe loading=\"lazy\"  id=\"_ytid_63268\"  width=\"618\" height=\"347\"  data-origwidth=\"618\" data-origheight=\"347\" src=\"https:\/\/www.youtube.com\/embed\/w6JYmqtXQ-s?enablejsapi=1&#038;autoplay=0&#038;cc_load_policy=0&#038;cc_lang_pref=&#038;iv_load_policy=1&#038;loop=0&#038;modestbranding=0&#038;rel=1&#038;fs=1&#038;playsinline=0&#038;autohide=2&#038;theme=dark&#038;color=red&#038;controls=1&#038;\" class=\"__youtube_prefs__  epyt-is-override  no-lazyload\" title=\"YouTube player\"  allow=\"fullscreen; accelerometer; autoplay; clipboard-write; encrypted-media; gyroscope; picture-in-picture\" allowfullscreen data-no-lazy=\"1\" data-skipgform_ajax_framebjll=\"\"><\/iframe><\/div>\n","protected":false},"excerpt":{"rendered":"<p>&nbsp; Fecha de Nacimiento: 31 de Julio de 1973 &nbsp; Biograf\u00eda: &nbsp; Jerry Rivera naci\u00f3 en San Juan, Puerto Rico. Realiz\u00f3 sus estudios primarios y secundarios en esa ciudad. Sus padres eran m\u00fasicos, lo impulsaron a convertirse tambi\u00e9n en un m\u00fasico y ya desde ni\u00f1o acompa\u00f1\u00f3 a su madre, Dominga (cantante) y a su padre &hellip;<\/p>\n","protected":false},"author":1,"featured_media":0,"parent":0,"menu_order":0,"comment_status":"closed","ping_status":"closed","template":"","meta":{"footnotes":""},"class_list":["post-28575","page","type-page","status-publish",""],"jetpack_sharing_enabled":true,"_links":{"self":[{"href":"http:\/\/mickyandoniehn.com\/radio\/wp-json\/wp\/v2\/pages\/28575","targetHints":{"allow":["GET"]}}],"collection":[{"href":"http:\/\/mickyandoniehn.com\/radio\/wp-json\/wp\/v2\/pages"}],"about":[{"href":"http:\/\/mickyandoniehn.com\/radio\/wp-json\/wp\/v2\/types\/page"}],"author":[{"embeddable":true,"href":"http:\/\/mickyandoniehn.com\/radio\/wp-json\/wp\/v2\/users\/1"}],"replies":[{"embeddable":true,"href":"http:\/\/mickyandoniehn.com\/radio\/wp-json\/wp\/v2\/comments?post=28575"}],"version-history":[{"count":3,"href":"http:\/\/mickyandoniehn.com\/radio\/wp-json\/wp\/v2\/pages\/28575\/revisions"}],"predecessor-version":[{"id":75230,"href":"http:\/\/mickyandoniehn.com\/radio\/wp-json\/wp\/v2\/pages\/28575\/revisions\/75230"}],"wp:attachment":[{"href":"http:\/\/mickyandoniehn.com\/radio\/wp-json\/wp\/v2\/media?parent=28575"}],"curies":[{"name":"wp","href":"https:\/\/api.w.org\/{rel}","templated":true}]}}