{"id":28531,"date":"2022-08-26T10:16:41","date_gmt":"2022-08-26T16:16:41","guid":{"rendered":"https:\/\/mickyandoniehn.com\/radio\/?page_id=28531"},"modified":"2024-07-23T08:30:02","modified_gmt":"2024-07-23T14:30:02","slug":"toni-halliday","status":"publish","type":"page","link":"http:\/\/mickyandoniehn.com\/radio\/toni-halliday\/","title":{"rendered":"Toni Halliday"},"content":{"rendered":"<p style=\"text-align: justify;\"><img loading=\"lazy\" decoding=\"async\" class=\" wp-image-73729 aligncenter\" src=\"http:\/\/mickyandoniehn.com\/radio\/wp-content\/uploads\/2023\/07\/Toni-Halliday-200x300.jpg\" alt=\"\" width=\"377\" height=\"566\" srcset=\"http:\/\/mickyandoniehn.com\/radio\/wp-content\/uploads\/2023\/07\/Toni-Halliday-200x300.jpg 200w, http:\/\/mickyandoniehn.com\/radio\/wp-content\/uploads\/2023\/07\/Toni-Halliday.jpg 400w\" sizes=\"auto, (max-width: 377px) 100vw, 377px\" \/><\/p>\n<p>&nbsp;<\/p>\n<div class=\"cxmmr5t8 oygrvhab hcukyx3x c1et5uql o9v6fnle ii04i59q\" style=\"text-align: justify;\">\n<div dir=\"auto\"><strong>Fecha de Nacimiento<\/strong> 5 de julio de 1964<\/div>\n<p>&nbsp;<\/p>\n<div dir=\"auto\"><\/div>\n<\/div>\n<div class=\"cxmmr5t8 oygrvhab hcukyx3x c1et5uql o9v6fnle ii04i59q\" style=\"text-align: justify;\">\n<div dir=\"auto\"><strong>Biograf\u00eda<\/strong><\/div>\n<p>&nbsp;<\/p>\n<div dir=\"auto\"><\/div>\n<div dir=\"auto\">Es una cantante y guitarrista brit\u00e1nica, popular por su trabajo con la banda de rock alternativo Curve, junto al multiinstrumentista Dean Garcia. Tambi\u00e9n hizo parte de las bandas Photofitz, The Uncles, State of Play y Scylla.<\/div>\n<p>&nbsp;<\/p>\n<div dir=\"auto\"><\/div>\n<div dir=\"auto\">Ha colaborado con artistas como Robert Plant, Recoil, The Future Sound of London, Leftfield, Paul van Dyk, Freaky Chakra, DJ? Acucrack, Headcase, The Killers, Acid Android y Orbital.<\/div>\n<p>&nbsp;<\/p>\n<div dir=\"auto\"><\/div>\n<\/div>\n<div class=\"cxmmr5t8 oygrvhab hcukyx3x c1et5uql o9v6fnle ii04i59q\" style=\"text-align: justify;\">\n<div dir=\"auto\">La primera grabaci\u00f3n comercializada con Halliday fue el sencillo &#8220;The Smile and the Kiss&#8221; (1983) de la banda New Wave Bonk, en el que interpret\u00f3 coros no acreditados. Al a\u00f1o siguiente, la nueva banda de Halliday, The Uncles, lanz\u00f3 el sencillo &#8220;What&#8217;s the Use of Pretending&#8221;, tras lo cual el cantante volvi\u00f3 a realizar coros para otros artistas, incluidos los \u00e1lbumes de Robert Plant Shaken &#8216;n&#8217; Stirred (1985) y Now and Zen (1988).<\/div>\n<p>&nbsp;<\/p>\n<div dir=\"auto\"><\/div>\n<\/div>\n<div class=\"cxmmr5t8 oygrvhab hcukyx3x c1et5uql o9v6fnle ii04i59q\" style=\"text-align: justify;\">\n<div dir=\"auto\">En 1985, Halliday y el multiinstrumentista Dean Garc\u00eda formaron la banda State of Play junto con la esposa de Garc\u00eda, Julie Fletcher, y el baterista de Eurythmics Olle Rom\u00f6 . Al a\u00f1o siguiente, State of Play lanz\u00f3 un LP en Virgin Records titulado Balancing the Scales , un \u00e1lbum sin \u00e9xito que gener\u00f3 dos sencillos: &#8220;Natural Color&#8221; y &#8220;Rock-a-bye Baby&#8221;.<\/div>\n<p>&nbsp;<\/p>\n<div dir=\"auto\"><\/div>\n<\/div>\n<div class=\"cxmmr5t8 oygrvhab hcukyx3x c1et5uql o9v6fnle ii04i59q\" style=\"text-align: justify;\">\n<div dir=\"auto\"><strong>Biography<\/strong><\/div>\n<p>&nbsp;<\/p>\n<div dir=\"auto\"><\/div>\n<div dir=\"auto\"><strong>Date of Born:<\/strong> July 5, 1964<\/div>\n<p>&nbsp;<\/p>\n<div dir=\"auto\"><\/div>\n<div dir=\"auto\">Is a British singer and guitarist, popular for her work with the alternative rock band Curve, alongside multi-instrumentalist Dean Garcia. He was also part of the bands Photofitz, The Uncles, State of Play and Scylla.<\/div>\n<p>&nbsp;<\/p>\n<div dir=\"auto\"><\/div>\n<div dir=\"auto\">He has collaborated with artists such as Robert Plant, Recoil, The Future Sound of London, Leftfield, Paul van Dyk, Freaky Chakra, DJ? Acucrack, Headcase, The Killers, Acid Android, and Orbital.<\/div>\n<p>&nbsp;<\/p>\n<div dir=\"auto\"><\/div>\n<\/div>\n<div class=\"cxmmr5t8 oygrvhab hcukyx3x c1et5uql o9v6fnle ii04i59q\" style=\"text-align: justify;\">\n<div dir=\"auto\">The first commercialized recording with Halliday was the single &#8220;The Smile and the Kiss&#8221; (1983) by the band New Wave Bonk, in which he performed unaccredited backing vocals. The following year, Halliday&#8217;s new band, The Uncles, released the single &#8220;What&#8217;s the Use of Pretending,&#8221; after which the singer returned to performing backing vocals for other artists, including Robert Plant&#8217;s albums Shaken &#8216;n&#8217; Stirred (1985 ) and Now and Zen (1988).<\/div>\n<p>&nbsp;<\/p>\n<div dir=\"auto\"><\/div>\n<\/div>\n<div class=\"cxmmr5t8 oygrvhab hcukyx3x c1et5uql o9v6fnle ii04i59q\" style=\"text-align: justify;\">\n<div dir=\"auto\">In 1985, Halliday and multi-instrumentalist Dean Garcia formed the band State of Play along with Garcia&#8217;s wife, Julie Fletcher, and Eurythmics drummer Olle Rom\u00f6. The following year, State of Play released an LP on Virgin Records titled Balancing the Scales, an unsuccessful album that spawned two singles: &#8220;Natural Color&#8221; and &#8220;Rock-a-bye Baby.&#8221;<\/div>\n<p>&nbsp;<\/p>\n<div dir=\"auto\"><\/div>\n<\/div>\n<div class=\"cxmmr5t8 oygrvhab hcukyx3x c1et5uql o9v6fnle ii04i59q\" style=\"text-align: justify;\">\n<div dir=\"auto\"><strong>Discography<\/strong><\/div>\n<p>&nbsp;<\/p>\n<\/div>\n<div dir=\"auto\"><\/div>\n<div dir=\"auto\">\n<table width=\"561\">\n<tbody>\n<tr>\n<td style=\"text-align: center;\" width=\"127\"><strong>Genero Electronic, Rock<\/strong><\/td>\n<td style=\"text-align: center;\" width=\"319\"><strong>Escuchar Tema<\/strong><\/td>\n<td style=\"text-align: center;\" width=\"115\"><strong>A\u00f1o de Publicacion<\/strong><\/td>\n<\/tr>\n<tr>\n<td>1<\/td>\n<td>Horror Head<\/td>\n<td>1992<\/td>\n<\/tr>\n<tr>\n<td>2<\/td>\n<td>Fa\u00eet Accompli<\/td>\n<td>1992<\/td>\n<\/tr>\n<tr>\n<td>3<\/td>\n<td>Coming Up Roses<\/td>\n<td>1998<\/td>\n<\/tr>\n<tr>\n<td>4<\/td>\n<td>Coast Is Clear<\/td>\n<td>1992<\/td>\n<\/tr>\n<tr>\n<td>5<\/td>\n<td>Ten Little Girls<\/td>\n<td>1992<\/td>\n<\/tr>\n<tr>\n<td>6<\/td>\n<td>Clipped<\/td>\n<td>1992<\/td>\n<\/tr>\n<tr>\n<td>7<\/td>\n<td>Chinese Burn<\/td>\n<td>1998<\/td>\n<\/tr>\n<tr>\n<td>8<\/td>\n<td>No Escape From Heaven<\/td>\n<td>1992<\/td>\n<\/tr>\n<tr>\n<td>9<\/td>\n<td>Superblaster<\/td>\n<td>1993<\/td>\n<\/tr>\n<tr>\n<td>10<\/td>\n<td>Wish You Dead<\/td>\n<td>1992<\/td>\n<\/tr>\n<tr>\n<td><\/td>\n<td><\/td>\n<td><\/td>\n<\/tr>\n<\/tbody>\n<\/table>\n<\/div>\n<div class=\"cxmmr5t8 oygrvhab hcukyx3x c1et5uql o9v6fnle ii04i59q\" style=\"text-align: justify;\">\n<div dir=\"auto\"><\/div>\n<\/div>\n<div class=\"cxmmr5t8 oygrvhab hcukyx3x c1et5uql o9v6fnle ii04i59q\" style=\"text-align: justify;\">\n<div dir=\"auto\">Cr\u00e9ditos: Tomados de Wikipedia<\/div>\n<div dir=\"auto\"><a class=\"oajrlxb2 g5ia77u1 qu0x051f esr5mh6w e9989ue4 r7d6kgcz rq0escxv nhd2j8a9 nc684nl6 p7hjln8o kvgmc6g5 cxmmr5t8 oygrvhab hcukyx3x jb3vyjys rz4wbd8a qt6c0cv9 a8nywdso i1ao9s8h esuyzwwr f1sip0of lzcic4wl gpro0wi8 py34i1dx\" tabindex=\"0\" role=\"link\" href=\"https:\/\/l.facebook.com\/l.php?u=https%3A%2F%2Fen.wikipedia.org%2Fwiki%2FToni_Halliday%3Ffbclid%3DIwAR136N3lFx5F-GJ17qu41eA4lHb_HPUX3WeIdSZiEgdHRa-ZlcetD2R2gHE&amp;h=AT2R1ODuW9FgAiYkBC2TyDs-BZb5DmM34bbyApshNq1YOKKXnN4ssTGboHnBePvojr1JPjUkk9ykQzhWqdaE7YalASTMQlR3U3BYb1oPf__ZQ7tpCQ00f5dOAXbWsRQ-Hrm9&amp;__tn__=-UK-R&amp;c[0]=AT3YmBhdBOTxLrg1wEXwtpE729IhDkI3B1crfG0OMgOHspSbx4FFa4ubEcnneBbT6TaA_yOAT1QcID6q6IoSyjJr7V439G2-W_otFdxiTPwxRI0XmdiDScQhWjXoR7Sqa-rlMhuw7KYAeHLFHt4HXqNK2KWuC16TzHhXdw\" target=\"_blank\" rel=\"nofollow noopener\">https:\/\/en.wikipedia.org\/wiki\/Toni_Halliday<\/a><\/div>\n<div dir=\"auto\"><\/div>\n<\/div>\n<div class=\"epyt-video-wrapper\"><iframe loading=\"lazy\"  id=\"_ytid_83603\"  width=\"618\" height=\"347\"  data-origwidth=\"618\" data-origheight=\"347\" src=\"https:\/\/www.youtube.com\/embed\/YNx468dKR4s?enablejsapi=1&#038;autoplay=0&#038;cc_load_policy=0&#038;cc_lang_pref=&#038;iv_load_policy=1&#038;loop=0&#038;modestbranding=0&#038;rel=1&#038;fs=1&#038;playsinline=0&#038;autohide=2&#038;theme=dark&#038;color=red&#038;controls=1&#038;\" class=\"__youtube_prefs__  epyt-is-override  no-lazyload\" title=\"YouTube player\"  allow=\"fullscreen; accelerometer; autoplay; clipboard-write; encrypted-media; gyroscope; picture-in-picture\" allowfullscreen data-no-lazy=\"1\" data-skipgform_ajax_framebjll=\"\"><\/iframe><\/div>\n<p style=\"text-align: justify;\">\n","protected":false},"excerpt":{"rendered":"<p>&nbsp; Fecha de Nacimiento 5 de julio de 1964 &nbsp; Biograf\u00eda &nbsp; Es una cantante y guitarrista brit\u00e1nica, popular por su trabajo con la banda de rock alternativo Curve, junto al multiinstrumentista Dean Garcia. Tambi\u00e9n hizo parte de las bandas Photofitz, The Uncles, State of Play y Scylla. &nbsp; Ha colaborado con artistas como Robert &hellip;<\/p>\n","protected":false},"author":1,"featured_media":0,"parent":0,"menu_order":0,"comment_status":"closed","ping_status":"closed","template":"","meta":{"footnotes":""},"class_list":["post-28531","page","type-page","status-publish",""],"jetpack_sharing_enabled":true,"_links":{"self":[{"href":"http:\/\/mickyandoniehn.com\/radio\/wp-json\/wp\/v2\/pages\/28531","targetHints":{"allow":["GET"]}}],"collection":[{"href":"http:\/\/mickyandoniehn.com\/radio\/wp-json\/wp\/v2\/pages"}],"about":[{"href":"http:\/\/mickyandoniehn.com\/radio\/wp-json\/wp\/v2\/types\/page"}],"author":[{"embeddable":true,"href":"http:\/\/mickyandoniehn.com\/radio\/wp-json\/wp\/v2\/users\/1"}],"replies":[{"embeddable":true,"href":"http:\/\/mickyandoniehn.com\/radio\/wp-json\/wp\/v2\/comments?post=28531"}],"version-history":[{"count":4,"href":"http:\/\/mickyandoniehn.com\/radio\/wp-json\/wp\/v2\/pages\/28531\/revisions"}],"predecessor-version":[{"id":75210,"href":"http:\/\/mickyandoniehn.com\/radio\/wp-json\/wp\/v2\/pages\/28531\/revisions\/75210"}],"wp:attachment":[{"href":"http:\/\/mickyandoniehn.com\/radio\/wp-json\/wp\/v2\/media?parent=28531"}],"curies":[{"name":"wp","href":"https:\/\/api.w.org\/{rel}","templated":true}]}}