{"id":28472,"date":"2022-08-26T09:53:42","date_gmt":"2022-08-26T15:53:42","guid":{"rendered":"https:\/\/mickyandoniehn.com\/radio\/?page_id=28472"},"modified":"2022-09-01T08:38:41","modified_gmt":"2022-09-01T14:38:41","slug":"banda-los-coyonquis-de-sergio-tapia","status":"publish","type":"page","link":"http:\/\/mickyandoniehn.com\/radio\/banda-los-coyonquis-de-sergio-tapia\/","title":{"rendered":"Banda Los Coyonquis de Sergio Tapia"},"content":{"rendered":"<p style=\"text-align: justify;\"><img loading=\"lazy\" decoding=\"async\" class=\" wp-image-25597 aligncenter\" src=\"http:\/\/mickyandoniehn.com\/radio\/wp-content\/uploads\/2022\/08\/Banda-Los-Coyonquis-de-Sergio-Tapia-275x300.png\" alt=\"\" width=\"555\" height=\"605\" srcset=\"http:\/\/mickyandoniehn.com\/radio\/wp-content\/uploads\/2022\/08\/Banda-Los-Coyonquis-de-Sergio-Tapia-275x300.png 275w, http:\/\/mickyandoniehn.com\/radio\/wp-content\/uploads\/2022\/08\/Banda-Los-Coyonquis-de-Sergio-Tapia.png 529w\" sizes=\"auto, (max-width: 555px) 100vw, 555px\" \/><\/p>\n<p>&nbsp;<\/p>\n<p style=\"text-align: justify;\"><strong>Fecha de Nacimiento: <\/strong>4 de junio 1947<\/p>\n<p>&nbsp;<\/p>\n<p style=\"text-align: justify;\"><strong>Biografia<\/strong><\/p>\n<p>&nbsp;<\/p>\n<p style=\"text-align: justify;\">Naci\u00f3 el 4 de junio en la ciudad de Diriamba, en el departamento de Carazo y registrado legalmente como: Sergio Antonio Tapia Cordero, hijo de Arturo Tapia Rom\u00e1n, quien fuera director y fundador de la afamada y recordada Orquesta Jazz Carazo y del grupo Happy Boys, (De quien hered\u00f3 la vena art\u00edstica) y de Eneyda Cordero de Tapia, ama de casa.<\/p>\n<p>&nbsp;<\/p>\n<p style=\"text-align: justify;\">Curso sus estudios de primaria en diversos colegios de Diriamba, para despu\u00e9s trasladarse a la ciudad de Jinotepe, donde inicio la ense\u00f1anza secundaria en la Normal de Varones; sigui\u00f3 en el Instituto Juan Jos\u00e9 Rodr\u00edguez, continu\u00f3 en el Instituto San Mart\u00edn en Rivas y que dirig\u00edan los Padres Dominicos, para luego concluir estudios en el \u201cInstituto Crist\u00f3bal Col\u00f3n\u201d en Bluefields, costa Atl\u00e1ntica de Nicaragua.<\/p>\n<p>&nbsp;<\/p>\n<p style=\"text-align: justify;\">En los deportes incursiono al mundo del futbol (bal\u00f3n pie) perteneciendo a equipos de segunda y primera divisi\u00f3n. Su primer equipo fue Cacique cuyo fundador y dirigente fue el c\u00e9lebre deportista y agr\u00f3nomo de aquel entonces Roger \u201cLa Chichota\u201d Silva. Fue precisamente este personaje el que ense\u00f1\u00f3 a Sergio, como desarrollar su talento en este deporte popular en la zona carace\u00f1a nica. Tapia, tuvo notables participaciones en equipos de primera divisi\u00f3n tales como El Caf\u00e9 Presto, Escuela de Agricultura de Rivas y en uno que otro juego amistoso en el glorioso equipo Diriang\u00e9n, con el que Sergio nunca pudo jugar regularmente por estar atado a un extenso contrato que le hab\u00eda firmado al Caf\u00e9 Presto.<\/p>\n<p>&nbsp;<\/p>\n<p style=\"text-align: justify;\"><strong>Date of Birth:<\/strong> June 4, 1947<\/p>\n<p>&nbsp;<\/p>\n<p style=\"text-align: justify;\"><strong>Biography<\/strong><\/p>\n<p>&nbsp;<\/p>\n<p style=\"text-align: justify;\">He was born on June 4 in the city of Diriamba, in the department of Carazo and legally registered as: Sergio Antonio Tapia Cordero, son of Arturo Tapia Rom\u00e1n, who was director and founder of the famous and remembered Carazo Jazz Orchestra and the Happy Boys group. , (From whom he inherited the artistic vein) and Eneyda Cordero de Tapia, a housewife.<\/p>\n<p>&nbsp;<\/p>\n<p style=\"text-align: justify;\">He completed his primary studies in various schools in Diriamba, and then moved to the city of Jinotepe, where he began secondary education in the Normal de Varones; He continued at the Juan Jos\u00e9 Rodr\u00edguez Institute, he continued at the San Mart\u00edn Institute in Rivas and directed by the Dominican Fathers, to later conclude studies at the \u201cCristobal Col\u00f3n Institute\u201d in Bluefields, Nicaragua&#8217;s Atlantic coast.<\/p>\n<p>&nbsp;<\/p>\n<p style=\"text-align: justify;\">In sports, he ventured into the world of soccer (football) belonging to second and first division teams. Its first team was Cacique whose founder and leader was the famous sportsman and agronomist of that time Roger &#8220;La Chichota&#8221; Silva. It was precisely this character who taught Sergio how to develop his talent in this popular sport in the Nicaraguan area of \u200b\u200bCaracas. Tapia had notable participations in first division teams such as El Caf\u00e9 Presto, Escuela de Agricultura de Rivas and in one or another friendly game in the glorious Diriang\u00e9n team, with which Sergio was never able to play regularly because he was tied to an extensive contract that he had signed him to Cafe Presto.<\/p>\n<p>&nbsp;<\/p>\n<p style=\"text-align: justify;\"><strong>Discography<\/strong><\/p>\n<p>&nbsp;<\/p>\n<table width=\"495\">\n<tbody>\n<tr>\n<td style=\"text-align: center;\" width=\"117\"><strong>Temas Folclor\u00a0<\/strong><b>Nicarag\u00fcense<\/b><\/td>\n<td style=\"text-align: center;\" width=\"236\"><strong>Mis Referencias<\/strong><\/td>\n<td style=\"text-align: center;\" width=\"142\"><strong>A\u00f1o de Publicacion<\/strong><\/td>\n<\/tr>\n<tr>\n<td>1<\/td>\n<td>Mis Referencias<\/td>\n<td>1990<\/td>\n<\/tr>\n<tr>\n<td>2<\/td>\n<td>Arnulfo Gonzalez<\/td>\n<td><\/td>\n<\/tr>\n<tr>\n<td>3<\/td>\n<td>Cuando Mas Tranquila Te Halles<\/td>\n<td><\/td>\n<\/tr>\n<tr>\n<td>4<\/td>\n<td>Por Ningun Motivo<\/td>\n<td><\/td>\n<\/tr>\n<tr>\n<td>5<\/td>\n<td>La Calandria<\/td>\n<td><\/td>\n<\/tr>\n<tr>\n<td>6<\/td>\n<td>El Corrido De Roberto<\/td>\n<td><\/td>\n<\/tr>\n<tr>\n<td>7<\/td>\n<td>Los Vergelitos<\/td>\n<td><\/td>\n<\/tr>\n<tr>\n<td>8<\/td>\n<td>Al Fin Mujer<\/td>\n<td><\/td>\n<\/tr>\n<tr>\n<td>9<\/td>\n<td>Ni Los Pleitos<\/td>\n<td><\/td>\n<\/tr>\n<tr>\n<td>10<\/td>\n<td>La Mafia Muere<\/td>\n<td><\/td>\n<\/tr>\n<tr>\n<td><\/td>\n<td><\/td>\n<td><\/td>\n<\/tr>\n<tr>\n<td style=\"text-align: center;\"><\/td>\n<td style=\"text-align: center;\"><strong>Tropicalismo!<\/strong><\/td>\n<td style=\"text-align: center;\"><strong>1990<\/strong><\/td>\n<\/tr>\n<tr>\n<td>1<\/td>\n<td>Baila Mi Rumba<\/td>\n<td><\/td>\n<\/tr>\n<tr>\n<td>2<\/td>\n<td>La Negra Tete<\/td>\n<td><\/td>\n<\/tr>\n<tr>\n<td>3<\/td>\n<td>La Pollera azul<\/td>\n<td><\/td>\n<\/tr>\n<tr>\n<td>4<\/td>\n<td>De Que Manera Te Olvido<\/td>\n<td><\/td>\n<\/tr>\n<tr>\n<td>5<\/td>\n<td>Llorando Se Fue<\/td>\n<td><\/td>\n<\/tr>\n<tr>\n<td>6<\/td>\n<td>El Ciempi\u00e9s<\/td>\n<td><\/td>\n<\/tr>\n<tr>\n<td>7<\/td>\n<td>Muchacha Bonita<\/td>\n<td><\/td>\n<\/tr>\n<tr>\n<td>8<\/td>\n<td>El Chiroteo<\/td>\n<td><\/td>\n<\/tr>\n<tr>\n<td>9<\/td>\n<td>El Ranchero Chido<\/td>\n<td><\/td>\n<\/tr>\n<tr>\n<td><\/td>\n<td><\/td>\n<td><\/td>\n<\/tr>\n<\/tbody>\n<\/table>\n","protected":false},"excerpt":{"rendered":"<p>&nbsp; Fecha de Nacimiento: 4 de junio 1947 &nbsp; Biografia &nbsp; Naci\u00f3 el 4 de junio en la ciudad de Diriamba, en el departamento de Carazo y registrado legalmente como: Sergio Antonio Tapia Cordero, hijo de Arturo Tapia Rom\u00e1n, quien fuera director y fundador de la afamada y recordada Orquesta Jazz Carazo y del grupo &hellip;<\/p>\n","protected":false},"author":1,"featured_media":0,"parent":0,"menu_order":0,"comment_status":"closed","ping_status":"closed","template":"","meta":{"footnotes":""},"class_list":["post-28472","page","type-page","status-publish",""],"jetpack_sharing_enabled":true,"_links":{"self":[{"href":"http:\/\/mickyandoniehn.com\/radio\/wp-json\/wp\/v2\/pages\/28472","targetHints":{"allow":["GET"]}}],"collection":[{"href":"http:\/\/mickyandoniehn.com\/radio\/wp-json\/wp\/v2\/pages"}],"about":[{"href":"http:\/\/mickyandoniehn.com\/radio\/wp-json\/wp\/v2\/types\/page"}],"author":[{"embeddable":true,"href":"http:\/\/mickyandoniehn.com\/radio\/wp-json\/wp\/v2\/users\/1"}],"replies":[{"embeddable":true,"href":"http:\/\/mickyandoniehn.com\/radio\/wp-json\/wp\/v2\/comments?post=28472"}],"version-history":[{"count":2,"href":"http:\/\/mickyandoniehn.com\/radio\/wp-json\/wp\/v2\/pages\/28472\/revisions"}],"predecessor-version":[{"id":30087,"href":"http:\/\/mickyandoniehn.com\/radio\/wp-json\/wp\/v2\/pages\/28472\/revisions\/30087"}],"wp:attachment":[{"href":"http:\/\/mickyandoniehn.com\/radio\/wp-json\/wp\/v2\/media?parent=28472"}],"curies":[{"name":"wp","href":"https:\/\/api.w.org\/{rel}","templated":true}]}}