{"id":28440,"date":"2022-08-26T09:42:30","date_gmt":"2022-08-26T15:42:30","guid":{"rendered":"https:\/\/mickyandoniehn.com\/radio\/?page_id=28440"},"modified":"2022-09-01T10:51:43","modified_gmt":"2022-09-01T16:51:43","slug":"jorge-isaac-carvallo","status":"publish","type":"page","link":"http:\/\/mickyandoniehn.com\/radio\/jorge-isaac-carvallo\/","title":{"rendered":"Jorge Isaac Carvallo"},"content":{"rendered":"<p style=\"text-align: justify;\"><img loading=\"lazy\" decoding=\"async\" class=\" wp-image-25478 aligncenter\" src=\"http:\/\/mickyandoniehn.com\/radio\/wp-content\/uploads\/2022\/08\/Jorge-Isaac-Carvallo-279x300.png\" alt=\"\" width=\"512\" height=\"551\" srcset=\"http:\/\/mickyandoniehn.com\/radio\/wp-content\/uploads\/2022\/08\/Jorge-Isaac-Carvallo-279x300.png 279w, http:\/\/mickyandoniehn.com\/radio\/wp-content\/uploads\/2022\/08\/Jorge-Isaac-Carvallo.png 389w\" sizes=\"auto, (max-width: 512px) 100vw, 512px\" \/><\/p>\n<p>&nbsp;<\/p>\n<div class=\"cxmmr5t8 oygrvhab hcukyx3x c1et5uql o9v6fnle\" style=\"text-align: justify;\">\n<div dir=\"auto\"><strong>Fecha de Nacimiento:<\/strong> 17 de Mayo de 1931<\/div>\n<p>&nbsp;<\/p>\n<div dir=\"auto\"><\/div>\n<div dir=\"auto\"><strong>Fecha de Fallecimiento:<\/strong> 20 de Agosto del 2015<\/div>\n<p>&nbsp;<\/p>\n<div dir=\"auto\"><\/div>\n<div dir=\"auto\"><strong>Biografia<\/strong><\/div>\n<p>&nbsp;<\/p>\n<div dir=\"auto\"><\/div>\n<\/div>\n<div class=\"cxmmr5t8 oygrvhab hcukyx3x c1et5uql o9v6fnle\" style=\"text-align: justify;\">\n<div dir=\"auto\">Jorge Carballo fue un m\u00fasico, compositor y cantautor nicarag\u00fcense, se crio en la ciudad de Ocotal, hijo de un pianista, compositor y m\u00e9dico: Isaac Carvallo. Su madre, la chichigalpina C\u00e1ndida Rosa Rostr\u00e1n lo mand\u00f3 estudiar la secundaria al &#8220;Instituto Nacional de Oriente y Mediod\u00eda&#8221;. Con solamente doce a\u00f1os, en 1943 compuso sus dos primeras canciones: \u201cSo\u00f1ar\u201d y \u201cConfesi\u00f3n\u201d.<\/div>\n<p>&nbsp;<\/p>\n<div dir=\"auto\"><\/div>\n<\/div>\n<div class=\"cxmmr5t8 oygrvhab hcukyx3x c1et5uql o9v6fnle\" style=\"text-align: justify;\">\n<div dir=\"auto\">Durante una presentaci\u00f3n en el cine, en el intermedio de una pel\u00edcula de amor y protesta social fue que se dio cuenta que el arte que mayor impresi\u00f3n causa a la humanidad: la m\u00fasica. Y surgi\u00f3 \u201cLa Juliana\u201d. De hecho, podr\u00eda ser la primera canci\u00f3n de protesta en el universo musical nicarag\u00fcense. Cuando cursaba el primer a\u00f1o de medicina, fue llamado por don Juan Navas, el primero que contaba con un estudio de grabaci\u00f3n.<\/div>\n<p>&nbsp;<\/p>\n<div dir=\"auto\"><\/div>\n<\/div>\n<div class=\"cxmmr5t8 oygrvhab hcukyx3x c1et5uql o9v6fnle\" style=\"text-align: justify;\">\n<div dir=\"auto\"><strong>Wikipedia in English<\/strong><\/div>\n<p>&nbsp;<\/p>\n<div dir=\"auto\"><\/div>\n<\/div>\n<div class=\"cxmmr5t8 oygrvhab hcukyx3x c1et5uql o9v6fnle\" style=\"text-align: justify;\">\n<div dir=\"auto\"><strong>Biography<\/strong><\/div>\n<p>&nbsp;<\/p>\n<div dir=\"auto\"><\/div>\n<div dir=\"auto\"><strong>Date of Born <\/strong>May 17, 1931<\/div>\n<p>&nbsp;<\/p>\n<div dir=\"auto\"><\/div>\n<div dir=\"auto\"><strong>Date of Death <\/strong>August 20, 2015<\/div>\n<p>&nbsp;<\/p>\n<div dir=\"auto\"><\/div>\n<\/div>\n<div class=\"cxmmr5t8 oygrvhab hcukyx3x c1et5uql o9v6fnle\" style=\"text-align: justify;\">\n<div dir=\"auto\">Jorge Carballo was a Nicaraguan musician, composer and singer-songwriter. He grew up in the city of Ocotal, the son of a pianist, composer and doctor: Isaac Carvallo. His mother, the Chichigalpina C\u00e1ndida Rosa Rostr\u00e1n sent him to study high school at the &#8220;Instituto Nacional de Oriente y Mediod\u00eda&#8221;. When he was only twelve years old, in 1943 he composed his first two songs: \u201cSo\u00f1ar\u201d and \u201cConfesi\u00f3n\u201d.<\/div>\n<p>&nbsp;<\/p>\n<div dir=\"auto\"><\/div>\n<\/div>\n<div class=\"cxmmr5t8 oygrvhab hcukyx3x c1et5uql o9v6fnle\" style=\"text-align: justify;\">\n<div dir=\"auto\">During a presentation at the cinema, in the middle of a film of love and social protest, he realized that the art that makes the greatest impression on humanity: music. And \u201cLa Juliana\u201d emerged. In fact, it could be the first protest song in the Nicaraguan musical universe. When he was in his first year of medicine, he was called by Don Juan Navas, the first to have a recording studio.<\/div>\n<p>&nbsp;<\/p>\n<div dir=\"auto\"><\/div>\n<\/div>\n<div dir=\"auto\"><strong>Discografia<\/strong><\/div>\n<p>&nbsp;<\/p>\n<div dir=\"auto\"><\/div>\n<div dir=\"auto\">\n<table width=\"495\">\n<tbody>\n<tr>\n<td style=\"text-align: center;\" width=\"117\"><strong>Temas Son nica y Testimonial<\/strong><\/td>\n<td style=\"text-align: center;\" width=\"236\"><strong>Escuchar tema<\/strong><\/td>\n<td style=\"text-align: center;\" width=\"142\"><strong>A\u00f1o de Publicaci\u00f3n<\/strong><\/td>\n<\/tr>\n<tr>\n<td>1<\/td>\n<td>El Ca\u00f1alito<\/td>\n<td>1970<\/td>\n<\/tr>\n<tr>\n<td>2<\/td>\n<td>La Mujer de Juan Lezama<\/td>\n<td>1970<\/td>\n<\/tr>\n<tr>\n<td>3<\/td>\n<td>La Juliana<\/td>\n<td>1970<\/td>\n<\/tr>\n<tr>\n<td>4<\/td>\n<td>El Cosiguine\u00f1o<\/td>\n<td>1970<\/td>\n<\/tr>\n<tr>\n<td>5<\/td>\n<td>Campesino<\/td>\n<td>1970<\/td>\n<\/tr>\n<tr>\n<td>6<\/td>\n<td>D\u00eda de Pago<\/td>\n<td>1970<\/td>\n<\/tr>\n<tr>\n<td><\/td>\n<td><\/td>\n<td><\/td>\n<\/tr>\n<\/tbody>\n<\/table>\n<p>&nbsp;<\/p>\n<\/div>\n<div class=\"epyt-video-wrapper\"><iframe loading=\"lazy\"  id=\"_ytid_11314\"  width=\"618\" height=\"347\"  data-origwidth=\"618\" data-origheight=\"347\" src=\"https:\/\/www.youtube.com\/embed\/RCe_tc9hXak?enablejsapi=1&#038;autoplay=0&#038;cc_load_policy=0&#038;cc_lang_pref=&#038;iv_load_policy=1&#038;loop=0&#038;modestbranding=0&#038;rel=1&#038;fs=1&#038;playsinline=0&#038;autohide=2&#038;theme=dark&#038;color=red&#038;controls=1&#038;\" class=\"__youtube_prefs__  epyt-is-override  no-lazyload\" title=\"YouTube player\"  allow=\"fullscreen; accelerometer; autoplay; clipboard-write; encrypted-media; gyroscope; picture-in-picture\" allowfullscreen data-no-lazy=\"1\" data-skipgform_ajax_framebjll=\"\"><\/iframe><\/div>\n","protected":false},"excerpt":{"rendered":"<p>&nbsp; Fecha de Nacimiento: 17 de Mayo de 1931 &nbsp; Fecha de Fallecimiento: 20 de Agosto del 2015 &nbsp; Biografia &nbsp; Jorge Carballo fue un m\u00fasico, compositor y cantautor nicarag\u00fcense, se crio en la ciudad de Ocotal, hijo de un pianista, compositor y m\u00e9dico: Isaac Carvallo. Su madre, la chichigalpina C\u00e1ndida Rosa Rostr\u00e1n lo mand\u00f3 &hellip;<\/p>\n","protected":false},"author":1,"featured_media":0,"parent":0,"menu_order":0,"comment_status":"closed","ping_status":"closed","template":"","meta":{"footnotes":""},"class_list":["post-28440","page","type-page","status-publish",""],"jetpack_sharing_enabled":true,"_links":{"self":[{"href":"http:\/\/mickyandoniehn.com\/radio\/wp-json\/wp\/v2\/pages\/28440","targetHints":{"allow":["GET"]}}],"collection":[{"href":"http:\/\/mickyandoniehn.com\/radio\/wp-json\/wp\/v2\/pages"}],"about":[{"href":"http:\/\/mickyandoniehn.com\/radio\/wp-json\/wp\/v2\/types\/page"}],"author":[{"embeddable":true,"href":"http:\/\/mickyandoniehn.com\/radio\/wp-json\/wp\/v2\/users\/1"}],"replies":[{"embeddable":true,"href":"http:\/\/mickyandoniehn.com\/radio\/wp-json\/wp\/v2\/comments?post=28440"}],"version-history":[{"count":2,"href":"http:\/\/mickyandoniehn.com\/radio\/wp-json\/wp\/v2\/pages\/28440\/revisions"}],"predecessor-version":[{"id":30303,"href":"http:\/\/mickyandoniehn.com\/radio\/wp-json\/wp\/v2\/pages\/28440\/revisions\/30303"}],"wp:attachment":[{"href":"http:\/\/mickyandoniehn.com\/radio\/wp-json\/wp\/v2\/media?parent=28440"}],"curies":[{"name":"wp","href":"https:\/\/api.w.org\/{rel}","templated":true}]}}