{"id":28438,"date":"2022-08-26T09:42:02","date_gmt":"2022-08-26T15:42:02","guid":{"rendered":"https:\/\/mickyandoniehn.com\/radio\/?page_id=28438"},"modified":"2022-09-01T11:34:22","modified_gmt":"2022-09-01T17:34:22","slug":"mauricio-cardozo-ocampo","status":"publish","type":"page","link":"http:\/\/mickyandoniehn.com\/radio\/mauricio-cardozo-ocampo\/","title":{"rendered":"Mauricio Cardozo Ocampo"},"content":{"rendered":"<p style=\"text-align: justify;\"><img loading=\"lazy\" decoding=\"async\" class=\" wp-image-25475 aligncenter\" src=\"http:\/\/mickyandoniehn.com\/radio\/wp-content\/uploads\/2022\/08\/Mauricio-Cardozo-Ocampo-300x300.png\" alt=\"\" width=\"605\" height=\"605\" srcset=\"http:\/\/mickyandoniehn.com\/radio\/wp-content\/uploads\/2022\/08\/Mauricio-Cardozo-Ocampo-300x300.png 300w, http:\/\/mickyandoniehn.com\/radio\/wp-content\/uploads\/2022\/08\/Mauricio-Cardozo-Ocampo-150x150.png 150w, http:\/\/mickyandoniehn.com\/radio\/wp-content\/uploads\/2022\/08\/Mauricio-Cardozo-Ocampo.png 500w\" sizes=\"auto, (max-width: 605px) 100vw, 605px\" \/><\/p>\n<p>&nbsp;<\/p>\n<div class=\"cxmmr5t8 oygrvhab hcukyx3x c1et5uql o9v6fnle\" style=\"text-align: justify;\">\n<div dir=\"auto\"><strong>Fecha de Nacimiento:<\/strong> 14 de mayo de 1907<\/div>\n<p>&nbsp;<\/p>\n<div dir=\"auto\"><\/div>\n<div dir=\"auto\"><b>Fecha de Fallecimiento:<\/b> 5 de mayo de 1982<\/div>\n<p>&nbsp;<\/p>\n<div dir=\"auto\"><\/div>\n<\/div>\n<div class=\"cxmmr5t8 oygrvhab hcukyx3x c1et5uql o9v6fnle\" style=\"text-align: justify;\">\n<div dir=\"auto\"><strong>Biograf\u00eda<\/strong><\/div>\n<p>&nbsp;<\/p>\n<div dir=\"auto\"><\/div>\n<div dir=\"auto\">Fue un m\u00fasico paraguayo, naci\u00f3 el 14 de mayo de 1907 en el pueblo de Ybycu\u00ed (Paraguay)Inici\u00f3 su aprendizaje musical en su pueblo natal, con el profesor Juan J. Rojas y los primeros instrumentos que ejecut\u00f3 fueron la flauta y la guitarra.<\/div>\n<p>&nbsp;<\/p>\n<div dir=\"auto\"><\/div>\n<div dir=\"auto\">Posteriormente y en Asunci\u00f3n, se incorpor\u00f3 a la Banda de Polic\u00eda.<\/div>\n<div dir=\"auto\"><\/div>\n<p>&nbsp;<\/p>\n<\/div>\n<div class=\"cxmmr5t8 oygrvhab hcukyx3x c1et5uql o9v6fnle\" style=\"text-align: justify;\">\n<div dir=\"auto\"><strong>Trayectoria<\/strong><\/div>\n<p>&nbsp;<\/p>\n<div dir=\"auto\"><\/div>\n<div dir=\"auto\">Realizo giras por pa\u00edses del Cono Sur, se afinc\u00f3 en la ciudad de Buenos Aires, en donde prosigui\u00f3 estudios de perfeccionamiento musical con los maestros Isidro Maiztegui y Gilardo Gilardi y se dedic\u00f3 a la composici\u00f3n de m\u00fasica de inspiraci\u00f3n folcl\u00f3rica, en especial sobre ritmo paraguayo. Luego, con el maestro folclor\u00f3logo Juan Alfonso Carrizo, inici\u00f3 sus estudios sobre folclore.<\/div>\n<p>&nbsp;<\/p>\n<div dir=\"auto\"><\/div>\n<\/div>\n<div class=\"cxmmr5t8 oygrvhab hcukyx3x c1et5uql o9v6fnle\" style=\"text-align: justify;\">\n<div dir=\"auto\">Integr\u00f3 con Eladio Mart\u00ednez, el D\u00fao Mart\u00ednez-Cardozo, que grab\u00f3 apreciable cantidad de discos para el sello Ode\u00f3n y que actu\u00f3 durante largos a\u00f1os en teatros, radioemisoras y centros culturales. Escribi\u00f3 y dirigi\u00f3 ciclos radiof\u00f3nicos sobre m\u00fasica y cultura paraguaya por Radio \u00abArgentina\u00bb de Buenos Aires (1948-1952). Fue creador de la Banda Ocara (1954-1957). Realiz\u00f3 ciclos de conciertos al frente de la Orquesta Estable de L. R. 1 Radio &#8220;El Mundo\u201d de dicha ciudad, dos temporadas, 1961-1962. Fue profesor de Folclore del Instituto de Bellas Artes \u00abRomaro\u00bb de Buenos Aires (1959-1965).<\/div>\n<p>&nbsp;<\/p>\n<div dir=\"auto\"><\/div>\n<\/div>\n<div class=\"cxmmr5t8 oygrvhab hcukyx3x c1et5uql o9v6fnle\" style=\"text-align: justify;\">\n<div dir=\"auto\">Fue uno de los fundadores y ocup\u00f3 la direcci\u00f3n art\u00edstica de la agrupaci\u00f3n folcl\u00f3rica Guaran\u00ed de Buenos Aires (1938-1943). Cre\u00f3 el Club Folclorico \u00abRinc\u00f3n guaran\u00ed\u00bb (1946-1951).<\/div>\n<p>&nbsp;<\/p>\n<div dir=\"auto\"><\/div>\n<\/div>\n<div class=\"cxmmr5t8 oygrvhab hcukyx3x c1et5uql o9v6fnle\" style=\"text-align: justify;\">\n<div dir=\"auto\">Fue nombrado delegado de la Sociedad Argentina de Autores y Compositores (SADAIC), para gestionar ante el Presidente de la Rep\u00fablica del Paraguay, una legislaci\u00f3n protectora de la Propiedad Intelectual, que culmin\u00f3 en el Decreto Ley N.\u00b0 94 \u00abDr. Federico Chaves\u00bb. Fue Secretario fundador de A. P. A. (Autores Paraguayos Asociados), a\u00f1os 1951-1952.<\/div>\n<p>&nbsp;<\/p>\n<div dir=\"auto\"><\/div>\n<\/div>\n<div class=\"cxmmr5t8 oygrvhab hcukyx3x c1et5uql o9v6fnle\" style=\"text-align: justify;\">\n<div dir=\"auto\">Fue director de la Revista Mundo Guaran\u00ed, editada por \u00e9l mismo en Buenos Aires (1947-1948). Director-Propietario de la Editorial de M\u00fasica \u00a8Pamsco \u00a8 (Pan American Service Corp.) y Mundo Guaran\u00ed en Buenos Aires (1949-1958).<\/div>\n<p>&nbsp;<\/p>\n<div dir=\"auto\"><\/div>\n<\/div>\n<div class=\"cxmmr5t8 oygrvhab hcukyx3x c1et5uql o9v6fnle\" style=\"text-align: justify;\">\n<div dir=\"auto\"><\/div>\n<p>&nbsp;<\/p>\n<\/div>\n<div class=\"cxmmr5t8 oygrvhab hcukyx3x c1et5uql o9v6fnle\" style=\"text-align: justify;\">\n<div dir=\"auto\"><strong>Wikipedia in English<\/strong><\/div>\n<p>&nbsp;<\/p>\n<div dir=\"auto\"><\/div>\n<\/div>\n<div class=\"cxmmr5t8 oygrvhab hcukyx3x c1et5uql o9v6fnle\" style=\"text-align: justify;\">\n<div dir=\"auto\"><strong>Biography<\/strong><\/div>\n<p>&nbsp;<\/p>\n<div dir=\"auto\"><\/div>\n<div dir=\"auto\"><strong>Date of Born<\/strong> May 14, 1907<\/div>\n<p>&nbsp;<\/p>\n<div dir=\"auto\"><\/div>\n<div dir=\"auto\"><strong>Date of Died<\/strong>\u00a0May 5, 1982<\/div>\n<p>&nbsp;<\/p>\n<div dir=\"auto\"><\/div>\n<div dir=\"auto\">He was a Paraguayan musician, he was born on May 14, 1907 in the town of Ybycu\u00ed (Paraguay). He began his musical learning in his hometown, with Professor Juan J. Rojas and the first instruments he played were the flute and the guitar.<\/div>\n<p>&nbsp;<\/p>\n<\/div>\n<div class=\"cxmmr5t8 oygrvhab hcukyx3x c1et5uql o9v6fnle\" style=\"text-align: justify;\">\n<div dir=\"auto\">Later and in Asunci\u00f3n, he joined the Police Band.<\/div>\n<p>&nbsp;<\/p>\n<div dir=\"auto\"><\/div>\n<\/div>\n<div class=\"cxmmr5t8 oygrvhab hcukyx3x c1et5uql o9v6fnle\" style=\"text-align: justify;\">\n<div dir=\"auto\"><strong>Trajectory<\/strong><\/div>\n<p>&nbsp;<\/p>\n<div dir=\"auto\"><\/div>\n<div dir=\"auto\">He toured countries of the Southern Cone, settled in the city of Buenos Aires, where he continued studies of musical improvement with the teachers Isidro Maiztegui and Gilardo Gilardi and dedicated himself to the composition of music of folkloric inspiration, especially on Paraguayan rhythm. Then, with the master folklorologist Juan Alfonso Carrizo, he began his studies on folklore.<\/div>\n<p>&nbsp;<\/p>\n<div dir=\"auto\"><\/div>\n<\/div>\n<div class=\"cxmmr5t8 oygrvhab hcukyx3x c1et5uql o9v6fnle\" style=\"text-align: justify;\">\n<div dir=\"auto\">He joined Eladio Mart\u00ednez, the Mart\u00ednez-Cardozo Duo, which recorded a considerable number of records for the Ode\u00f3n label and performed for many years in theaters, radio stations and cultural centers. He wrote and directed radio cycles on Paraguayan music and culture for Radio \u00abArgentina\u00bb in Buenos Aires (1948-1952). He was the creator of the Banda Ocara (1954-1957). He made series of concerts at the head of the Stable Orchestra of L. R. 1 Radio &#8220;El Mundo&#8221; of said city, two seasons, 1961-1962. He was a professor of Folklore at the &#8220;Romaro&#8221; Institute of Fine Arts in Buenos Aires (1959-1965).<\/div>\n<p>&nbsp;<\/p>\n<div dir=\"auto\"><\/div>\n<\/div>\n<div class=\"cxmmr5t8 oygrvhab hcukyx3x c1et5uql o9v6fnle\" style=\"text-align: justify;\">\n<div dir=\"auto\">He was one of the founders and held the artistic direction of the Guaran\u00ed folk group of Buenos Aires (1938-1943). He created the Folk Club &#8220;Rinc\u00f3n Guaran\u00ed&#8221; (1946-1951).<\/div>\n<p>&nbsp;<\/p>\n<div dir=\"auto\"><\/div>\n<\/div>\n<div class=\"cxmmr5t8 oygrvhab hcukyx3x c1et5uql o9v6fnle\" style=\"text-align: justify;\">\n<div dir=\"auto\">He was appointed delegate of the Argentine Society of Authors and Composers (SADAIC), to manage before the President of the Republic of Paraguay, a protective legislation of Intellectual Property, which culminated in Decree Law No. 94 \u00abDr. Federico Chaves \u00bb. He was founding Secretary of A. P. A. (Associated Paraguayan Authors), years 1951-1952.<\/div>\n<p>&nbsp;<\/p>\n<div dir=\"auto\"><\/div>\n<div dir=\"auto\">He was director of the Mundo Guaran\u00ed Magazine, published by himself in Buenos Aires (1947-1948). Director-Owner of the Music Publishing House \u00a8Pamsco \u00a8 (Pan American Service Corp.) and Mundo Guaran\u00ed in Buenos Aires (1949-1958).<\/div>\n<p>&nbsp;<\/p>\n<div dir=\"auto\"><\/div>\n<\/div>\n<div class=\"cxmmr5t8 oygrvhab hcukyx3x c1et5uql o9v6fnle\" style=\"text-align: justify;\"><\/div>\n<div dir=\"auto\" style=\"text-align: justify;\"><strong>Discografia<\/strong><\/div>\n<p>&nbsp;<\/p>\n<div dir=\"auto\"><\/div>\n<table width=\"592\">\n<tbody>\n<tr>\n<td style=\"text-align: center;\" width=\"184\"><strong>Temas Folclor<\/strong><\/td>\n<td style=\"text-align: center;\" width=\"309\"><strong>Escuchar tema<\/strong><\/td>\n<td style=\"text-align: center;\" width=\"99\"><strong>A\u00f1o de Publicaci\u00f3n<\/strong><\/td>\n<\/tr>\n<tr>\n<td style=\"text-align: center;\"><\/td>\n<td style=\"text-align: center;\"><strong>Romance de Elisa Lynch<\/strong><\/td>\n<td style=\"text-align: center;\"><strong>1975<\/strong><\/td>\n<\/tr>\n<tr>\n<td>1<\/td>\n<td>Oh Dulce Par\u00eds<\/td>\n<td><\/td>\n<\/tr>\n<tr>\n<td>2<\/td>\n<td>Mi Amor Guaran\u00ed<\/td>\n<td><\/td>\n<\/tr>\n<tr>\n<td>3<\/td>\n<td>Corochire (solo orchestra)<\/td>\n<td><\/td>\n<\/tr>\n<tr>\n<td>4<\/td>\n<td>Noches Blancas<\/td>\n<td><\/td>\n<\/tr>\n<tr>\n<td>5<\/td>\n<td>Capullito De Amor<\/td>\n<td><\/td>\n<\/tr>\n<tr>\n<td>6<\/td>\n<td>El Paraguay En Marcha<\/td>\n<td><\/td>\n<\/tr>\n<tr>\n<td>7<\/td>\n<td>Noche L\u00fagubre<\/td>\n<td><\/td>\n<\/tr>\n<tr>\n<td>8<\/td>\n<td>Te Lo Perdi<\/td>\n<td><\/td>\n<\/tr>\n<tr>\n<td>9<\/td>\n<td>Cancion Del Adi\u00f3s<\/td>\n<td><\/td>\n<\/tr>\n<tr>\n<td>10<\/td>\n<td>Mi Retorno<\/td>\n<td><\/td>\n<\/tr>\n<tr>\n<td>11<\/td>\n<td>Elisa Lynch<\/td>\n<td><\/td>\n<\/tr>\n<tr>\n<td><\/td>\n<td><\/td>\n<td><\/td>\n<\/tr>\n<\/tbody>\n<\/table>\n<p>&nbsp;<\/p>\n<div class=\"epyt-video-wrapper\"><iframe loading=\"lazy\"  id=\"_ytid_34174\"  width=\"618\" height=\"347\"  data-origwidth=\"618\" data-origheight=\"347\" src=\"https:\/\/www.youtube.com\/embed\/RFLRm1r6jaQ?enablejsapi=1&#038;autoplay=0&#038;cc_load_policy=0&#038;cc_lang_pref=&#038;iv_load_policy=1&#038;loop=0&#038;modestbranding=0&#038;rel=1&#038;fs=1&#038;playsinline=0&#038;autohide=2&#038;theme=dark&#038;color=red&#038;controls=1&#038;\" class=\"__youtube_prefs__  epyt-is-override  no-lazyload\" title=\"YouTube player\"  allow=\"fullscreen; accelerometer; autoplay; clipboard-write; encrypted-media; gyroscope; picture-in-picture\" allowfullscreen data-no-lazy=\"1\" data-skipgform_ajax_framebjll=\"\"><\/iframe><\/div>\n","protected":false},"excerpt":{"rendered":"<p>&nbsp; Fecha de Nacimiento: 14 de mayo de 1907 &nbsp; Fecha de Fallecimiento: 5 de mayo de 1982 &nbsp; Biograf\u00eda &nbsp; Fue un m\u00fasico paraguayo, naci\u00f3 el 14 de mayo de 1907 en el pueblo de Ybycu\u00ed (Paraguay)Inici\u00f3 su aprendizaje musical en su pueblo natal, con el profesor Juan J. Rojas y los primeros instrumentos &hellip;<\/p>\n","protected":false},"author":1,"featured_media":0,"parent":0,"menu_order":0,"comment_status":"closed","ping_status":"closed","template":"","meta":{"footnotes":""},"class_list":["post-28438","page","type-page","status-publish",""],"jetpack_sharing_enabled":true,"_links":{"self":[{"href":"http:\/\/mickyandoniehn.com\/radio\/wp-json\/wp\/v2\/pages\/28438","targetHints":{"allow":["GET"]}}],"collection":[{"href":"http:\/\/mickyandoniehn.com\/radio\/wp-json\/wp\/v2\/pages"}],"about":[{"href":"http:\/\/mickyandoniehn.com\/radio\/wp-json\/wp\/v2\/types\/page"}],"author":[{"embeddable":true,"href":"http:\/\/mickyandoniehn.com\/radio\/wp-json\/wp\/v2\/users\/1"}],"replies":[{"embeddable":true,"href":"http:\/\/mickyandoniehn.com\/radio\/wp-json\/wp\/v2\/comments?post=28438"}],"version-history":[{"count":3,"href":"http:\/\/mickyandoniehn.com\/radio\/wp-json\/wp\/v2\/pages\/28438\/revisions"}],"predecessor-version":[{"id":30408,"href":"http:\/\/mickyandoniehn.com\/radio\/wp-json\/wp\/v2\/pages\/28438\/revisions\/30408"}],"wp:attachment":[{"href":"http:\/\/mickyandoniehn.com\/radio\/wp-json\/wp\/v2\/media?parent=28438"}],"curies":[{"name":"wp","href":"https:\/\/api.w.org\/{rel}","templated":true}]}}