{"id":28400,"date":"2022-08-26T09:26:00","date_gmt":"2022-08-26T15:26:00","guid":{"rendered":"https:\/\/mickyandoniehn.com\/radio\/?page_id=28400"},"modified":"2022-08-30T08:06:00","modified_gmt":"2022-08-30T14:06:00","slug":"myriam-raquel-hernandez-navarro","status":"publish","type":"page","link":"http:\/\/mickyandoniehn.com\/radio\/myriam-raquel-hernandez-navarro\/","title":{"rendered":"Myriam Raquel Hern\u00e1ndez Navarro"},"content":{"rendered":"<p style=\"text-align: justify;\"><img loading=\"lazy\" decoding=\"async\" class=\" wp-image-25419 aligncenter\" src=\"http:\/\/mickyandoniehn.com\/radio\/wp-content\/uploads\/2022\/08\/Myriam-Raquel-Hernandez-Navarro-300x200.png\" alt=\"\" width=\"703\" height=\"468\" srcset=\"http:\/\/mickyandoniehn.com\/radio\/wp-content\/uploads\/2022\/08\/Myriam-Raquel-Hernandez-Navarro-300x200.png 300w, http:\/\/mickyandoniehn.com\/radio\/wp-content\/uploads\/2022\/08\/Myriam-Raquel-Hernandez-Navarro-310x205.png 310w, http:\/\/mickyandoniehn.com\/radio\/wp-content\/uploads\/2022\/08\/Myriam-Raquel-Hernandez-Navarro.png 600w\" sizes=\"auto, (max-width: 703px) 100vw, 703px\" \/><\/p>\n<p>&nbsp;<\/p>\n<div class=\"cxmmr5t8 oygrvhab hcukyx3x c1et5uql o9v6fnle ii04i59q\" style=\"text-align: justify;\">\n<div dir=\"auto\"><strong>Fecha de Nacimiento:<\/strong> Santiago de Chile, 2 de mayo de 1965<\/div>\n<p>&nbsp;<\/p>\n<div dir=\"auto\"><\/div>\n<div dir=\"auto\"><strong>Biograf\u00eda:<\/strong><\/div>\n<p>&nbsp;<\/p>\n<div dir=\"auto\"><\/div>\n<div dir=\"auto\">Myriam Raquel Hern\u00e1ndez Navarro (Santiago de Chile, 2 de mayo de 1965) es una cantante, compositora y presentadora de televisi\u00f3n chilena, apodada como La Baladista de Am\u00e9rica.<\/div>\n<p>&nbsp;<\/p>\n<div dir=\"auto\"><\/div>\n<div dir=\"auto\">Empez\u00f3 su carrera a finales de la d\u00e9cada de 1980 con su \u00e1lbum Myriam Hern\u00e1ndez y el sencillo \u00abEl hombre que yo amo\u00bb, que alcanz\u00f3 el 10. puesto en el Hot Latin Tracks de 1989, mientras que su primer disco alcanz\u00f3 la cuarta posici\u00f3n del Latin Pop Songs de Billboard el mismo a\u00f1o. Ha ubicado 13 sencillos en Hot Latin Songs del Billboard, canciones como \u00abPeligroso amor\u00bb y \u00abTe pareces tanto a \u00e9l\u00bb alcanzaron el n\u00famero uno del Hot Latin Songs del Billboard. En el Latin Pop Songs &#8220;Huele a Peligro&#8221; y \u00abEse hombre\u00bb tambi\u00e9n alcanzaron el n\u00famero uno. 11 discos oficiales y ha grabado duetos con Paul Anka, Marco Antonio Sol\u00eds, Cristian Castro, Franco De Vita, Jos\u00e9 Feliciano, Sin Bandera, Alejandro Fern\u00e1ndez, Luis Miguel, Espinoza Paz, Laura Pausini, Daniela Romo, Jenni Rivera, Los Nocheros, Gloria Trevi, Bronco, Pandora tambi\u00e9n durante su carrera ha trabajado con grandes autores como Son by Four, Jerry Rivera, Celia Cruz, \u00d3scar D&#8217;Leon, Marc Anthony, Kike Santander, Juan Carlos Calder\u00f3n, Rudy P\u00e9rez y Armando Manzanero.<\/div>\n<p>&nbsp;<\/p>\n<div dir=\"auto\"><\/div>\n<div dir=\"auto\">Incursion\u00f3 tambi\u00e9n en la conducci\u00f3n en varios programas de televisi\u00f3n en Chile, as\u00ed como tambi\u00e9n co-anim\u00f3 el Festival Internacional de la Canci\u00f3n de Vi\u00f1a del Mar. En ese festival se ha presentado en cinco oportunidades en donde recibi\u00f3 los m\u00e1ximos galardones que el festival entrega. En 2011 fue nominada a los Grammy Latino por su \u00e1lbum Seducci\u00f3n y en 2015 recibi\u00f3 el Premio de la Presidencia Academia Latina de Artes y Ciencias de la Grabaci\u00f3n e ingres\u00f3 en el Sal\u00f3n de la Fama de los Compositores en Miami.<\/div>\n<p>&nbsp;<\/p>\n<div dir=\"auto\"><\/div>\n<\/div>\n<div class=\"cxmmr5t8 oygrvhab hcukyx3x c1et5uql o9v6fnle ii04i59q\" style=\"text-align: justify;\">\n<div dir=\"auto\">Se crio en el sector de la calle Ram\u00f3n Cruz a pasos de Avenida Grecia, comuna de \u00d1u\u00f1oa, Santiago; y sali\u00f3 de IV Medio del Liceo Augusto D&#8217;Halmar de dicha comuna.<\/div>\n<p>&nbsp;<\/p>\n<div dir=\"auto\"><\/div>\n<div dir=\"auto\">Contrajo matrimonio a los 27 a\u00f1os de edad con su m\u00e1nager y empresario chileno Jorge Saint-Jean el 15 de agosto de 1992 en los salones del Hotel Hyatt. \u201cMuchos me preguntan si es dif\u00edcil mantener un matrimonio estable mientras eres artista; yo digo que no hay nada imposible, sobre todo cuando alguien como yo cree en el amor eterno\u201d. El 17 de noviembre de 1994 naci\u00f3 su primer hijo, Jorge Ignacio, y el 10 de mayo de 1997 naci\u00f3 su hija Myriam Isidora.<\/div>\n<p>&nbsp;<\/p>\n<div dir=\"auto\"><\/div>\n<div dir=\"auto\"><\/div>\n<div dir=\"auto\"><strong>Wikipedia in English<\/strong><\/div>\n<p>&nbsp;<\/p>\n<div dir=\"auto\"><\/div>\n<div dir=\"auto\"><strong>Date of Born:<\/strong> Santiago de Chile, May 2, 1965<\/div>\n<p>&nbsp;<\/p>\n<div dir=\"auto\"><\/div>\n<div dir=\"auto\">Myriam Raquel Hern\u00e1ndez Navarro (Santiago de Chile, May 2, 1965) is a Chilean singer, songwriter and television presenter, nicknamed La Baladista de Am\u00e9rica.<\/div>\n<p>&nbsp;<\/p>\n<div dir=\"auto\"><\/div>\n<div dir=\"auto\">He began his career in the late 1980s with his album Myriam Hern\u00e1ndez and the single &#8220;El hombre que yo amo&#8221;, which reached 10 on the 1989 Hot Latin Tracks, while his first album reached the fourth position on the Billboard&#8217;s Latin Pop Songs the same year. He has placed 13 singles on the Billboard Hot Latin Songs, songs like &#8220;Peligroso amor&#8221; and &#8220;Te reseces mucho a \u00e9l&#8221; reached number one on the Billboard Hot Latin Songs. On the Latin Pop Songs &#8220;Huele a Peligro&#8221; and &#8220;Ese hombre&#8221; also reached number one. 11 official albums and has recorded duets with Paul Anka, Marco Antonio Sol\u00eds, Cristian Castro, Franco De Vita, Jos\u00e9 Feliciano, Sin Bandera, Alejandro Fern\u00e1ndez, Luis Miguel, Espinoza Paz, Laura Pausini, Daniela Romo, Jenni Rivera, Los Nocheros, Gloria Trevi, Bronco, Pandora also during his career has worked with great authors such as Son by Four, Jerry Rivera, Celia Cruz, \u00d3scar D&#8217;Leon, Marc Anthony, Kike Santander, Juan Carlos Calder\u00f3n, Rudy P\u00e9rez and Armando Manzanero.<\/div>\n<p>&nbsp;<\/p>\n<div dir=\"auto\"><\/div>\n<div dir=\"auto\">He also ventured into conducting various television programs in Chile, as well as co-animating the Vi\u00f1a del Mar International Song Festival. At that festival he has performed five times where he received the highest awards that the festival delivers. In 2011 she was nominated for a Latin Grammy for her album Seducci\u00f3n and in 2015 she received the Presidential Award from the Latin Academy of Recording Arts and Sciences and was inducted into the Songwriters Hall of Fame in Miami.<\/div>\n<div dir=\"auto\"><\/div>\n<p>&nbsp;\n<\/p><\/div>\n<div class=\"cxmmr5t8 oygrvhab hcukyx3x c1et5uql o9v6fnle ii04i59q\" style=\"text-align: justify;\">\n<div dir=\"auto\">He grew up in the Ram\u00f3n Cruz street sector, a few steps from Grecia Avenue, \u00d1u\u00f1oa commune, Santiago; and left IV Medio of the Liceo Augusto D&#8217;Halmar of said commune.<\/div>\n<p>&nbsp;<\/p>\n<div dir=\"auto\"><\/div>\n<div dir=\"auto\">She married at the age of 27 with her Chilean manager and businessman Jorge Saint-Jean on August 15, 1992 in the lounges of the Hyatt Hotel. \u201cMany ask me if it is difficult to maintain a stable marriage while you are an artist; I say that there is nothing impossible, especially when someone like me believes in eternal love \u201d. On November 17, 1994, their first child, Jorge Ignacio, was born and on May 10, 1997, their daughter Myriam Isidora was born.<\/div>\n<p>&nbsp;<\/p>\n<div dir=\"auto\"><\/div>\n<div dir=\"auto\"><strong>Discography<\/strong><\/div>\n<p>&nbsp;\n<\/p><\/div>\n<div dir=\"auto\"><\/div>\n<div dir=\"auto\">\n<table width=\"580\">\n<tbody>\n<tr>\n<td style=\"text-align: center;\" width=\"165\"><strong>Temas Balada Rom\u00e1ntica<\/strong><\/td>\n<td style=\"text-align: center;\" width=\"223\"><strong>Escuchar tema<\/strong><\/td>\n<td style=\"text-align: center;\" width=\"192\"><strong>A\u00f1o de Publicacion<\/strong><\/td>\n<\/tr>\n<tr>\n<td>1<\/td>\n<td>Te Pareces Tanto A El<\/td>\n<td>1990<\/td>\n<\/tr>\n<tr>\n<td>2<\/td>\n<td>Ay, Amor<\/td>\n<td>1989<\/td>\n<\/tr>\n<tr>\n<td>3<\/td>\n<td>Ni Tonta Sigo Am\u00e1ndote<\/td>\n<td>1989<\/td>\n<\/tr>\n<tr>\n<td>4<\/td>\n<td>El Hombre Que Yo Amo<\/td>\n<td>1993<\/td>\n<\/tr>\n<tr>\n<td>5<\/td>\n<td>Eres<\/td>\n<td>1993<\/td>\n<\/tr>\n<tr>\n<td>6<\/td>\n<td>Quiero Saber<\/td>\n<td>1993<\/td>\n<\/tr>\n<tr>\n<td>7<\/td>\n<td>coraz\u00f3n Desorientado<\/td>\n<td>1993<\/td>\n<\/tr>\n<tr>\n<td>8<\/td>\n<td>Tonto<\/td>\n<td>1989<\/td>\n<\/tr>\n<tr>\n<td>9<\/td>\n<td>Coraz\u00f3n Desorientado<\/td>\n<td>1993<\/td>\n<\/tr>\n<tr>\n<td>10<\/td>\n<td>Peligroso Amor<\/td>\n<td>1989<\/td>\n<\/tr>\n<tr>\n<td>11<\/td>\n<td>M\u00edo<\/td>\n<td>1989<\/td>\n<\/tr>\n<tr>\n<td>12<\/td>\n<td>Toda La Vida Fue Igual<\/td>\n<td>1989<\/td>\n<\/tr>\n<tr>\n<td>13<\/td>\n<td>Herida<\/td>\n<td>1989<\/td>\n<\/tr>\n<tr>\n<td>14<\/td>\n<td>No Pienso Enamorarme Otra Vez<\/td>\n<td>2009<\/td>\n<\/tr>\n<tr>\n<td>15<\/td>\n<td>Quiero Cantarle Al Amor<\/td>\n<td>2008<\/td>\n<\/tr>\n<tr>\n<td>16<\/td>\n<td>Haz Dado En El Blanco<\/td>\n<td>1993<\/td>\n<\/tr>\n<tr>\n<td>17<\/td>\n<td>Todo Lo Tuyo<\/td>\n<td>1989<\/td>\n<\/tr>\n<tr>\n<td><\/td>\n<td><\/td>\n<td><\/td>\n<\/tr>\n<tr>\n<td><\/td>\n<td><\/td>\n<td><\/td>\n<\/tr>\n<tr>\n<td style=\"text-align: center;\"><strong>Album<\/strong><\/td>\n<td style=\"text-align: center;\"><strong>Myriam Hern\u00e1ndez\u00a0<\/strong><\/td>\n<td style=\"text-align: center;\"><strong>1988<\/strong><\/td>\n<\/tr>\n<tr>\n<td>1<\/td>\n<td>El Hombre Que Yo Amo<\/td>\n<td><\/td>\n<\/tr>\n<tr>\n<td>2<\/td>\n<td>Quiero Saber<\/td>\n<td><\/td>\n<\/tr>\n<tr>\n<td>3<\/td>\n<td>Ay, Amor<\/td>\n<td><\/td>\n<\/tr>\n<tr>\n<td>4<\/td>\n<td>Sin Querer<\/td>\n<td><\/td>\n<\/tr>\n<tr>\n<td>5<\/td>\n<td>Has Dado En El Blanco<\/td>\n<td><\/td>\n<\/tr>\n<tr>\n<td>6<\/td>\n<td>No Pienso Enamorarme Otra Vez<\/td>\n<td><\/td>\n<\/tr>\n<tr>\n<td>7<\/td>\n<td>Coraz\u00f3n Desorientado<\/td>\n<td><\/td>\n<\/tr>\n<tr>\n<td>8<\/td>\n<td>No Es Preciso<\/td>\n<td><\/td>\n<\/tr>\n<tr>\n<td>9<\/td>\n<td>Quiero Cantarle Al Amor<\/td>\n<td><\/td>\n<\/tr>\n<tr>\n<td>10<\/td>\n<td>Eres<\/td>\n<td><\/td>\n<\/tr>\n<tr>\n<td><\/td>\n<td><\/td>\n<td><\/td>\n<\/tr>\n<tr>\n<td style=\"text-align: center;\"><strong>Album<\/strong><\/td>\n<td style=\"text-align: center;\"><strong>Dos<\/strong><\/td>\n<td style=\"text-align: center;\"><strong>1990<\/strong><\/td>\n<\/tr>\n<tr>\n<td>1<\/td>\n<td>Peligroso Amor<\/td>\n<td><\/td>\n<\/tr>\n<tr>\n<td>2<\/td>\n<td>M\u00edo<\/td>\n<td><\/td>\n<\/tr>\n<tr>\n<td>3<\/td>\n<td>Que No<\/td>\n<td><\/td>\n<\/tr>\n<tr>\n<td>4<\/td>\n<td>Sab\u00eda<\/td>\n<td><\/td>\n<\/tr>\n<tr>\n<td>5<\/td>\n<td>Todo Lo Tuyo<\/td>\n<td><\/td>\n<\/tr>\n<tr>\n<td>6<\/td>\n<td>Te Pareces Tanto A \u00c9l<\/td>\n<td><\/td>\n<\/tr>\n<tr>\n<td>7<\/td>\n<td>Herida<\/td>\n<td><\/td>\n<\/tr>\n<tr>\n<td>8<\/td>\n<td>Toda La Vida Fue Igual<\/td>\n<td><\/td>\n<\/tr>\n<tr>\n<td>9<\/td>\n<td>Tonto<\/td>\n<td><\/td>\n<\/tr>\n<tr>\n<td>10<\/td>\n<td>Ni Tonta Sigo Am\u00e1ndote<\/td>\n<td><\/td>\n<\/tr>\n<tr>\n<td><\/td>\n<td><\/td>\n<td><\/td>\n<\/tr>\n<tr>\n<td style=\"text-align: center;\"><\/td>\n<td style=\"text-align: center;\"><strong>Myriam Hern\u00e1ndez<\/strong><\/td>\n<td style=\"text-align: center;\"><strong>1992<\/strong><\/td>\n<\/tr>\n<tr>\n<td>1<\/td>\n<td>Un Hombre Secreto<\/td>\n<td><\/td>\n<\/tr>\n<tr>\n<td>2<\/td>\n<td>Si No Fueras Tu<\/td>\n<td><\/td>\n<\/tr>\n<tr>\n<td>3<\/td>\n<td>Tu Boca<\/td>\n<td><\/td>\n<\/tr>\n<tr>\n<td>4<\/td>\n<td>Inestabilidad<\/td>\n<td><\/td>\n<\/tr>\n<tr>\n<td>5<\/td>\n<td>Camino Sin Camino<\/td>\n<td><\/td>\n<\/tr>\n<tr>\n<td>6<\/td>\n<td>Yo Soy La Unica<\/td>\n<td><\/td>\n<\/tr>\n<tr>\n<td>7<\/td>\n<td>Se Me Fue<\/td>\n<td><\/td>\n<\/tr>\n<tr>\n<td>8<\/td>\n<td>Mira<\/td>\n<td><\/td>\n<\/tr>\n<tr>\n<td>9<\/td>\n<td>No Te Quiero Como Un Amigo<\/td>\n<td><\/td>\n<\/tr>\n<tr>\n<td>10<\/td>\n<td>Decididamente No<\/td>\n<td><\/td>\n<\/tr>\n<tr>\n<td>11<\/td>\n<td>Camino De La Libertad<\/td>\n<td><\/td>\n<\/tr>\n<tr>\n<td>12<\/td>\n<td>Eres Casi Mio<\/td>\n<td><\/td>\n<\/tr>\n<tr>\n<td><\/td>\n<td><\/td>\n<td><\/td>\n<\/tr>\n<tr>\n<td style=\"text-align: center;\"><\/td>\n<td style=\"text-align: center;\"><strong>Miryam Hern\u00e1ndez<\/strong><\/td>\n<td style=\"text-align: center;\"><strong>1994<\/strong><\/td>\n<\/tr>\n<tr>\n<td>1<\/td>\n<td>Ese Hombre<\/td>\n<td><\/td>\n<\/tr>\n<tr>\n<td>2<\/td>\n<td>Y Vete Ya<\/td>\n<td><\/td>\n<\/tr>\n<tr>\n<td>3<\/td>\n<td>No Hace Falta M\u00e1s Que Dos<\/td>\n<td><\/td>\n<\/tr>\n<tr>\n<td>4<\/td>\n<td>Inevitable<\/td>\n<td><\/td>\n<\/tr>\n<tr>\n<td>5<\/td>\n<td>Ay\u00fadame<\/td>\n<td><\/td>\n<\/tr>\n<tr>\n<td>6<\/td>\n<td>Te Extra\u00f1o<\/td>\n<td><\/td>\n<\/tr>\n<tr>\n<td>7<\/td>\n<td>Sentimental<\/td>\n<td><\/td>\n<\/tr>\n<tr>\n<td>8<\/td>\n<td>Llorar\u00e9<\/td>\n<td><\/td>\n<\/tr>\n<tr>\n<td>9<\/td>\n<td>Lo Mejor Que Me Ha Pasado<\/td>\n<td><\/td>\n<\/tr>\n<tr>\n<td>10<\/td>\n<td>Por Siempre Juntos<\/td>\n<td><\/td>\n<\/tr>\n<tr>\n<td><\/td>\n<td><\/td>\n<td><\/td>\n<\/tr>\n<tr>\n<td style=\"text-align: center;\"><\/td>\n<td style=\"text-align: center;\"><strong>Todo el Amor<\/strong><\/td>\n<td style=\"text-align: center;\"><strong>1998<\/strong><\/td>\n<\/tr>\n<tr>\n<td>1<\/td>\n<td>Huele A Peligro<\/td>\n<td><\/td>\n<\/tr>\n<tr>\n<td>2<\/td>\n<td>Me Vas A Querer<\/td>\n<td><\/td>\n<\/tr>\n<tr>\n<td>3<\/td>\n<td>Deseo<\/td>\n<td><\/td>\n<\/tr>\n<tr>\n<td>4<\/td>\n<td>La Fuerza Del Amor<\/td>\n<td><\/td>\n<\/tr>\n<tr>\n<td>5<\/td>\n<td>Amor Secreto<\/td>\n<td><\/td>\n<\/tr>\n<tr>\n<td>6<\/td>\n<td>No Puedo Olvidarte<\/td>\n<td><\/td>\n<\/tr>\n<tr>\n<td>7<\/td>\n<td>El Hombre Equivocado<\/td>\n<td><\/td>\n<\/tr>\n<tr>\n<td>8<\/td>\n<td>Ya No Podras<\/td>\n<td><\/td>\n<\/tr>\n<tr>\n<td>9<\/td>\n<td>Me Traicionas<\/td>\n<td><\/td>\n<\/tr>\n<tr>\n<td>10<\/td>\n<td>De Soledad<\/td>\n<td><\/td>\n<\/tr>\n<tr>\n<td>11<\/td>\n<td>Quien Va A Saber<\/td>\n<td><\/td>\n<\/tr>\n<tr>\n<td><\/td>\n<td><\/td>\n<td><\/td>\n<\/tr>\n<tr>\n<td style=\"text-align: center;\"><\/td>\n<td style=\"text-align: center;\"><strong>Y mas..<\/strong><\/td>\n<td style=\"text-align: center;\"><strong>2000<\/strong><\/td>\n<\/tr>\n<tr>\n<td>1<\/td>\n<td>Qui\u00e9n Cuidara De Mi<\/td>\n<td><\/td>\n<\/tr>\n<tr>\n<td>2<\/td>\n<td>Cenicienta De Tu Amor<\/td>\n<td><\/td>\n<\/tr>\n<tr>\n<td>3<\/td>\n<td>No Llegar\u00e1s<\/td>\n<td><\/td>\n<\/tr>\n<tr>\n<td>4<\/td>\n<td>Por Ti<\/td>\n<td><\/td>\n<\/tr>\n<tr>\n<td>5<\/td>\n<td>Ma\u00f1ana<\/td>\n<td><\/td>\n<\/tr>\n<tr>\n<td>6<\/td>\n<td>Si Te Vas<\/td>\n<td><\/td>\n<\/tr>\n<tr>\n<td>7<\/td>\n<td>Qu\u00e9 Te Ha Dado Ella<\/td>\n<td><\/td>\n<\/tr>\n<tr>\n<td>8<\/td>\n<td>Si Yo Me Vuelvo A Enamorar<\/td>\n<td><\/td>\n<\/tr>\n<tr>\n<td>9<\/td>\n<td>Le\u00f1a Y Fuego<\/td>\n<td><\/td>\n<\/tr>\n<tr>\n<td>10<\/td>\n<td>Una Vez M\u00e1s (One More Time)<\/td>\n<td><\/td>\n<\/tr>\n<tr>\n<td><\/td>\n<td><\/td>\n<td><\/td>\n<\/tr>\n<tr>\n<td style=\"text-align: center;\"><\/td>\n<td style=\"text-align: center;\"><strong>\u00a0El Amor En Concierto<\/strong><\/td>\n<td style=\"text-align: center;\"><strong>2001<\/strong><\/td>\n<\/tr>\n<tr>\n<td>1<\/td>\n<td>Obertura<\/td>\n<td><\/td>\n<\/tr>\n<tr>\n<td>2<\/td>\n<td>Herida<\/td>\n<td><\/td>\n<\/tr>\n<tr>\n<td>3<\/td>\n<td>Mio<\/td>\n<td><\/td>\n<\/tr>\n<tr>\n<td>4<\/td>\n<td>No Puedo Olvidarte<\/td>\n<td><\/td>\n<\/tr>\n<tr>\n<td>5<\/td>\n<td>Quiero Saber<\/td>\n<td><\/td>\n<\/tr>\n<tr>\n<td>6<\/td>\n<td>Se Me Fue<\/td>\n<td><\/td>\n<\/tr>\n<tr>\n<td>7<\/td>\n<td>La Fuerza Del Amor<\/td>\n<td><\/td>\n<\/tr>\n<tr>\n<td>8<\/td>\n<td>Un Hombre Secreto<\/td>\n<td><\/td>\n<\/tr>\n<tr>\n<td>9<\/td>\n<td>Le\u00f1a Y Fuego<\/td>\n<td><\/td>\n<\/tr>\n<tr>\n<td>10<\/td>\n<td>Huele A Peligro<\/td>\n<td><\/td>\n<\/tr>\n<tr>\n<td>11<\/td>\n<td>Peligroso Amor<\/td>\n<td><\/td>\n<\/tr>\n<tr>\n<td>12<\/td>\n<td>Ma\u00f1ana<\/td>\n<td><\/td>\n<\/tr>\n<tr>\n<td>13<\/td>\n<td>Camino Sin Camino<\/td>\n<td><\/td>\n<\/tr>\n<tr>\n<td>14<\/td>\n<td>Adagio<\/td>\n<td><\/td>\n<\/tr>\n<tr>\n<td>15<\/td>\n<td>Ay Amor<\/td>\n<td><\/td>\n<\/tr>\n<tr>\n<td>16<\/td>\n<td colspan=\"2\">Homenaje A Violeta Parra: Casamiento De Negros, Volver A Los 17, Gracias A La Vida<\/td>\n<\/tr>\n<tr>\n<td>17<\/td>\n<td>El Hombre Que Yo Amo<\/td>\n<td><\/td>\n<\/tr>\n<tr>\n<td><\/td>\n<td><\/td>\n<td><\/td>\n<\/tr>\n<tr>\n<td style=\"text-align: center;\"><\/td>\n<td style=\"text-align: center;\"><strong>Huellas Grandes\u00a0<\/strong><b>\u00c9xitos<\/b><\/td>\n<td style=\"text-align: center;\"><strong>2004<\/strong><\/td>\n<\/tr>\n<tr>\n<td>1<\/td>\n<td>He Vuelto Por Ti<\/td>\n<td><\/td>\n<\/tr>\n<tr>\n<td>2<\/td>\n<td>No Te He Robado Nada<\/td>\n<td><\/td>\n<\/tr>\n<tr>\n<td>3<\/td>\n<td>M\u00edo<\/td>\n<td><\/td>\n<\/tr>\n<tr>\n<td>4<\/td>\n<td>Huele A Peligro<\/td>\n<td><\/td>\n<\/tr>\n<tr>\n<td>5<\/td>\n<td>La Fuerza Del Amor<\/td>\n<td><\/td>\n<\/tr>\n<tr>\n<td>6<\/td>\n<td>El Amor De Mi Vida<\/td>\n<td><\/td>\n<\/tr>\n<tr>\n<td>7<\/td>\n<td>Ma\u00f1ana<\/td>\n<td><\/td>\n<\/tr>\n<tr>\n<td>8<\/td>\n<td>Ese Hombre<\/td>\n<td><\/td>\n<\/tr>\n<tr>\n<td>9<\/td>\n<td>Se Me Fu\u00e9<\/td>\n<td><\/td>\n<\/tr>\n<tr>\n<td>10<\/td>\n<td>Un Hombre Secreto<\/td>\n<td><\/td>\n<\/tr>\n<tr>\n<td>11<\/td>\n<td>Herida<\/td>\n<td><\/td>\n<\/tr>\n<tr>\n<td>12<\/td>\n<td>Te Pareces Tanto A El<\/td>\n<td><\/td>\n<\/tr>\n<tr>\n<td>13<\/td>\n<td>Peligroso Amor<\/td>\n<td><\/td>\n<\/tr>\n<tr>\n<td>14<\/td>\n<td>Eres<\/td>\n<td><\/td>\n<\/tr>\n<tr>\n<td>15<\/td>\n<td>El Hombre Que Yo Amo<\/td>\n<td><\/td>\n<\/tr>\n<tr>\n<td>16<\/td>\n<td>Ay Amor<\/td>\n<td><\/td>\n<\/tr>\n<tr>\n<td>17<\/td>\n<td>Llorar\u00e9<\/td>\n<td><\/td>\n<\/tr>\n<tr>\n<td><\/td>\n<td><\/td>\n<td><\/td>\n<\/tr>\n<tr>\n<td style=\"text-align: center;\"><\/td>\n<td style=\"text-align: center;\"><strong>Contigo en Concierto<\/strong><\/td>\n<td style=\"text-align: center;\"><strong>2005<\/strong><\/td>\n<\/tr>\n<tr>\n<td>1<\/td>\n<td>Obertura<\/td>\n<td><\/td>\n<\/tr>\n<tr>\n<td>2<\/td>\n<td>El Hombre Que Yo Amo<\/td>\n<td><\/td>\n<\/tr>\n<tr>\n<td>3<\/td>\n<td>Ay Amor<\/td>\n<td><\/td>\n<\/tr>\n<tr>\n<td>4<\/td>\n<td>Eres<\/td>\n<td><\/td>\n<\/tr>\n<tr>\n<td>5<\/td>\n<td>Quiero Saber<\/td>\n<td><\/td>\n<\/tr>\n<tr>\n<td>6<\/td>\n<td>Ese Hombre<\/td>\n<td><\/td>\n<\/tr>\n<tr>\n<td>7<\/td>\n<td>Te Pareces Tanto A \u00c9l<\/td>\n<td><\/td>\n<\/tr>\n<tr>\n<td>8<\/td>\n<td>Tonto<\/td>\n<td><\/td>\n<\/tr>\n<tr>\n<td>9<\/td>\n<td>Herida<\/td>\n<td><\/td>\n<\/tr>\n<tr>\n<td>10<\/td>\n<td>Se Me Fue<\/td>\n<td><\/td>\n<\/tr>\n<tr>\n<td>11<\/td>\n<td>M\u00edo<\/td>\n<td><\/td>\n<\/tr>\n<tr>\n<td>12<\/td>\n<td>Un Hombre Secreto<\/td>\n<td><\/td>\n<\/tr>\n<tr>\n<td>13<\/td>\n<td>Peligroso Amor<\/td>\n<td><\/td>\n<\/tr>\n<tr>\n<td>14<\/td>\n<td>He Vuelto Por Ti<\/td>\n<td><\/td>\n<\/tr>\n<tr>\n<td>15<\/td>\n<td>No Te He Robado Nada<\/td>\n<td><\/td>\n<\/tr>\n<tr>\n<td>16<\/td>\n<td>Yo Soy La \u00danica<\/td>\n<td><\/td>\n<\/tr>\n<tr>\n<td>17<\/td>\n<td>Le\u00f1a Y Fuego<\/td>\n<td><\/td>\n<\/tr>\n<tr>\n<td><\/td>\n<td><\/td>\n<td><\/td>\n<\/tr>\n<tr>\n<td style=\"text-align: center;\"><\/td>\n<td style=\"text-align: center;\"><strong>Enamor\u00e1ndome<\/strong><\/td>\n<td style=\"text-align: center;\"><strong>2007<\/strong><\/td>\n<\/tr>\n<tr>\n<td>1<\/td>\n<td>Donde Hubo Amor<\/td>\n<td><\/td>\n<\/tr>\n<tr>\n<td>2<\/td>\n<td>No Pens\u00e9 Enamorarme Otra Vez<\/td>\n<td><\/td>\n<\/tr>\n<tr>\n<td>3<\/td>\n<td>Vuela Muy Alto<\/td>\n<td><\/td>\n<\/tr>\n<tr>\n<td>4<\/td>\n<td>Bandera Blanca<\/td>\n<td><\/td>\n<\/tr>\n<tr>\n<td>5<\/td>\n<td>B\u00e9same<\/td>\n<td><\/td>\n<\/tr>\n<tr>\n<td>6<\/td>\n<td>M\u00edrame<\/td>\n<td><\/td>\n<\/tr>\n<tr>\n<td>7<\/td>\n<td>D\u00f3nde Estar\u00e1 Mi Prima Vera<\/td>\n<td><\/td>\n<\/tr>\n<tr>\n<td>8<\/td>\n<td>Huellas<\/td>\n<td><\/td>\n<\/tr>\n<tr>\n<td>9<\/td>\n<td>Volver A Amar<\/td>\n<td><\/td>\n<\/tr>\n<tr>\n<td>10<\/td>\n<td>Amor M\u00edo<\/td>\n<td><\/td>\n<\/tr>\n<tr>\n<td><\/td>\n<td><\/td>\n<td><\/td>\n<\/tr>\n<tr>\n<td><\/td>\n<td><strong>Seducci\u00f3n<\/strong><\/td>\n<td><strong>2011<\/strong><\/td>\n<\/tr>\n<tr>\n<td>1<\/td>\n<td>Despu\u00e9s Du Tu Amor<\/td>\n<td><\/td>\n<\/tr>\n<tr>\n<td>2<\/td>\n<td>Sigue Sin Mi<\/td>\n<td><\/td>\n<\/tr>\n<tr>\n<td>3<\/td>\n<td>Si Pudiera Amarte<\/td>\n<td><\/td>\n<\/tr>\n<tr>\n<td>4<\/td>\n<td>Todo En Tu Vida<\/td>\n<td><\/td>\n<\/tr>\n<tr>\n<td>5<\/td>\n<td>Tu Tiempo Pas\u00f3<\/td>\n<td><\/td>\n<\/tr>\n<tr>\n<td>6<\/td>\n<td>No Se Ve<\/td>\n<td><\/td>\n<\/tr>\n<tr>\n<td>7<\/td>\n<td>Ni Una Vez M\u00e1s<\/td>\n<td><\/td>\n<\/tr>\n<tr>\n<td>8<\/td>\n<td>La Decisi\u00f3n<\/td>\n<td><\/td>\n<\/tr>\n<tr>\n<td>9<\/td>\n<td>Yo Me Equivoqu\u00e9<\/td>\n<td><\/td>\n<\/tr>\n<tr>\n<td>10<\/td>\n<td>Te Amo Tanto<\/td>\n<td><\/td>\n<\/tr>\n<tr>\n<td><\/td>\n<td><\/td>\n<td><\/td>\n<\/tr>\n<tr>\n<td><\/td>\n<td style=\"text-align: center;\"><strong>Grandes Exitos en Vivo<\/strong><\/td>\n<td><\/td>\n<\/tr>\n<tr>\n<td>1<\/td>\n<td colspan=\"2\">El Hombre Que Yo Amo (Incluye Obertura)<\/td>\n<\/tr>\n<tr>\n<td>2<\/td>\n<td>Ay Amor<\/td>\n<td><\/td>\n<\/tr>\n<tr>\n<td>3<\/td>\n<td>Eres<\/td>\n<td><\/td>\n<\/tr>\n<tr>\n<td>4<\/td>\n<td>Te Pareces Tanto A El<\/td>\n<td><\/td>\n<\/tr>\n<tr>\n<td>5<\/td>\n<td>Tonto<\/td>\n<td><\/td>\n<\/tr>\n<tr>\n<td>6<\/td>\n<td>Herida<\/td>\n<td><\/td>\n<\/tr>\n<tr>\n<td>7<\/td>\n<td>Se Me Fue<\/td>\n<td><\/td>\n<\/tr>\n<tr>\n<td>8<\/td>\n<td>M\u00edo<\/td>\n<td><\/td>\n<\/tr>\n<tr>\n<td>9<\/td>\n<td>Un Hombre Secreto<\/td>\n<td><\/td>\n<\/tr>\n<tr>\n<td>10<\/td>\n<td>Peligroso Amor<\/td>\n<td><\/td>\n<\/tr>\n<tr>\n<td><\/td>\n<td><\/td>\n<td><\/td>\n<\/tr>\n<\/tbody>\n<\/table>\n<\/div>\n<div class=\"cxmmr5t8 oygrvhab hcukyx3x c1et5uql o9v6fnle ii04i59q\" style=\"text-align: justify;\">\n<div dir=\"auto\"><\/div>\n<\/div>\n<div class=\"epyt-video-wrapper\"><iframe loading=\"lazy\"  id=\"_ytid_87692\"  width=\"618\" height=\"347\"  data-origwidth=\"618\" data-origheight=\"347\" src=\"https:\/\/www.youtube.com\/embed\/Be1DQcRkjgg?enablejsapi=1&#038;autoplay=0&#038;cc_load_policy=0&#038;cc_lang_pref=&#038;iv_load_policy=1&#038;loop=0&#038;modestbranding=0&#038;rel=1&#038;fs=1&#038;playsinline=0&#038;autohide=2&#038;theme=dark&#038;color=red&#038;controls=1&#038;\" class=\"__youtube_prefs__  epyt-is-override  no-lazyload\" title=\"YouTube player\"  allow=\"fullscreen; accelerometer; autoplay; clipboard-write; encrypted-media; gyroscope; picture-in-picture\" allowfullscreen data-no-lazy=\"1\" data-skipgform_ajax_framebjll=\"\"><\/iframe><\/div>\n<p style=\"text-align: justify;\">\n","protected":false},"excerpt":{"rendered":"<p>&nbsp; Fecha de Nacimiento: Santiago de Chile, 2 de mayo de 1965 &nbsp; Biograf\u00eda: &nbsp; Myriam Raquel Hern\u00e1ndez Navarro (Santiago de Chile, 2 de mayo de 1965) es una cantante, compositora y presentadora de televisi\u00f3n chilena, apodada como La Baladista de Am\u00e9rica. &nbsp; Empez\u00f3 su carrera a finales de la d\u00e9cada de 1980 con su &hellip;<\/p>\n","protected":false},"author":1,"featured_media":0,"parent":0,"menu_order":0,"comment_status":"closed","ping_status":"closed","template":"","meta":{"footnotes":""},"class_list":["post-28400","page","type-page","status-publish",""],"jetpack_sharing_enabled":true,"_links":{"self":[{"href":"http:\/\/mickyandoniehn.com\/radio\/wp-json\/wp\/v2\/pages\/28400","targetHints":{"allow":["GET"]}}],"collection":[{"href":"http:\/\/mickyandoniehn.com\/radio\/wp-json\/wp\/v2\/pages"}],"about":[{"href":"http:\/\/mickyandoniehn.com\/radio\/wp-json\/wp\/v2\/types\/page"}],"author":[{"embeddable":true,"href":"http:\/\/mickyandoniehn.com\/radio\/wp-json\/wp\/v2\/users\/1"}],"replies":[{"embeddable":true,"href":"http:\/\/mickyandoniehn.com\/radio\/wp-json\/wp\/v2\/comments?post=28400"}],"version-history":[{"count":3,"href":"http:\/\/mickyandoniehn.com\/radio\/wp-json\/wp\/v2\/pages\/28400\/revisions"}],"predecessor-version":[{"id":29353,"href":"http:\/\/mickyandoniehn.com\/radio\/wp-json\/wp\/v2\/pages\/28400\/revisions\/29353"}],"wp:attachment":[{"href":"http:\/\/mickyandoniehn.com\/radio\/wp-json\/wp\/v2\/media?parent=28400"}],"curies":[{"name":"wp","href":"https:\/\/api.w.org\/{rel}","templated":true}]}}