{"id":28369,"date":"2022-08-26T09:17:35","date_gmt":"2022-08-26T15:17:35","guid":{"rendered":"https:\/\/mickyandoniehn.com\/radio\/?page_id=28369"},"modified":"2024-04-01T17:50:10","modified_gmt":"2024-04-01T23:50:10","slug":"john-miles","status":"publish","type":"page","link":"http:\/\/mickyandoniehn.com\/radio\/john-miles\/","title":{"rendered":"John Miles"},"content":{"rendered":"<p style=\"text-align: justify;\"><img loading=\"lazy\" decoding=\"async\" class=\" wp-image-70006 aligncenter\" src=\"http:\/\/mickyandoniehn.com\/radio\/wp-content\/uploads\/2023\/04\/John-Miles-300x200.jpg\" alt=\"\" width=\"533\" height=\"355\" srcset=\"http:\/\/mickyandoniehn.com\/radio\/wp-content\/uploads\/2023\/04\/John-Miles-300x200.jpg 300w, http:\/\/mickyandoniehn.com\/radio\/wp-content\/uploads\/2023\/04\/John-Miles-1024x683.jpg 1024w, http:\/\/mickyandoniehn.com\/radio\/wp-content\/uploads\/2023\/04\/John-Miles-768x512.jpg 768w, http:\/\/mickyandoniehn.com\/radio\/wp-content\/uploads\/2023\/04\/John-Miles-310x205.jpg 310w, http:\/\/mickyandoniehn.com\/radio\/wp-content\/uploads\/2023\/04\/John-Miles.jpg 1200w\" sizes=\"auto, (max-width: 533px) 100vw, 533px\" \/><\/p>\n<p>&nbsp;<\/p>\n<div class=\"cxmmr5t8 oygrvhab hcukyx3x c1et5uql o9v6fnle ii04i59q\" style=\"text-align: justify;\">\n<div dir=\"auto\"><strong>Fecha de Nacimiento:<\/strong> 23 de abril de 1949<\/div>\n<p>&nbsp;<\/p>\n<div dir=\"auto\"><\/div>\n<\/div>\n<div class=\"cxmmr5t8 oygrvhab hcukyx3x c1et5uql o9v6fnle ii04i59q\" style=\"text-align: justify;\">\n<div dir=\"auto\"><strong>Biograf\u00eda<\/strong><\/div>\n<p>&nbsp;<\/p>\n<div dir=\"auto\"><\/div>\n<div dir=\"auto\">John Ethrington, luego conocido como John Miles, es un cantautor, guitarrista y tecladista ingl\u00e9s hab\u00eda nacido en Jarrow, Inglaterra, en abril de 1949. Durante su juventud, Miles hab\u00eda sido integrante de The Influence, un grupo adolescente de su ciudad natal, del cual tambi\u00e9n eran miembros Paul Thompson, posteriormente baterista de Roxy Music, y Vic Malcolm, luego guitarrista de Geordie. M\u00e1s tarde, Miles formar\u00eda su propia banda, The John Miles Set, antes de comenzar su carrera solista. Luego de varios a\u00f1os, en apariencia infructuosos, Miles consigue llamar la atenci\u00f3n de un par de sellos discogr\u00e1ficos con el demo de \u201cHigh Fly\u201d, una canci\u00f3n en sinton\u00eda con los sonidos del glam rock, aunque con una melod\u00eda muy original, con mucho gancho. \u201cHigh Fly\u201d hab\u00eda sido compuesta por Miles junto a Bob Marshall, el bajista de su banda. Ambos formaban un dueto compositivo, en donde John se encargaba de la m\u00fasica y Bob de las letras.<\/div>\n<p>&nbsp;<\/p>\n<div dir=\"auto\"><\/div>\n<\/div>\n<div class=\"cxmmr5t8 oygrvhab hcukyx3x c1et5uql o9v6fnle ii04i59q\" style=\"text-align: justify;\">\n<div dir=\"auto\">Antes de firmar contrato con Decca, John y su banda ya hab\u00edan tenido ofrecimientos contractuales de varios sellos discogr\u00e1ficos, en especial EMI, pero Miles sinti\u00f3 que dentro de EMI el \u00e1lbum no iba a tener la promoci\u00f3n que le promet\u00eda Decca. Los ejecutivos de esta compa\u00f1\u00eda hab\u00edan quedado muy entusiasmados con el demo de &#8220;High Fly&#8221;, porque ve\u00edan en Miles un gran potencial como artista popular, y en su figura la posibilidad de que el sello volviese a tener una impronta fuerte en el rock, algo que Decca no consegu\u00eda desde la \u00e9poca en que los Stones grababan en el sello, en los \u00b460. Luego de la salida del grupo de Jagger y Richards, Decca se hab\u00eda tenido que conformar, durante la mayor parte de los \u00b470, de tener \u00e9xito solo con artistas etiquetados dentro del llamado &#8220;easy listening&#8221;, como el m\u00edtico Tom Jones.<\/div>\n<p>&nbsp;<\/p>\n<div dir=\"auto\"><\/div>\n<\/div>\n<div class=\"cxmmr5t8 oygrvhab hcukyx3x c1et5uql o9v6fnle ii04i59q\" style=\"text-align: justify;\">\n<div dir=\"auto\">Cuando Miles firm\u00f3 contrato con Decca, los directivos de la compa\u00f1\u00eda le presentaron a Alan Parsons, en el verano boreal de 1975. Parsons y Miles r\u00e1pidamente congeniaron y se pusieron a grabar \u201cHigh Fly\u201d, que ser\u00eda editado como single en el Reino Unido en septiembre del \u201975, alcanzando el puesto 17 en los rankings de singles brit\u00e1nicos y el 68 en la Billboard en los Estados Unidos. Debido al \u00e9xito de esta canci\u00f3n, se comenz\u00f3 a grabar el primer larga duraci\u00f3n de Miles, durante noviembre y diciembre de 1975, en los m\u00edticos estudios de Abbey Road. Un lugar en donde Parsons se sent\u00eda muy c\u00f3modo.<\/div>\n<p>&nbsp;<\/p>\n<div dir=\"auto\"><\/div>\n<\/div>\n<div class=\"cxmmr5t8 oygrvhab hcukyx3x c1et5uql o9v6fnle ii04i59q\" style=\"text-align: justify;\">\n<div dir=\"auto\">Rebel ser\u00eda editado en marzo del \u201976. La cr\u00edtica especializada recibi\u00f3 al disco con alborozo. Por ejemplo, los titulares de Melody Maker dec\u00edan \u201cJohn Miles: Una nueva Estrella ha nacido\u201d, dando cuenta de su \u201csensacional debut\u201d. Justamente, el \u00e1lbum entero reflejaba \u2013tanto en los t\u00edtulos de las canciones, as\u00ed como en varias de sus letras- las observaciones de John Miles acerca de la vida.<\/div>\n<p>&nbsp;<\/p>\n<div dir=\"auto\"><\/div>\n<\/div>\n<div class=\"cxmmr5t8 oygrvhab hcukyx3x c1et5uql o9v6fnle ii04i59q\" style=\"text-align: justify;\">\n<div dir=\"auto\">Sin dudas, Rebel era el \u00e9xito que Decca hab\u00eda ansiado. Sin embargo, m\u00e1s all\u00e1 de la impecable producci\u00f3n de Alan Parsons, hay que destacar que nada de esto hubiese sido posible si John Miles no hubiese estado en uno de sus mejores momentos art\u00edsticos. Gracias a su amplio rango vocal, se encarg\u00f3 de todas las voces solistas, adem\u00e1s de tocar teclados, guitarra el\u00e9ctrica y sintetizadores. Durante toda la grabaci\u00f3n, acompa\u00f1aron a Miles, su compinche compositivo Bob Marshall, en bajo; y Barry Black, en bater\u00eda y percusiones. Justamente, tanto Marshall como Black ser\u00edan los m\u00fasicos de la banda de John Miles durante muchos a\u00f1os, participando tambi\u00e9n de los siguientes \u00e1lbumes de este artista. Otro de los protagonistas principales de este \u00e1lbum fue Andrew Powell, quien, a partir de las indicaciones de Parsons y Miles, se encarg\u00f3 de los arreglos orquestales que tanta importancia cobrar\u00edan en varios de los temas del disco.<\/div>\n<div dir=\"auto\"><\/div>\n<p>&nbsp;<\/p>\n<\/div>\n<div class=\"cxmmr5t8 oygrvhab hcukyx3x c1et5uql o9v6fnle ii04i59q\" style=\"text-align: justify;\">\n<div dir=\"auto\"><strong>Wikipedia in English<\/strong><\/div>\n<p>&nbsp;<\/p>\n<div dir=\"auto\"><\/div>\n<\/div>\n<div class=\"cxmmr5t8 oygrvhab hcukyx3x c1et5uql o9v6fnle ii04i59q\" style=\"text-align: justify;\">\n<div dir=\"auto\"><strong>Date of Birth:<\/strong> April 23, 1949<\/div>\n<p>&nbsp;<\/p>\n<div dir=\"auto\"><\/div>\n<\/div>\n<div class=\"cxmmr5t8 oygrvhab hcukyx3x c1et5uql o9v6fnle ii04i59q\" style=\"text-align: justify;\">\n<div dir=\"auto\"><strong>Biography<\/strong><\/div>\n<p>&nbsp;<\/p>\n<div dir=\"auto\"><\/div>\n<div dir=\"auto\">John Ethrington, later known as John Miles, is an English singer-songwriter, guitarist and keyboardist born in Jarrow, England, in April 1949. During his youth, Miles had been a member of The Influence, a teenage group from his hometown, of the which were also members Paul Thompson, later drummer for Roxy Music, and Vic Malcolm, later guitarist for Geordie. Later, Miles would form his own band, The John Miles Set, before beginning his solo career. After several years, apparently unsuccessful, Miles manages to attract the attention of a couple of record labels with the demo of \u201cHigh Fly\u201d, a song in tune with the sounds of glam rock, although with a very original melody, with a lot of hook. &#8220;High Fly&#8221; had been composed by Miles with Bob Marshall, the bassist of his band. Both formed a compositional duet, where John was in charge of the music and Bob of the lyrics.<\/div>\n<p>&nbsp;<\/p>\n<div dir=\"auto\"><\/div>\n<\/div>\n<div class=\"cxmmr5t8 oygrvhab hcukyx3x c1et5uql o9v6fnle ii04i59q\" style=\"text-align: justify;\">\n<div dir=\"auto\">Before signing with Decca, John and his contract had already had contractual offers from several record labels, especially EMI, but Miles felt that within EMI the album was not going to have the promotion that Decca promised. The executives of this company are still very enthusiastic about the demo of &#8220;High Fly&#8221;, because they saw in Miles great potential as a popular artist, and in his figure the possibility that the label would once again have a strong imprint on rock, something that Decca hadn&#8217;t been around since the time the Stones were recording on the label in the 1960s. After the departure of the group of Jagger and Richards, Decca had had to conform, during most of the &#8217;70s, to be successful only with artists labeled within the so-called &#8220;easy listening&#8221;, such as the mythical Tom Jones.<\/div>\n<p>&nbsp;<\/p>\n<div dir=\"auto\"><\/div>\n<\/div>\n<div class=\"cxmmr5t8 oygrvhab hcukyx3x c1et5uql o9v6fnle ii04i59q\" style=\"text-align: justify;\">\n<div dir=\"auto\">When Miles signed with Decca, the company directors introduced him to Alan Parsons, in the summer of 1975. Parsons and Miles quickly hit it off and began recording &#8220;High Fly&#8221;, which would be released as a single in the UK on September &#8217;75, reaching 17th place on the British Singles charts and 68th on the Billboard in the United States. Due to the success of this song, he began to record the first full length of Miles, during November and December 1975, in the mythical Abbey Road studios. A place where Parsons felt very comfortable.<\/div>\n<p>&nbsp;<\/p>\n<div dir=\"auto\"><\/div>\n<\/div>\n<div class=\"cxmmr5t8 oygrvhab hcukyx3x c1et5uql o9v6fnle ii04i59q\" style=\"text-align: justify;\">\n<div dir=\"auto\">Rebel would be released in March &#8217;76. The specialized critics received the album with joy. For example, the Melody Maker headlines read &#8220;John Miles: A New Star Is Born&#8221;, accounting for his &#8220;sensational debut.&#8221; Precisely, the entire album reflected &#8211; both in the song titles, as well as in several of its lyrics &#8211; John Miles&#8217; observations about life.<\/div>\n<div dir=\"auto\"><\/div>\n<p>&nbsp;<\/p>\n<\/div>\n<div class=\"cxmmr5t8 oygrvhab hcukyx3x c1et5uql o9v6fnle ii04i59q\" style=\"text-align: justify;\">\n<div dir=\"auto\"><strong>Discography<\/strong><\/div>\n<p>&nbsp;<\/p>\n<div dir=\"auto\"><\/div>\n<\/div>\n<div dir=\"auto\" style=\"text-align: justify;\">\n<table width=\"561\">\n<tbody>\n<tr>\n<td style=\"text-align: center;\" width=\"127\"><strong>Genero Rock, Pop<\/strong><\/td>\n<td style=\"text-align: center;\" width=\"319\"><strong>Escuchar Tema<\/strong><\/td>\n<td style=\"text-align: center;\" width=\"115\"><strong>A\u00f1o de Publicacion<\/strong><\/td>\n<\/tr>\n<tr>\n<td>1<\/td>\n<td>Music<\/td>\n<td>1976<\/td>\n<\/tr>\n<tr>\n<td>2<\/td>\n<td>Song for You<\/td>\n<td>1983<\/td>\n<\/tr>\n<tr>\n<td>3<\/td>\n<td>One Minute Every Hour<\/td>\n<td>1993<\/td>\n<\/tr>\n<tr>\n<td>4<\/td>\n<td>Now That the Magic Has Gone<\/td>\n<td>1993<\/td>\n<\/tr>\n<tr>\n<td>5<\/td>\n<td>Slow Down<\/td>\n<td>1977<\/td>\n<\/tr>\n<tr>\n<td>6<\/td>\n<td>High Fly<\/td>\n<td>1976<\/td>\n<\/tr>\n<tr>\n<td>7<\/td>\n<td>You Have It All<\/td>\n<td>1976<\/td>\n<\/tr>\n<tr>\n<td>8<\/td>\n<td>When You Lose Someone So Young<\/td>\n<td>1976<\/td>\n<\/tr>\n<tr>\n<td>9<\/td>\n<td>The Right to Sing<\/td>\n<td>1983<\/td>\n<\/tr>\n<tr>\n<td>10<\/td>\n<td>Overture<\/td>\n<td>1978<\/td>\n<\/tr>\n<tr>\n<td>11<\/td>\n<td>It&#8217;s Not Called Angel<\/td>\n<td>1979<\/td>\n<\/tr>\n<tr>\n<td><\/td>\n<td><\/td>\n<td><\/td>\n<\/tr>\n<\/tbody>\n<\/table>\n<p>&nbsp;<\/p>\n<\/div>\n<div class=\"epyt-video-wrapper\"><iframe loading=\"lazy\"  id=\"_ytid_55833\"  width=\"618\" height=\"347\"  data-origwidth=\"618\" data-origheight=\"347\" src=\"https:\/\/www.youtube.com\/embed\/Vz0mzy48Aqg?enablejsapi=1&#038;autoplay=0&#038;cc_load_policy=0&#038;cc_lang_pref=&#038;iv_load_policy=1&#038;loop=0&#038;modestbranding=0&#038;rel=1&#038;fs=1&#038;playsinline=0&#038;autohide=2&#038;theme=dark&#038;color=red&#038;controls=1&#038;\" class=\"__youtube_prefs__  epyt-is-override  no-lazyload\" title=\"YouTube player\"  allow=\"fullscreen; accelerometer; autoplay; clipboard-write; encrypted-media; gyroscope; picture-in-picture\" allowfullscreen data-no-lazy=\"1\" data-skipgform_ajax_framebjll=\"\"><\/iframe><\/div>\n","protected":false},"excerpt":{"rendered":"<p>&nbsp; Fecha de Nacimiento: 23 de abril de 1949 &nbsp; Biograf\u00eda &nbsp; John Ethrington, luego conocido como John Miles, es un cantautor, guitarrista y tecladista ingl\u00e9s hab\u00eda nacido en Jarrow, Inglaterra, en abril de 1949. Durante su juventud, Miles hab\u00eda sido integrante de The Influence, un grupo adolescente de su ciudad natal, del cual tambi\u00e9n &hellip;<\/p>\n","protected":false},"author":1,"featured_media":0,"parent":0,"menu_order":0,"comment_status":"closed","ping_status":"closed","template":"","meta":{"footnotes":""},"class_list":["post-28369","page","type-page","status-publish",""],"jetpack_sharing_enabled":true,"_links":{"self":[{"href":"http:\/\/mickyandoniehn.com\/radio\/wp-json\/wp\/v2\/pages\/28369","targetHints":{"allow":["GET"]}}],"collection":[{"href":"http:\/\/mickyandoniehn.com\/radio\/wp-json\/wp\/v2\/pages"}],"about":[{"href":"http:\/\/mickyandoniehn.com\/radio\/wp-json\/wp\/v2\/types\/page"}],"author":[{"embeddable":true,"href":"http:\/\/mickyandoniehn.com\/radio\/wp-json\/wp\/v2\/users\/1"}],"replies":[{"embeddable":true,"href":"http:\/\/mickyandoniehn.com\/radio\/wp-json\/wp\/v2\/comments?post=28369"}],"version-history":[{"count":3,"href":"http:\/\/mickyandoniehn.com\/radio\/wp-json\/wp\/v2\/pages\/28369\/revisions"}],"predecessor-version":[{"id":70046,"href":"http:\/\/mickyandoniehn.com\/radio\/wp-json\/wp\/v2\/pages\/28369\/revisions\/70046"}],"wp:attachment":[{"href":"http:\/\/mickyandoniehn.com\/radio\/wp-json\/wp\/v2\/media?parent=28369"}],"curies":[{"name":"wp","href":"https:\/\/api.w.org\/{rel}","templated":true}]}}