{"id":28365,"date":"2022-08-26T09:16:31","date_gmt":"2022-08-26T15:16:31","guid":{"rendered":"https:\/\/mickyandoniehn.com\/radio\/?page_id=28365"},"modified":"2022-09-01T11:49:11","modified_gmt":"2022-09-01T17:49:11","slug":"paul-carrack","status":"publish","type":"page","link":"http:\/\/mickyandoniehn.com\/radio\/paul-carrack\/","title":{"rendered":"Paul Carrack"},"content":{"rendered":"<p style=\"text-align: justify;\"><img loading=\"lazy\" decoding=\"async\" class=\"wp-image-13918 aligncenter\" src=\"http:\/\/mickyandoniehn.com\/radio\/wp-content\/uploads\/2022\/04\/PAUL-CARRACK-300x300.jpg\" alt=\"\" width=\"607\" height=\"607\" srcset=\"http:\/\/mickyandoniehn.com\/radio\/wp-content\/uploads\/2022\/04\/PAUL-CARRACK-300x300.jpg 300w, http:\/\/mickyandoniehn.com\/radio\/wp-content\/uploads\/2022\/04\/PAUL-CARRACK-150x150.jpg 150w, http:\/\/mickyandoniehn.com\/radio\/wp-content\/uploads\/2022\/04\/PAUL-CARRACK.jpg 768w\" sizes=\"auto, (max-width: 607px) 100vw, 607px\" \/><\/p>\n<p><strong>Fecha de Nacimiento:\u00a0<\/strong>22 de abril 1951<\/p>\n<div class=\"cxmmr5t8 oygrvhab hcukyx3x c1et5uql o9v6fnle ii04i59q\" style=\"text-align: justify;\">\n<div dir=\"auto\"><strong>Biograf\u00eda<\/strong><\/div>\n<p>&nbsp;<\/p>\n<div dir=\"auto\"><\/div>\n<div dir=\"auto\">Paul Carrack, es un cantante, m\u00fasico y compositor brit\u00e1nico, naci\u00f3 en Sheffield un 22 de abril de 1951. Siendo ni\u00f1o descubri\u00f3 su gran vocaci\u00f3n: la m\u00fasica; otra de sus pasiones es el f\u00fatbol. Hoy en d\u00eda sigue siendo un gran admirador del Sheffield Wednesday. Empez\u00f3 a tocar la bater\u00eda en grupos que se formaban en el colegio. Cuando cumpli\u00f3 los 16 a\u00f1os vendi\u00f3 su bater\u00eda y se compr\u00f3 un \u00f3rgano Vox Continental. A los 17, se propuso conocer mundo y durante un tiempo estuvo viajando por Europa donde para ganarse la vida tocaba canciones famosas en lugares tan ex\u00f3ticos como el Reeperbahn de Hamburgo. Al regresar de Europa colabor\u00f3 en la creaci\u00f3n de un grupo llamado Warm Dust que surgi\u00f3 con algunos m\u00fasicos que m\u00e1s tarde, en 1973, formar\u00edan parte de Ace.<\/div>\n<p>&nbsp;<\/p>\n<div dir=\"auto\"><\/div>\n<\/div>\n<div class=\"cxmmr5t8 oygrvhab hcukyx3x c1et5uql o9v6fnle ii04i59q\" style=\"text-align: justify;\">\n<div dir=\"auto\">Con Ace, Carrack encontr\u00f3 su verdadero lugar en el mundo de la m\u00fasica ya que empez\u00f3 a destacar como solista principal y como compositor. Ace lleg\u00f3 a ser un grupo de \u00e9xito con canciones como &#8220;How Long&#8221; con la consiguieron ser n\u00famero 1 en, pr\u00e1cticamente, todo el mundo. Despu\u00e9s de cuatro a\u00f1os y tres discos publicados la banda se disolvi\u00f3.<\/div>\n<p>&nbsp;<\/p>\n<div dir=\"auto\"><\/div>\n<\/div>\n<div class=\"cxmmr5t8 oygrvhab hcukyx3x c1et5uql o9v6fnle ii04i59q\" style=\"text-align: justify;\">\n<div dir=\"auto\">A partir de entonces, Paul busc\u00f3 trabajo como teclista de sesi\u00f3n. De ese modo colabor\u00f3 con artistas como Frankie Miller o Roxy Music, entre otros. Durante esta etapa, Paul grab\u00f3 su primer \u00e1lbum en solitario, &#8220;Nightbird&#8221;.<\/div>\n<p>&nbsp;<\/p>\n<\/div>\n<div class=\"cxmmr5t8 oygrvhab hcukyx3x c1et5uql o9v6fnle ii04i59q\" style=\"text-align: justify;\">\n<div dir=\"auto\">En 1980, le ofrecieron sustituir a Jools Holland como teclista del grupo Squeeze. Cuando Carrack lleg\u00f3 al estudio, acababan de grabar una versi\u00f3n de &#8220;Tempted&#8221; interpretada por Glenn Tillbrook, pero siguiendo una sugerencia del productor, Elvis Costello, el grupo volvi\u00f3 a grabarla, esta vez con Paul Carrack como voz solista y como teclista con su \u00f3rgano Hammond. As\u00ed naci\u00f3 uno de los temas cl\u00e1sicos de Squeeze que a\u00f1os m\u00e1s tarde, en 1994, fue incluido en la banda sonora de la pel\u00edcula &#8220;Reality Bites&#8221;.<\/div>\n<p>&nbsp;<\/p>\n<div dir=\"auto\"><\/div>\n<\/div>\n<div class=\"cxmmr5t8 oygrvhab hcukyx3x c1et5uql o9v6fnle ii04i59q\" style=\"text-align: justify;\">\n<div dir=\"auto\">Un a\u00f1o m\u00e1s tarde, Paul dej\u00f3 la banda para publicar su segundo disco en solitario, &#8220;Suburban Voodo&#8221;, producido por su gran amigo Nick Lowe. Ese trabajo inclu\u00eda el tema &#8220;I Need You&#8221; que se convirti\u00f3 en un gran \u00e9xito en los Estados Unidos y del que m\u00e1s tarde Aaron Neville y Linda Ronstadt realizaron una versi\u00f3n.<\/div>\n<p>&nbsp;<\/p>\n<div dir=\"auto\"><\/div>\n<\/div>\n<div class=\"cxmmr5t8 oygrvhab hcukyx3x c1et5uql o9v6fnle ii04i59q\" style=\"text-align: justify;\">\n<div dir=\"auto\">En 1985, Paul recibi\u00f3 una oferta para incorporarse al nuevo grupo de Mike Rutherford (Genesis), Mike &amp; The Mechanics como teclista y voz principal, y en que tambi\u00e9n estaba el cantante Paul Young (Sad Caf\u00e9). De ese modo, comenz\u00f3 una nueva etapa en la trayectoria musical de Paul Carrack ya que con esta banda alcanz\u00f3 un gran \u00e9xito en todo el mundo gracias a canciones como &#8220;Silent Running&#8221; o &#8220;The Living Years&#8221;, \u00e9sta \u00faltima nominada a los premios Grammy.<\/div>\n<p>&nbsp;<\/p>\n<div dir=\"auto\"><\/div>\n<\/div>\n<div class=\"cxmmr5t8 oygrvhab hcukyx3x c1et5uql o9v6fnle ii04i59q\" style=\"text-align: justify;\">\n<div dir=\"auto\">En cualquier caso, Carrack en ning\u00fan momento abandon\u00f3 su trabajo como solista y public\u00f3 otros dos discos: &#8220;One Good Reason&#8221; y &#8220;Groove Approved&#8221; ,con los que tambi\u00e9n triunf\u00f3 en Estados Unidos. De esta manera, obtuvo un gran reconocimiento como m\u00fasico, cantante y compositor colaborando con artistas como The Smiths, The Pretenders, Roger Waters, Elvis Costello o Paul Young, entre otros; o cediendo sus letras a Diana Ross, Rod Stewart, Aswad, Michael Mc Donald o Tom Jones.<\/div>\n<p>&nbsp;<\/p>\n<div dir=\"auto\"><\/div>\n<\/div>\n<div class=\"cxmmr5t8 oygrvhab hcukyx3x c1et5uql o9v6fnle ii04i59q\" style=\"text-align: justify;\">\n<div dir=\"auto\">La consagraci\u00f3n definitiva como solista le lleg\u00f3 con el \u00e1lbum &#8220;Blue Views&#8221; grabado en enero de 1995 y con el que roz\u00f3 las 100.000 copias vendidas en Espa\u00f1a. Ese disco incluy\u00f3, entre otros, los singles &#8220;How Long&#8221; (una nueva adaptaci\u00f3n) y &#8220;Eyes of Blue&#8221; que form\u00f3 parte de la banda sonora de &#8220;When Saturday Comes&#8221;, una pel\u00edcula basada en el mundo del f\u00fatbol brit\u00e1nico y protagonizada por Sea Bean y Emily Lloyd. Tambi\u00e9n aparec\u00eda una adaptaci\u00f3n de un tema cl\u00e1sico de Eagles: &#8220;Love Will Keep Us Alive&#8221;, que Carrack escribi\u00f3 para los californianos. Tras el lanzamiento de ese \u00e1lbum, lleg\u00f3 un intenso a\u00f1o de promoci\u00f3n que comenz\u00f3 con un concierto celebrado en el famoso 100 Club de Londres, con una gran afluencia de p\u00fablico, y al que le siguieron varias actuaciones por Espa\u00f1a, Alemania y Holanda, todas ellas con un notable \u00e9xito.<\/div>\n<p>&nbsp;<\/p>\n<div dir=\"auto\"><\/div>\n<\/div>\n<div class=\"cxmmr5t8 oygrvhab hcukyx3x c1et5uql o9v6fnle ii04i59q\" style=\"text-align: justify;\">\n<div dir=\"auto\">Paul concluy\u00f3 el a\u00f1o con una gira por toda Inglaterra, incluyendo 6 conciertos en el Royal Albert Hall, como invitado especial de Sting (en la gira de \u00e9ste \u00faltimo por nuestro pa\u00eds, tambi\u00e9n actu\u00f3 de telonero en algunas fechas), con el que Paul interpret\u00f3 un d\u00fao en cada una de sus actuaciones.<\/div>\n<p>&nbsp;<\/p>\n<div dir=\"auto\"><\/div>\n<\/div>\n<div class=\"cxmmr5t8 oygrvhab hcukyx3x c1et5uql o9v6fnle ii04i59q\" style=\"text-align: justify;\">\n<div dir=\"auto\">Mientras tanto, a\u00fan encontr\u00f3 tiempo para su otra gran pasi\u00f3n: el f\u00fatbol. Le ofrecieron interpretar el himno nacional en Wembley en el partido de la Eurocopa de 1996 que enfrent\u00f3 a Inglaterra contra Escocia. Resultaron vencedores los ingleses, y convencidos de que el cantante les hab\u00eda tra\u00eddo buena suerte, le pidieron que volviese a cantar antes de cada partido de la selecci\u00f3n brit\u00e1nica pero Carrack ten\u00eda tantas actuaciones comprometidas que tuvo que rechazar esta oferta.<\/div>\n<p>&nbsp;<\/p>\n<div dir=\"auto\"><\/div>\n<\/div>\n<div class=\"cxmmr5t8 oygrvhab hcukyx3x c1et5uql o9v6fnle ii04i59q\" style=\"text-align: justify;\">\n<div dir=\"auto\">Al finalizar la gira estaba tan feliz con el resultado y tan orgulloso de su trabajo &#8220;Blue Views&#8221; que se meti\u00f3 de nuevo en el estudio con los productores Toby Chapman y Gary Wallis para gestar el \u00e1lbum &#8220;Beatiful World&#8221;. Una de las canciones de este trabajo, &#8220;The Way I&#8217;m Feeling Tonight&#8221; fue compuesta por \u00e9l mismo junto a Graham Gouldman de 10cc. Tras finalizar este \u00e1lbum colabor\u00f3 en los trabajos de otros artistas como Elton John, Van Morrison, Eric Clapton, Simply Red o BB King. En 2000, public\u00f3 &#8220;Satisfy My Soul&#8221;, un \u00e1lbum que volv\u00eda a las ra\u00edces de la m\u00fasica que m\u00e1s quiere: el soul.<\/div>\n<p>&nbsp;<\/p>\n<div dir=\"auto\"><\/div>\n<\/div>\n<div class=\"cxmmr5t8 oygrvhab hcukyx3x c1et5uql o9v6fnle ii04i59q\" style=\"text-align: justify;\">\n<div dir=\"auto\"><strong>Wikipedia in English<\/strong><\/div>\n<p>&nbsp;<\/p>\n<div dir=\"auto\"><\/div>\n<\/div>\n<div class=\"cxmmr5t8 oygrvhab hcukyx3x c1et5uql o9v6fnle ii04i59q\" style=\"text-align: justify;\">\n<div dir=\"auto\"><strong>Author born:<\/strong> April 22, 1951<\/div>\n<p>&nbsp;<\/p>\n<div dir=\"auto\"><\/div>\n<\/div>\n<div class=\"cxmmr5t8 oygrvhab hcukyx3x c1et5uql o9v6fnle ii04i59q\" style=\"text-align: justify;\">\n<div dir=\"auto\"><strong>Biography<\/strong><\/div>\n<p>&nbsp;<\/p>\n<div dir=\"auto\"><\/div>\n<div dir=\"auto\">Paul Carrack, is a British singer, musician and composer, born in Sheffield on April 22, 1951. As a child he discovered his great vocation: music; another of his passions is soccer. Today he remains a huge fan of Sheffield Wednesday. He began to play the drums in groups that were formed at school. When he was 16 he sold his drums and bought a Vox Continental organ. At 17, he set out to see the world and for a time he was traveling in Europe where to earn a living he played famous songs in places as exotic as the Reeperbahn in Hamburg. Upon returning from Europe, he collaborated in the creation of a group called Warm Dust that emerged with some musicians who later, in 1973, would be part of Ace.<\/div>\n<p>&nbsp;<\/p>\n<div dir=\"auto\"><\/div>\n<\/div>\n<div class=\"cxmmr5t8 oygrvhab hcukyx3x c1et5uql o9v6fnle ii04i59q\" style=\"text-align: justify;\">\n<div dir=\"auto\">With Ace, Carrack found his true place in the music world as he rose to prominence as a lead soloist and songwriter. Ace became a successful group with songs like &#8220;How Long&#8221; with which they managed to be number 1 in practically the whole world. After four years and three published albums the band disbanded.<\/div>\n<p>&nbsp;<\/p>\n<div dir=\"auto\"><\/div>\n<\/div>\n<div class=\"cxmmr5t8 oygrvhab hcukyx3x c1et5uql o9v6fnle ii04i59q\" style=\"text-align: justify;\">\n<div dir=\"auto\">From then on, Paul sought work as a session keyboardist. In this way he collaborated with artists such as Frankie Miller or Roxy Music, among others. During this stage, Paul recorded his first solo album, &#8220;Nightbird&#8221;.<\/div>\n<p>&nbsp;<\/p>\n<div dir=\"auto\"><\/div>\n<\/div>\n<div class=\"cxmmr5t8 oygrvhab hcukyx3x c1et5uql o9v6fnle ii04i59q\" style=\"text-align: justify;\">\n<div dir=\"auto\">In 1980, he was offered to replace Jools Holland as keyboardist for the group Squeeze. When Carrack arrived at the studio, they had just recorded a version of &#8220;Tempted&#8221; performed by Glenn Tillbrook, but following a suggestion from producer Elvis Costello, the group recorded it again, this time with Paul Carrack as lead vocals and as keyboard player on his organ. Hammond. Thus was born one of the classic Squeeze songs that years later, in 1994, was included in the soundtrack of the movie &#8220;Reality Bites&#8221;.<\/div>\n<p>&nbsp;<\/p>\n<div dir=\"auto\"><\/div>\n<\/div>\n<div class=\"cxmmr5t8 oygrvhab hcukyx3x c1et5uql o9v6fnle ii04i59q\" style=\"text-align: justify;\">\n<div dir=\"auto\">A year later, Paul left the band to publish his second solo album, &#8220;Suburban Voodo&#8221;, produced by his great friend Nick Lowe. That work included the song &#8220;I Need You&#8221; which became a huge hit in the United States and was later covered by Aaron Neville and Linda Ronstadt.<\/div>\n<p>&nbsp;<\/p>\n<div dir=\"auto\"><\/div>\n<\/div>\n<div class=\"cxmmr5t8 oygrvhab hcukyx3x c1et5uql o9v6fnle ii04i59q\" style=\"text-align: justify;\">\n<div dir=\"auto\">In 1985, Paul received an offer to join Mike Rutherford&#8217;s (Genesis) new group, Mike &amp; The Mechanics as keyboardist and lead vocalist, and also featured singer Paul Young (Sad Caf\u00e9). In this way, a new stage in Paul Carrack&#8217;s musical career began, as with this band he achieved great success throughout the world thanks to songs like &#8220;Silent Running&#8221; or &#8220;The Living Years&#8221;, the latter nominated for the Grammy Awards.<\/div>\n<p>&nbsp;<\/p>\n<div dir=\"auto\"><\/div>\n<\/div>\n<div class=\"cxmmr5t8 oygrvhab hcukyx3x c1et5uql o9v6fnle ii04i59q\" style=\"text-align: justify;\">\n<div dir=\"auto\">In any case, Carrack never gave up his solo work and released two other albums: &#8220;One Good Reason&#8221; and &#8220;Groove Approved&#8221;, with which he also triumphed in the United States. In this way, he obtained great recognition as a musician, singer and composer collaborating with artists such as The Smiths, The Pretenders, Roger Waters, Elvis Costello or Paul Young, among others; or by giving his lyrics to Diana Ross, Rod Stewart, Aswad, Michael Mc Donald or Tom Jones.<\/div>\n<p>&nbsp;<\/p>\n<div dir=\"auto\"><\/div>\n<\/div>\n<div class=\"cxmmr5t8 oygrvhab hcukyx3x c1et5uql o9v6fnle ii04i59q\" style=\"text-align: justify;\">\n<div dir=\"auto\">The definitive consecration as a soloist came to him with the album &#8220;Blue Views&#8221; recorded in January 1995 and with which he touched 100,000 copies sold in Spain. That disc included, among others, the singles &#8220;How Long&#8221; (a new adaptation) and &#8220;Eyes of Blue&#8221; that was part of the soundtrack of &#8220;When Saturday Comes&#8221;, a film based on the world of British football and starring Sea Bean and Emily Lloyd. Also featured was an adaptation of a classic Eagles song, &#8220;Love Will Keep Us Alive,&#8221; which Carrack wrote for Californians. After the release of that album, an intense year of promotion came that began with a concert held at the famous 100 Club in London, with a large influx of public, and which was followed by several performances in Spain, Germany and the Netherlands, all of them with remarkable success.<\/div>\n<p>&nbsp;<\/p>\n<div dir=\"auto\"><\/div>\n<\/div>\n<div class=\"cxmmr5t8 oygrvhab hcukyx3x c1et5uql o9v6fnle ii04i59q\" style=\"text-align: justify;\">\n<div dir=\"auto\">Paul concluded the year with a tour throughout England, including 6 concerts at the Royal Albert Hall, as a special guest of Sting (on the latter&#8217;s tour of our country, he also acted as the opening act on some dates), with which Paul performed a duo in each of their performances.<\/div>\n<p>&nbsp;<\/p>\n<div dir=\"auto\"><\/div>\n<\/div>\n<div class=\"cxmmr5t8 oygrvhab hcukyx3x c1et5uql o9v6fnle ii04i59q\" style=\"text-align: justify;\">\n<div dir=\"auto\">Meanwhile, he still found time for his other great passion: soccer. He was offered to perform the national anthem at Wembley in the 1996 European Championship match between England and Scotland. The English were victorious, and convinced that the singer had brought them good luck, they asked him to sing again before each match of the British team but Carrack had so many compromised performances that he had to reject this offer.<\/div>\n<p>&nbsp;<\/p>\n<\/div>\n<div class=\"cxmmr5t8 oygrvhab hcukyx3x c1et5uql o9v6fnle ii04i59q\" style=\"text-align: justify;\">\n<div dir=\"auto\">At the end of the tour he was so happy with the result and so proud of his work &#8220;Blue Views&#8221; that he went back into the studio with producers Toby Chapman and Gary Wallis to create the album &#8220;Beatiful World&#8221;. One of the songs on this album, &#8220;The Way I&#8217;m Feeling Tonight&#8221; was composed by himself with 10cc&#8217;s Graham Gouldman. After finishing this album he collaborated in the works of other artists such as Elton John, Van Morrison, Eric Clapton, Simply Red or BB King. In 2000, he released &#8220;Satisfy My Soul&#8221;, an album that went back to the roots of the music he loves most: soul.<\/div>\n<p>&nbsp;<\/p>\n<div dir=\"auto\">\n<p><strong>Discografia<\/strong><\/p>\n<table style=\"height: 852px;\" width=\"450\">\n<tbody>\n<tr>\n<td width=\"31\"><strong>\u00a0<\/strong><\/td>\n<td width=\"309\"><strong>Genero Rock, Pop<\/strong><\/td>\n<\/tr>\n<tr>\n<td width=\"31\"><strong>N\u00b0<\/strong><\/td>\n<td width=\"309\"><strong>Escuchar Tema<\/strong><\/td>\n<\/tr>\n<tr>\n<td width=\"31\">1<\/td>\n<td width=\"309\">Beauty&#8217;s Only Skin Deep<\/td>\n<\/tr>\n<tr>\n<td width=\"31\">2<\/td>\n<td width=\"309\">There&#8217;s A Good Chance<\/td>\n<\/tr>\n<tr>\n<td width=\"31\">3<\/td>\n<td width=\"309\">In Love With Me<\/td>\n<\/tr>\n<tr>\n<td width=\"31\">4<\/td>\n<td width=\"309\">Foregone Conclusion<\/td>\n<\/tr>\n<tr>\n<td width=\"31\">5<\/td>\n<td width=\"309\">Love Is All It Takes<\/td>\n<\/tr>\n<tr>\n<td width=\"31\">6<\/td>\n<td width=\"309\">Bet You Never Been In Love<\/td>\n<\/tr>\n<tr>\n<td width=\"31\">7<\/td>\n<td width=\"309\">Where You Going Babe<\/td>\n<\/tr>\n<tr>\n<td width=\"31\">8<\/td>\n<td width=\"309\">You Belong With Me<\/td>\n<\/tr>\n<tr>\n<td width=\"31\">9<\/td>\n<td width=\"309\">The Rumour<\/td>\n<\/tr>\n<tr>\n<td width=\"31\">10<\/td>\n<td width=\"309\">Nightbird<\/td>\n<\/tr>\n<tr>\n<td width=\"31\">11<\/td>\n<td width=\"309\">Lesson In Love<\/td>\n<\/tr>\n<tr>\n<td width=\"31\">12<\/td>\n<td width=\"309\">Always Better With You<\/td>\n<\/tr>\n<\/tbody>\n<\/table>\n<p>&nbsp;<\/p>\n<\/div>\n<\/div>\n<div class=\"epyt-video-wrapper\"><iframe loading=\"lazy\"  id=\"_ytid_38714\"  width=\"618\" height=\"347\"  data-origwidth=\"618\" data-origheight=\"347\" src=\"https:\/\/www.youtube.com\/embed\/ZvmyfAzVQ54?enablejsapi=1&#038;autoplay=0&#038;cc_load_policy=0&#038;cc_lang_pref=&#038;iv_load_policy=1&#038;loop=0&#038;modestbranding=0&#038;rel=1&#038;fs=1&#038;playsinline=0&#038;autohide=2&#038;theme=dark&#038;color=red&#038;controls=1&#038;\" class=\"__youtube_prefs__  epyt-is-override  no-lazyload\" title=\"YouTube player\"  allow=\"fullscreen; accelerometer; autoplay; clipboard-write; encrypted-media; gyroscope; picture-in-picture\" allowfullscreen data-no-lazy=\"1\" data-skipgform_ajax_framebjll=\"\"><\/iframe><\/div>\n","protected":false},"excerpt":{"rendered":"<p>Fecha de Nacimiento:\u00a022 de abril 1951 Biograf\u00eda &nbsp; Paul Carrack, es un cantante, m\u00fasico y compositor brit\u00e1nico, naci\u00f3 en Sheffield un 22 de abril de 1951. Siendo ni\u00f1o descubri\u00f3 su gran vocaci\u00f3n: la m\u00fasica; otra de sus pasiones es el f\u00fatbol. Hoy en d\u00eda sigue siendo un gran admirador del Sheffield Wednesday. Empez\u00f3 a tocar &hellip;<\/p>\n","protected":false},"author":1,"featured_media":0,"parent":0,"menu_order":0,"comment_status":"closed","ping_status":"closed","template":"","meta":{"footnotes":""},"class_list":["post-28365","page","type-page","status-publish",""],"jetpack_sharing_enabled":true,"_links":{"self":[{"href":"http:\/\/mickyandoniehn.com\/radio\/wp-json\/wp\/v2\/pages\/28365","targetHints":{"allow":["GET"]}}],"collection":[{"href":"http:\/\/mickyandoniehn.com\/radio\/wp-json\/wp\/v2\/pages"}],"about":[{"href":"http:\/\/mickyandoniehn.com\/radio\/wp-json\/wp\/v2\/types\/page"}],"author":[{"embeddable":true,"href":"http:\/\/mickyandoniehn.com\/radio\/wp-json\/wp\/v2\/users\/1"}],"replies":[{"embeddable":true,"href":"http:\/\/mickyandoniehn.com\/radio\/wp-json\/wp\/v2\/comments?post=28365"}],"version-history":[{"count":3,"href":"http:\/\/mickyandoniehn.com\/radio\/wp-json\/wp\/v2\/pages\/28365\/revisions"}],"predecessor-version":[{"id":30462,"href":"http:\/\/mickyandoniehn.com\/radio\/wp-json\/wp\/v2\/pages\/28365\/revisions\/30462"}],"wp:attachment":[{"href":"http:\/\/mickyandoniehn.com\/radio\/wp-json\/wp\/v2\/media?parent=28365"}],"curies":[{"name":"wp","href":"https:\/\/api.w.org\/{rel}","templated":true}]}}