{"id":28332,"date":"2022-08-26T09:08:53","date_gmt":"2022-08-26T15:08:53","guid":{"rendered":"https:\/\/mickyandoniehn.com\/radio\/?page_id=28332"},"modified":"2024-04-01T17:44:59","modified_gmt":"2024-04-01T23:44:59","slug":"olga-tanon","status":"publish","type":"page","link":"http:\/\/mickyandoniehn.com\/radio\/olga-tanon\/","title":{"rendered":"Olga Ta\u00f1\u00f3n"},"content":{"rendered":"<p style=\"text-align: justify;\"><img loading=\"lazy\" decoding=\"async\" class=\" wp-image-69987 aligncenter\" src=\"http:\/\/mickyandoniehn.com\/radio\/wp-content\/uploads\/2023\/04\/Olga-Tanon-300x225.webp\" alt=\"\" width=\"539\" height=\"404\" srcset=\"http:\/\/mickyandoniehn.com\/radio\/wp-content\/uploads\/2023\/04\/Olga-Tanon-300x225.webp 300w, http:\/\/mickyandoniehn.com\/radio\/wp-content\/uploads\/2023\/04\/Olga-Tanon-1024x768.webp 1024w, http:\/\/mickyandoniehn.com\/radio\/wp-content\/uploads\/2023\/04\/Olga-Tanon-768x576.webp 768w, http:\/\/mickyandoniehn.com\/radio\/wp-content\/uploads\/2023\/04\/Olga-Tanon-1536x1152.webp 1536w, http:\/\/mickyandoniehn.com\/radio\/wp-content\/uploads\/2023\/04\/Olga-Tanon-2048x1536.webp 2048w\" sizes=\"auto, (max-width: 539px) 100vw, 539px\" \/><\/p>\n<p>&nbsp;<\/p>\n<p>&nbsp;<\/p>\n<div class=\"cxmmr5t8 oygrvhab hcukyx3x c1et5uql o9v6fnle ii04i59q\" style=\"text-align: justify;\">\n<div dir=\"auto\"><strong>Fecha de Nacimiento<\/strong> 13 de abril de 1967<\/div>\n<p>&nbsp;<\/p>\n<div dir=\"auto\"><\/div>\n<\/div>\n<div class=\"cxmmr5t8 oygrvhab hcukyx3x c1et5uql o9v6fnle ii04i59q\" style=\"text-align: justify;\">\n<div dir=\"auto\"><strong>Biograf\u00eda<\/strong><\/div>\n<p>&nbsp;<\/p>\n<div dir=\"auto\"><\/div>\n<div dir=\"auto\">Es una cantante puertorrique\u00f1a de merengue y pop latino conocida art\u00edsticamente como Olga Ta\u00f1\u00f3n. Ha sido ganadora del Premio Grammy en dos ocasiones y cuatro veces ganadora del Grammy Latino, tambi\u00e9n 31 veces ganadora de Premios Lo Nuestro. En 2014 form\u00f3 parte de los jueces del programa Yo soy el artista de Telemundo en Estados Unidos. Durante su carrera, ha vendido m\u00e1s de 5 millones de copias en el mundo.<\/div>\n<p>&nbsp;<\/p>\n<div dir=\"auto\"><\/div>\n<\/div>\n<div class=\"cxmmr5t8 oygrvhab hcukyx3x c1et5uql o9v6fnle ii04i59q\" style=\"text-align: justify;\">\n<div dir=\"auto\">A temprana edad mostr\u00f3 su vocaci\u00f3n e inclinaci\u00f3n por el canto, as\u00ed como su habilidad innata para la representaci\u00f3n esc\u00e9nica, no solo de la m\u00fasica de su tierra, sino tambi\u00e9n de otras latitudes como la m\u00fasica dominicana, al punto de ser considerada una de las m\u00e1s genuinas int\u00e9rpretes del merengue dominicano.<\/div>\n<p>&nbsp;<\/p>\n<div dir=\"auto\"><\/div>\n<\/div>\n<div class=\"cxmmr5t8 oygrvhab hcukyx3x c1et5uql o9v6fnle ii04i59q\" style=\"text-align: justify;\">\n<div dir=\"auto\">Olga Ta\u00f1\u00f3n es la menor de cuatro hermanos, nacida del v\u00ednculo entre Jos\u00e9 Ta\u00f1\u00f3n y Carmen Gloria Ortiz, sus padres, y sus hermanos Glori, Junior y Marie, familia de modestos recursos financieros, de la localidad de Levittown, Municipio Toa Baja, San Juan, Puerto Rico.<\/div>\n<p>&nbsp;<\/p>\n<div dir=\"auto\"><\/div>\n<div dir=\"auto\">Con una t\u00edpica voz de mezzosoprano, cuya tesitura est\u00e1 comprendida entre soprano, la voz aguda de mujer, y la de contralto, o voz grave de mujer, luego de tomar clases de baile con Yonito Betancourt, luego de la muerte de este y gracias a sus recomendaciones pronto tuvo la oportunidad de incursionar con grupos de j\u00f3venes artistas y as\u00ed lleg\u00f3 a formar parte de la agrupaci\u00f3n Las nenas de Ringo y Jossie, cosechando unos primeros \u00e9xitos. M\u00e1s adelante llegar\u00eda a formar parte del grupo de Chantelle (junto con Sandra Torres y Daly Font\u00e1nez) constituido por integrantes de sexo femenino exclusivamente.<\/div>\n<p>&nbsp;<\/p>\n<div dir=\"auto\"><\/div>\n<\/div>\n<div class=\"cxmmr5t8 oygrvhab hcukyx3x c1et5uql o9v6fnle ii04i59q\" style=\"text-align: justify;\">\n<div dir=\"auto\"><strong>Wikipedia in English<\/strong><\/div>\n<p>&nbsp;<\/p>\n<div dir=\"auto\"><\/div>\n<\/div>\n<div class=\"cxmmr5t8 oygrvhab hcukyx3x c1et5uql o9v6fnle ii04i59q\" style=\"text-align: justify;\">\n<div dir=\"auto\"><strong>Biography<\/strong><\/div>\n<p>&nbsp;<\/p>\n<div dir=\"auto\"><\/div>\n<div dir=\"auto\"><strong>Date of Birth<\/strong> April 13, 1967<\/div>\n<p>&nbsp;<\/p>\n<div dir=\"auto\"><\/div>\n<\/div>\n<div class=\"cxmmr5t8 oygrvhab hcukyx3x c1et5uql o9v6fnle ii04i59q\" style=\"text-align: justify;\">\n<div dir=\"auto\">Is a Puerto Rican merengue and Latin pop singer known artistically as Olga Ta\u00f1\u00f3n. She has been a two-time Grammy Award winner and a four-time Latin Grammy winner, also a 31-time Premio Lo Nuestro winner. In 2014 he was part of the judges of the program I am the artist of Telemundo in the United States. During his career, he has sold more than 5 million copies in the world.<\/div>\n<p>&nbsp;<\/p>\n<div dir=\"auto\"><\/div>\n<\/div>\n<div class=\"cxmmr5t8 oygrvhab hcukyx3x c1et5uql o9v6fnle ii04i59q\" style=\"text-align: justify;\">\n<div dir=\"auto\">At an early age, he showed his vocation and inclination for singing, as well as his innate ability for scenic representation, not only of the music of his land, but also of other latitudes such as Dominican music, to the point of being considered one of the most genuine interpreters of the Dominican merengue.<\/div>\n<p>&nbsp;<\/p>\n<div dir=\"auto\"><\/div>\n<\/div>\n<div class=\"cxmmr5t8 oygrvhab hcukyx3x c1et5uql o9v6fnle ii04i59q\" style=\"text-align: justify;\">\n<div dir=\"auto\">Olga Ta\u00f1\u00f3n is the youngest of four siblings, born from the bond between Jos\u00e9 Ta\u00f1\u00f3n and Carmen Gloria Ortiz, her parents, and her brothers Glori, Junior and Marie, a family with modest financial resources, from the town of Levittown, Toa Baja Municipality, San Juan , Puerto Rico.<\/div>\n<p>&nbsp;<\/p>\n<div dir=\"auto\"><\/div>\n<\/div>\n<div class=\"cxmmr5t8 oygrvhab hcukyx3x c1et5uql o9v6fnle ii04i59q\" style=\"text-align: justify;\">\n<div dir=\"auto\">With a typical mezzo-soprano voice, whose tessitura is comprised between soprano, the high-pitched voice of a woman, and that of contralto, or a woman&#8217;s deep voice, after taking dance classes with Yonito Betancourt, after his death and thanks to His recommendations soon had the opportunity to enter groups of young artists and thus he became part of the group Las nenas de Ringo y Jossie, reaping some first successes. Later she would become part of Chantelle&#8217;s group (along with Sandra Torres and Daly Font\u00e1nez) made up of exclusively female members.<\/div>\n<p>&nbsp;<\/p>\n<\/div>\n<div class=\"cxmmr5t8 oygrvhab hcukyx3x c1et5uql o9v6fnle ii04i59q\" style=\"text-align: justify;\">\n<div dir=\"auto\">\n<p><strong>Discography<\/strong><\/p>\n<\/div>\n<\/div>\n<table width=\"537\">\n<tbody>\n<tr>\n<td style=\"text-align: center;\" width=\"110\"><strong>Genero Merengue, pop latino, balada rom\u00e1ntica<\/strong><\/td>\n<td style=\"text-align: center;\" width=\"299\"><strong>Escuchar Musica\u00a0<\/strong><\/td>\n<td style=\"text-align: center;\" width=\"128\"><strong>A\u00f1o de Publicaci\u00f3n<\/strong><\/td>\n<\/tr>\n<tr>\n<td>1<\/td>\n<td>Alone<\/td>\n<td>1992<\/td>\n<\/tr>\n<tr>\n<td>2<\/td>\n<td>Woman Of Fire<\/td>\n<td>1993<\/td>\n<\/tr>\n<tr>\n<td>3<\/td>\n<td>Feel The Love &#8230;<\/td>\n<td>1994<\/td>\n<\/tr>\n<tr>\n<td>4<\/td>\n<td>Hits and More<\/td>\n<td>1995<\/td>\n<\/tr>\n<tr>\n<td>5<\/td>\n<td>New trails<\/td>\n<td>1996<\/td>\n<\/tr>\n<tr>\n<td>6<\/td>\n<td>Take me with you<\/td>\n<td>1997<\/td>\n<\/tr>\n<tr>\n<td>7<\/td>\n<td>Will you remember me<\/td>\n<td>1998<\/td>\n<\/tr>\n<tr>\n<td>8<\/td>\n<td>Long Live Olga, Long Live Olga<\/td>\n<td>1999<\/td>\n<\/tr>\n<tr>\n<td>9<\/td>\n<td>me for you<\/td>\n<td>2001<\/td>\n<\/tr>\n<tr>\n<td>10<\/td>\n<td>Survive<\/td>\n<td>2002<\/td>\n<\/tr>\n<tr>\n<td>11<\/td>\n<td>To Pure Fire<\/td>\n<td>2003<\/td>\n<\/tr>\n<tr>\n<td>12<\/td>\n<td>How To Forget &#8230; The Best Of Olga Ta\u00f1\u00f3n<\/td>\n<td>2005<\/td>\n<\/tr>\n<tr>\n<td>13<\/td>\n<td>A New Woman<\/td>\n<td>2005<\/td>\n<\/tr>\n<tr>\n<td>14<\/td>\n<td>\u00a0A New Woman Special Edition CD \/ DVD<\/td>\n<td>2006<\/td>\n<\/tr>\n<tr>\n<td>15<\/td>\n<td>100% Meringue<\/td>\n<td>2006<\/td>\n<\/tr>\n<tr>\n<td>16<\/td>\n<td>i&#8217;m just like you<\/td>\n<td>2006<\/td>\n<\/tr>\n<tr>\n<td>17<\/td>\n<td>Successes in 2 Strokes<\/td>\n<td>2007<\/td>\n<\/tr>\n<tr>\n<td>18<\/td>\n<td>Fire Live Vol. 1 Only Hits<\/td>\n<td>2008<\/td>\n<\/tr>\n<tr>\n<td>19<\/td>\n<td>Fire Live Vol. 2 Only Hits<\/td>\n<td>2008<\/td>\n<\/tr>\n<tr>\n<td>20<\/td>\n<td>\u00a0 4\/13<\/td>\n<td>2009<\/td>\n<\/tr>\n<tr>\n<td>21<\/td>\n<td>Not One More Tear<\/td>\n<td>2010<\/td>\n<\/tr>\n<tr>\n<td>22<\/td>\n<td>A Woman<\/td>\n<td>2013<\/td>\n<\/tr>\n<tr>\n<td>23<\/td>\n<td>Olga Ta\u00f1on and Punto<\/td>\n<td>2017<\/td>\n<\/tr>\n<tr>\n<td><\/td>\n<td><\/td>\n<td><\/td>\n<\/tr>\n<\/tbody>\n<\/table>\n<p>&nbsp;<\/p>\n<div class=\"epyt-video-wrapper\"><iframe loading=\"lazy\"  id=\"_ytid_10710\"  width=\"618\" height=\"347\"  data-origwidth=\"618\" data-origheight=\"347\" src=\"https:\/\/www.youtube.com\/embed\/nexMNTCb5qA?enablejsapi=1&#038;autoplay=0&#038;cc_load_policy=0&#038;cc_lang_pref=&#038;iv_load_policy=1&#038;loop=0&#038;modestbranding=0&#038;rel=1&#038;fs=1&#038;playsinline=0&#038;autohide=2&#038;theme=dark&#038;color=red&#038;controls=1&#038;\" class=\"__youtube_prefs__  epyt-is-override  no-lazyload\" title=\"YouTube player\"  allow=\"fullscreen; accelerometer; autoplay; clipboard-write; encrypted-media; gyroscope; picture-in-picture\" allowfullscreen data-no-lazy=\"1\" data-skipgform_ajax_framebjll=\"\"><\/iframe><\/div>\n","protected":false},"excerpt":{"rendered":"<p>&nbsp; &nbsp; Fecha de Nacimiento 13 de abril de 1967 &nbsp; Biograf\u00eda &nbsp; Es una cantante puertorrique\u00f1a de merengue y pop latino conocida art\u00edsticamente como Olga Ta\u00f1\u00f3n. Ha sido ganadora del Premio Grammy en dos ocasiones y cuatro veces ganadora del Grammy Latino, tambi\u00e9n 31 veces ganadora de Premios Lo Nuestro. En 2014 form\u00f3 parte &hellip;<\/p>\n","protected":false},"author":1,"featured_media":0,"parent":0,"menu_order":0,"comment_status":"closed","ping_status":"closed","template":"","meta":{"footnotes":""},"class_list":["post-28332","page","type-page","status-publish",""],"jetpack_sharing_enabled":true,"_links":{"self":[{"href":"http:\/\/mickyandoniehn.com\/radio\/wp-json\/wp\/v2\/pages\/28332","targetHints":{"allow":["GET"]}}],"collection":[{"href":"http:\/\/mickyandoniehn.com\/radio\/wp-json\/wp\/v2\/pages"}],"about":[{"href":"http:\/\/mickyandoniehn.com\/radio\/wp-json\/wp\/v2\/types\/page"}],"author":[{"embeddable":true,"href":"http:\/\/mickyandoniehn.com\/radio\/wp-json\/wp\/v2\/users\/1"}],"replies":[{"embeddable":true,"href":"http:\/\/mickyandoniehn.com\/radio\/wp-json\/wp\/v2\/comments?post=28332"}],"version-history":[{"count":4,"href":"http:\/\/mickyandoniehn.com\/radio\/wp-json\/wp\/v2\/pages\/28332\/revisions"}],"predecessor-version":[{"id":70039,"href":"http:\/\/mickyandoniehn.com\/radio\/wp-json\/wp\/v2\/pages\/28332\/revisions\/70039"}],"wp:attachment":[{"href":"http:\/\/mickyandoniehn.com\/radio\/wp-json\/wp\/v2\/media?parent=28332"}],"curies":[{"name":"wp","href":"https:\/\/api.w.org\/{rel}","templated":true}]}}