{"id":28266,"date":"2022-08-26T08:49:42","date_gmt":"2022-08-26T14:49:42","guid":{"rendered":"https:\/\/mickyandoniehn.com\/radio\/?page_id=28266"},"modified":"2022-09-01T11:31:39","modified_gmt":"2022-09-01T17:31:39","slug":"maria-lucia-sanchez-benitez","status":"publish","type":"page","link":"http:\/\/mickyandoniehn.com\/radio\/maria-lucia-sanchez-benitez\/","title":{"rendered":"Mar\u00eda Luc\u00eda S\u00e1nchez Ben\u00edtez"},"content":{"rendered":"<p style=\"text-align: justify;\"><img loading=\"lazy\" decoding=\"async\" class=\" wp-image-25182 aligncenter\" src=\"http:\/\/mickyandoniehn.com\/radio\/wp-content\/uploads\/2022\/08\/Maria-Lucia-Sanchez-Benitez-201x300.png\" alt=\"\" width=\"472\" height=\"704\" srcset=\"http:\/\/mickyandoniehn.com\/radio\/wp-content\/uploads\/2022\/08\/Maria-Lucia-Sanchez-Benitez-201x300.png 201w, http:\/\/mickyandoniehn.com\/radio\/wp-content\/uploads\/2022\/08\/Maria-Lucia-Sanchez-Benitez.png 260w\" sizes=\"auto, (max-width: 472px) 100vw, 472px\" \/><\/p>\n<p>&nbsp;<\/p>\n<div class=\"cxmmr5t8 oygrvhab hcukyx3x c1et5uql o9v6fnle\" style=\"text-align: justify;\">\n<div dir=\"auto\"><strong>Fecha de Nacimiento:<\/strong> 15 de marzo de 1982<\/div>\n<p>&nbsp;<\/p>\n<div dir=\"auto\"><\/div>\n<\/div>\n<div class=\"cxmmr5t8 oygrvhab hcukyx3x c1et5uql o9v6fnle\" style=\"text-align: justify;\">\n<div dir=\"auto\"><strong>Biograf\u00eda:<\/strong><\/div>\n<p>&nbsp;<\/p>\n<div dir=\"auto\"><\/div>\n<div dir=\"auto\">Naci\u00f3 en Madrid, aunque sus primeros a\u00f1os de vida los pas\u00f3 entre Sevilla y Algeciras. Desde peque\u00f1a estuvo rodeada de m\u00fasica en su seno familiar. Es hija del cantante Pepe de Luc\u00eda y sobrina del guitarrista Paco de Luc\u00eda. Su madre, Pepi Ben\u00edtez, lleg\u00f3 a ser n\u00famero uno en los 40 Principales con el grupo Arena Caliente en 1972. Alejandro Sanz, amigo \u00edntimo de la familia, compuso para su primer \u00e1lbum la canci\u00f3n que da nombre al disco, Aprendiz. El apodo de Mal\u00fa se lo puso su t\u00eda cuando ten\u00eda solo dos d\u00edas de vida, porque dijo que el nombre Mar\u00eda Luc\u00eda era muy largo.<\/div>\n<p>&nbsp;<\/p>\n<div dir=\"auto\"><\/div>\n<\/div>\n<div class=\"cxmmr5t8 oygrvhab hcukyx3x c1et5uql o9v6fnle\" style=\"text-align: justify;\">\n<div dir=\"auto\">De peque\u00f1a, Mal\u00fa escuchaba a grandes divas de la m\u00fasica como Celine Dion, Mariah Carey y Whitney Houston, pero tambi\u00e9n disfrutaba con los discos de rock de los 80 de su hermano, como AC\/CD o Metallica.<\/div>\n<p>&nbsp;<\/p>\n<div dir=\"auto\"><\/div>\n<div dir=\"auto\">Referencias que en un futuro tendr\u00e1n reflejo en su m\u00fasica, enmarcada dentro del pop, con grandes baladas, que bebe de las ra\u00edces flamencas de su familia y de esa influencia del rock que se percibe en el directo de sus conciertos. Su primera intervenci\u00f3n en televisi\u00f3n, con tan solo 10 a\u00f1os de edad, ocurri\u00f3 el 30 de julio de 1992, cuando apareci\u00f3 junto a su padre Pepe de Luc\u00eda en el programa Jacaranda de Canal Sur.<\/div>\n<p>&nbsp;<\/p>\n<div dir=\"auto\"><\/div>\n<\/div>\n<div class=\"cxmmr5t8 oygrvhab hcukyx3x c1et5uql o9v6fnle\" style=\"text-align: justify;\">\n<div dir=\"auto\">Amante de los animales, otra de sus pasiones era la h\u00edpica. Se apunt\u00f3 a concursos nacionales y lleg\u00f3 a participar en el Pr\u00edncipe de Asturias. Su caballo, Fungor Star, finalmente se tuvo que vender.<\/div>\n<p>&nbsp;<\/p>\n<div dir=\"auto\"><\/div>\n<\/div>\n<div class=\"cxmmr5t8 oygrvhab hcukyx3x c1et5uql o9v6fnle\" style=\"text-align: justify;\">\n<div dir=\"auto\"><strong>Wikipedia in English<\/strong><\/div>\n<p>&nbsp;<\/p>\n<div dir=\"auto\"><\/div>\n<\/div>\n<div class=\"cxmmr5t8 oygrvhab hcukyx3x c1et5uql o9v6fnle\" style=\"text-align: justify;\">\n<div dir=\"auto\"><strong>Date of Birth:<\/strong> March 15, 1982<\/div>\n<p>&nbsp;<\/p>\n<div dir=\"auto\"><\/div>\n<\/div>\n<div class=\"cxmmr5t8 oygrvhab hcukyx3x c1et5uql o9v6fnle\" style=\"text-align: justify;\">\n<div dir=\"auto\"><strong>Biography:<\/strong><\/div>\n<p>&nbsp;<\/p>\n<div dir=\"auto\"><\/div>\n<div dir=\"auto\">He was born in Madrid, although the first years of his life were spent between Seville and Algeciras. Since she was little she was surrounded by music in her family. She is the daughter of singer Pepe de Luc\u00eda and the niece of guitarist Paco de Luc\u00eda. Her mother, Pepi Ben\u00edtez, became number one in the Top 40 with the group Arena Caliente in 1972. Alejandro Sanz, a close friend of the family, composed the song that gives the album its name, Aprendiz, for her first album. . The nickname of Mal\u00fa was given to her by her aunt when she was only two days old, because she said that the name Mar\u00eda Luc\u00eda was very long.<\/div>\n<p>&nbsp;<\/p>\n<div dir=\"auto\"><\/div>\n<\/div>\n<div class=\"cxmmr5t8 oygrvhab hcukyx3x c1et5uql o9v6fnle\" style=\"text-align: justify;\">\n<div dir=\"auto\">As a child, Mal\u00fa listened to great music divas such as Celine Dion, Mariah Carey and Whitney Houston, but she also enjoyed her brother&#8217;s 80s rock records, such as AC \/ CD or Metallica.<\/div>\n<p>&nbsp;<\/p>\n<div dir=\"auto\"><\/div>\n<div dir=\"auto\">References that in the future will be reflected in her music, framed within pop, with great ballads, that she drinks from the flamenco roots of her family and from that influence of rock that she perceives in live concerts. her. Her first appearance on television, when she was only 10 years old, occurred on July 30, 1992, when she appeared with her father Pepe de Luc\u00eda on the Jacaranda program on Canal Sur.<\/div>\n<p>&nbsp;<\/p>\n<div dir=\"auto\"><\/div>\n<\/div>\n<div class=\"cxmmr5t8 oygrvhab hcukyx3x c1et5uql o9v6fnle\" style=\"text-align: justify;\">\n<div dir=\"auto\">An animal lover, another of her passions was horse riding. She signed up for national competitions and came to participate in the Prince of Asturias. Her horse, Fungor Star, eventually had to be sold.<\/div>\n<p>&nbsp;<\/p>\n<div dir=\"auto\"><\/div>\n<\/div>\n<div class=\"cxmmr5t8 oygrvhab hcukyx3x c1et5uql o9v6fnle\" style=\"text-align: justify;\">\n<div dir=\"auto\"><strong>Discography<\/strong><\/div>\n<p>&nbsp;<\/p>\n<div dir=\"auto\"><\/div>\n<div dir=\"auto\">\n<table width=\"671\">\n<tbody>\n<tr>\n<td style=\"text-align: center;\" width=\"248\"><strong>G\u00e9nero Pop, pop rock, pop latino balada, flamenco.<\/strong><\/td>\n<td style=\"text-align: center;\" width=\"423\"><strong>Escuchar Tema<\/strong><\/td>\n<\/tr>\n<tr>\n<td>1<\/td>\n<td>Aprendiz<\/td>\n<\/tr>\n<tr>\n<td>2<\/td>\n<td>Luchare<\/td>\n<\/tr>\n<tr>\n<td>3<\/td>\n<td>Si T\u00fa Me Dejas&#8230;<\/td>\n<\/tr>\n<tr>\n<td>4<\/td>\n<td>Donde Quiera Que Est\u00e9s<\/td>\n<\/tr>\n<tr>\n<td>5<\/td>\n<td>Antes Que Amantes Amigos<\/td>\n<\/tr>\n<tr>\n<td>6<\/td>\n<td>Hoy Despert\u00e9<\/td>\n<\/tr>\n<tr>\n<td>7<\/td>\n<td>D\u00edas Que Fueron<\/td>\n<\/tr>\n<tr>\n<td>8<\/td>\n<td>Como Una Flor<\/td>\n<\/tr>\n<tr>\n<td>9<\/td>\n<td>Si T\u00fa Me Dejas&#8230; (Free Versi\u00f3n)<\/td>\n<\/tr>\n<tr>\n<td>10<\/td>\n<td>Cambiar\u00e1s<\/td>\n<\/tr>\n<tr>\n<td>11<\/td>\n<td>Duele<\/td>\n<\/tr>\n<tr>\n<td>12<\/td>\n<td>Poema De Mi Coraz\u00f3n<\/td>\n<\/tr>\n<tr>\n<td>13<\/td>\n<td>Vestir Un Color<\/td>\n<\/tr>\n<tr>\n<td>14<\/td>\n<td>Y Si Fuera Ella<\/td>\n<\/tr>\n<tr>\n<td>15<\/td>\n<td>Y Si No Das M\u00e1s<\/td>\n<\/tr>\n<tr>\n<td>16<\/td>\n<td>Sin Poderte Despedir<\/td>\n<\/tr>\n<tr>\n<td>17<\/td>\n<td>Apost\u00e9 Por Ti<\/td>\n<\/tr>\n<tr>\n<td>18<\/td>\n<td>Sin Caminos<\/td>\n<\/tr>\n<tr>\n<td>19<\/td>\n<td>Fui A Refugiarme<\/td>\n<\/tr>\n<tr>\n<td>20<\/td>\n<td>Las Llamas De Mi Hoguera<\/td>\n<\/tr>\n<tr>\n<td><\/td>\n<td><\/td>\n<\/tr>\n<\/tbody>\n<\/table>\n<p>&nbsp;<\/p>\n<\/div>\n<\/div>\n<div class=\"cxmmr5t8 oygrvhab hcukyx3x c1et5uql o9v6fnle\" style=\"text-align: justify;\">\n<div dir=\"auto\">Cr\u00e9ditos tomados de Wikipedia:<\/div>\n<div dir=\"auto\"><a class=\"oajrlxb2 g5ia77u1 qu0x051f esr5mh6w e9989ue4 r7d6kgcz rq0escxv nhd2j8a9 nc684nl6 p7hjln8o kvgmc6g5 cxmmr5t8 oygrvhab hcukyx3x jb3vyjys rz4wbd8a qt6c0cv9 a8nywdso i1ao9s8h esuyzwwr f1sip0of lzcic4wl gpro0wi8 py34i1dx\" tabindex=\"0\" role=\"link\" href=\"https:\/\/es.wikipedia.org\/wiki\/Mal%C3%BA?fbclid=IwAR1hv7bkhmzMKENnvHQlxf-a5QnfTT53woSUjPptwfI2MnrMSUK28gFNvlg\" target=\"_blank\" rel=\"nofollow noopener\">https:\/\/es.wikipedia.org\/wiki\/Mal%C3%BA<\/a><\/div>\n<div dir=\"auto\"><\/div>\n<div dir=\"auto\"><\/div>\n<p>&nbsp;<\/p>\n<\/div>\n<div class=\"epyt-video-wrapper\"><iframe loading=\"lazy\"  id=\"_ytid_78707\"  width=\"618\" height=\"347\"  data-origwidth=\"618\" data-origheight=\"347\" src=\"https:\/\/www.youtube.com\/embed\/SXhQA2ZULrI?enablejsapi=1&#038;autoplay=0&#038;cc_load_policy=0&#038;cc_lang_pref=&#038;iv_load_policy=1&#038;loop=0&#038;modestbranding=0&#038;rel=1&#038;fs=1&#038;playsinline=0&#038;autohide=2&#038;theme=dark&#038;color=red&#038;controls=1&#038;\" class=\"__youtube_prefs__  epyt-is-override  no-lazyload\" title=\"YouTube player\"  allow=\"fullscreen; accelerometer; autoplay; clipboard-write; encrypted-media; gyroscope; picture-in-picture\" allowfullscreen data-no-lazy=\"1\" data-skipgform_ajax_framebjll=\"\"><\/iframe><\/div>\n","protected":false},"excerpt":{"rendered":"<p>&nbsp; Fecha de Nacimiento: 15 de marzo de 1982 &nbsp; Biograf\u00eda: &nbsp; Naci\u00f3 en Madrid, aunque sus primeros a\u00f1os de vida los pas\u00f3 entre Sevilla y Algeciras. Desde peque\u00f1a estuvo rodeada de m\u00fasica en su seno familiar. Es hija del cantante Pepe de Luc\u00eda y sobrina del guitarrista Paco de Luc\u00eda. Su madre, Pepi Ben\u00edtez, &hellip;<\/p>\n","protected":false},"author":1,"featured_media":0,"parent":0,"menu_order":0,"comment_status":"closed","ping_status":"closed","template":"","meta":{"footnotes":""},"class_list":["post-28266","page","type-page","status-publish",""],"jetpack_sharing_enabled":true,"_links":{"self":[{"href":"http:\/\/mickyandoniehn.com\/radio\/wp-json\/wp\/v2\/pages\/28266","targetHints":{"allow":["GET"]}}],"collection":[{"href":"http:\/\/mickyandoniehn.com\/radio\/wp-json\/wp\/v2\/pages"}],"about":[{"href":"http:\/\/mickyandoniehn.com\/radio\/wp-json\/wp\/v2\/types\/page"}],"author":[{"embeddable":true,"href":"http:\/\/mickyandoniehn.com\/radio\/wp-json\/wp\/v2\/users\/1"}],"replies":[{"embeddable":true,"href":"http:\/\/mickyandoniehn.com\/radio\/wp-json\/wp\/v2\/comments?post=28266"}],"version-history":[{"count":3,"href":"http:\/\/mickyandoniehn.com\/radio\/wp-json\/wp\/v2\/pages\/28266\/revisions"}],"predecessor-version":[{"id":30397,"href":"http:\/\/mickyandoniehn.com\/radio\/wp-json\/wp\/v2\/pages\/28266\/revisions\/30397"}],"wp:attachment":[{"href":"http:\/\/mickyandoniehn.com\/radio\/wp-json\/wp\/v2\/media?parent=28266"}],"curies":[{"name":"wp","href":"https:\/\/api.w.org\/{rel}","templated":true}]}}