{"id":28211,"date":"2022-08-26T08:31:07","date_gmt":"2022-08-26T14:31:07","guid":{"rendered":"https:\/\/mickyandoniehn.com\/radio\/?page_id=28211"},"modified":"2022-09-01T11:45:08","modified_gmt":"2022-09-01T17:45:08","slug":"ornette-coleman","status":"publish","type":"page","link":"http:\/\/mickyandoniehn.com\/radio\/ornette-coleman\/","title":{"rendered":"Ornette Coleman"},"content":{"rendered":"<p style=\"text-align: justify;\"><img loading=\"lazy\" decoding=\"async\" class=\" wp-image-25041 aligncenter\" src=\"http:\/\/mickyandoniehn.com\/radio\/wp-content\/uploads\/2022\/08\/Ornette-Coleman-213x300.png\" alt=\"\" width=\"524\" height=\"738\" srcset=\"http:\/\/mickyandoniehn.com\/radio\/wp-content\/uploads\/2022\/08\/Ornette-Coleman-213x300.png 213w, http:\/\/mickyandoniehn.com\/radio\/wp-content\/uploads\/2022\/08\/Ornette-Coleman.png 371w\" sizes=\"auto, (max-width: 524px) 100vw, 524px\" \/><\/p>\n<p>&nbsp;<\/p>\n<div class=\"cxmmr5t8 oygrvhab hcukyx3x c1et5uql o9v6fnle ii04i59q\" style=\"text-align: justify;\">\n<div dir=\"auto\"><strong>Fecha de Nacimiento:<\/strong> 9 de marzo de 1930<\/div>\n<p>&nbsp;<\/p>\n<div dir=\"auto\"><\/div>\n<div dir=\"auto\"><strong>Fecha de Fallecimiento:<\/strong> 11 de junio de 2011<\/div>\n<p>&nbsp;<\/p>\n<div dir=\"auto\"><\/div>\n<\/div>\n<div class=\"cxmmr5t8 oygrvhab hcukyx3x c1et5uql o9v6fnle ii04i59q\" style=\"text-align: justify;\">\n<div dir=\"auto\"><strong>Biograf\u00eda<\/strong><\/div>\n<p>&nbsp;<\/p>\n<div dir=\"auto\"><\/div>\n<div dir=\"auto\">Fue un saxofonista, trompetista, violinista y compositor estadounidense de jazz. Figura fundacional de la vanguardia jazz\u00edstica con un cuarteto en el que estaba Don Cherry, sus innovaciones en el \u00e1mbito del free jazz fueron tan revolucionarias como controvertidas.<\/div>\n<p>&nbsp;<\/p>\n<div dir=\"auto\"><\/div>\n<\/div>\n<div class=\"cxmmr5t8 oygrvhab hcukyx3x c1et5uql o9v6fnle ii04i59q\" style=\"text-align: justify;\">\n<div dir=\"auto\">Inspirado en sus or\u00edgenes por Charlie Parker, comenz\u00f3 a tocar el saxof\u00f3n alto a los 14 a\u00f1os y el tenor dos a\u00f1os despu\u00e9s. Sus primeras experiencias musicales fueron en bandas texanas de R&amp;B, entre las que estaban las de Red Connors y Pee Wee Crayton, pero su tendencia a ser original estil\u00edsticamente le granje\u00f3 hostilidades entre las audiencias y los m\u00fasicos. Coleman se traslad\u00f3 a Los \u00c1ngeles a comienzos de los cincuenta, donde trabaj\u00f3 como t\u00e9cnico de ascensores mientras estudiaba libros de m\u00fasica.<\/div>\n<p>&nbsp;<\/p>\n<div dir=\"auto\"><\/div>\n<div dir=\"auto\">Conoci\u00f3 a m\u00fasicos con aspiraciones similares en cuanto a grala originalidad: Don Cherry, Charlie Haden, Ed Blackwell, Bobby Bradford, Charles Moffett y Billy Higgins, pero no fue hasta 1958 (tras numerosos intentos de tocar con los mejores m\u00fasicos de Los \u00c1ngeles) en que Coleman consigui\u00f3 un n\u00facleo de artistas con los que poder tocar su m\u00fasica. Apareci\u00f3 durante un breve per\u00edodo como miembro del quinteto de Paul Bley en el Hillcrest Club y grab\u00f3 dos discos para Contemporary.<\/div>\n<p>&nbsp;<\/p>\n<div dir=\"auto\"><\/div>\n<div dir=\"auto\">Con la ayuda de John Lewis, Coleman y Cherry entraron en la Lenox School of Jazz en 1959, y estuvieron durante un largo per\u00edodo en el Five Spot en Nueva York, etapa que alert\u00f3 al mundo del jazz acerca de la llegada de una nueva y radical forma de hacer jazz. Desde ese mismo momento, Coleman fue calificado a partes iguales como genio y como fraude.<\/div>\n<p>&nbsp;<\/p>\n<\/div>\n<div class=\"cxmmr5t8 oygrvhab hcukyx3x c1et5uql o9v6fnle ii04i59q\" style=\"text-align: justify;\">\n<div dir=\"auto\"><\/div>\n<div dir=\"auto\"><strong>Date of Birth:<\/strong> March 9, 1930.<\/div>\n<p>&nbsp;<\/p>\n<div dir=\"auto\"><\/div>\n<div dir=\"auto\"><strong>Date of Death:<\/strong> June 11, 2011.<\/div>\n<p>&nbsp;<\/p>\n<div dir=\"auto\"><\/div>\n<\/div>\n<div dir=\"auto\"><strong>Biography<\/strong><\/div>\n<p>&nbsp;<\/p>\n<div class=\"cxmmr5t8 oygrvhab hcukyx3x c1et5uql o9v6fnle ii04i59q\" style=\"text-align: justify;\">\n<div dir=\"auto\"><\/div>\n<\/div>\n<div class=\"cxmmr5t8 oygrvhab hcukyx3x c1et5uql o9v6fnle ii04i59q\" style=\"text-align: justify;\">\n<div dir=\"auto\">Was an American jazz saxophonist, trumpeter, violinist, and composer. A founding figure of the jazz avant-garde with a quartet that included Don Cherry, his innovations in the field of free jazz were as revolutionary as they were controversial.<\/div>\n<p>&nbsp;<\/p>\n<div dir=\"auto\"><\/div>\n<\/div>\n<div class=\"cxmmr5t8 oygrvhab hcukyx3x c1et5uql o9v6fnle ii04i59q\" style=\"text-align: justify;\">\n<div dir=\"auto\">Inspired by his origins by Charlie Parker, he began playing alto saxophone at age 14 and tenor two years later. His earliest musical experiences were in Texas R&amp;B bands, including Red Connors and Pee Wee Crayton, but his tendency to be stylistically original earned him hostility from audiences and musicians.<\/div>\n<p>&nbsp;<\/p>\n<div dir=\"auto\"><\/div>\n<div dir=\"auto\">Coleman moved to Los Angeles in the early 1950s, where he worked as an elevator technician while studying music books. He met musicians with similar aspirations for great originality: Don Cherry, Charlie Haden, Ed Blackwell, Bobby Bradford, Charles Moffett, and Billy Higgins, but it wasn&#8217;t until 1958 (after numerous attempts to play with the best musicians in Los Angeles) that he that Coleman got a core of artists with whom he could play his music. He appeared for a brief period as a member of the Paul Bley Quintet at the Hillcrest Club and recorded two albums for Contemporary.<\/div>\n<p>&nbsp;<\/p>\n<div dir=\"auto\"><\/div>\n<div dir=\"auto\">With the help of John Lewis, Coleman and Cherry entered the Lenox School of Jazz in 1959, and spent a long period at the Five Spot in New York, a stage that alerted the jazz world to the arrival of a radical new way of doing jazz. From that moment on, Coleman was described as both a genius and a fraud.<\/div>\n<p>&nbsp;<\/p>\n<div dir=\"auto\"><\/div>\n<\/div>\n<div class=\"cxmmr5t8 oygrvhab hcukyx3x c1et5uql o9v6fnle ii04i59q\" style=\"text-align: justify;\">\n<div dir=\"auto\"><strong>Discography<\/strong><\/div>\n<p>&nbsp;<\/p>\n<div dir=\"auto\"><\/div>\n<div dir=\"auto\">\n<table width=\"563\">\n<tbody>\n<tr>\n<td style=\"text-align: center;\" width=\"139\">\u00a0<strong>Genero Jazz<\/strong><\/td>\n<td style=\"text-align: center;\" width=\"344\"><strong>Escuchar Musica<\/strong><\/td>\n<td style=\"text-align: center;\" width=\"80\"><strong>A\u00f1o<\/strong><\/td>\n<\/tr>\n<tr>\n<td><\/td>\n<td><\/td>\n<td><\/td>\n<\/tr>\n<tr>\n<td>1<\/td>\n<td>Something Else!:The Music of Ornette Coleman<\/td>\n<td>1958<\/td>\n<\/tr>\n<tr>\n<td>2<\/td>\n<td>The Art of the Improvisers<\/td>\n<td>1959<\/td>\n<\/tr>\n<tr>\n<td>3<\/td>\n<td>The Shape of Jazz to Come<\/td>\n<td>1959<\/td>\n<\/tr>\n<tr>\n<td>4<\/td>\n<td>Change of the Century<\/td>\n<td>1959<\/td>\n<\/tr>\n<tr>\n<td>5<\/td>\n<td>Free Jazz (A Collective Improvisation)<\/td>\n<td>1960<\/td>\n<\/tr>\n<tr>\n<td>6<\/td>\n<td>This Is Our Music<\/td>\n<td>1961<\/td>\n<\/tr>\n<tr>\n<td>7<\/td>\n<td>Crisis (en directo)<\/td>\n<td>1969<\/td>\n<\/tr>\n<tr>\n<td>8<\/td>\n<td>\u00a0Science Fiction<\/td>\n<td>1971<\/td>\n<\/tr>\n<tr>\n<td><\/td>\n<td><\/td>\n<td><\/td>\n<\/tr>\n<\/tbody>\n<\/table>\n<p>&nbsp;<\/p>\n<\/div>\n<\/div>\n<div class=\"epyt-video-wrapper\"><iframe loading=\"lazy\"  id=\"_ytid_80202\"  width=\"618\" height=\"347\"  data-origwidth=\"618\" data-origheight=\"347\" src=\"https:\/\/www.youtube.com\/embed\/0OioJIrGGVE?enablejsapi=1&#038;autoplay=0&#038;cc_load_policy=0&#038;cc_lang_pref=&#038;iv_load_policy=1&#038;loop=0&#038;modestbranding=0&#038;rel=1&#038;fs=1&#038;playsinline=0&#038;autohide=2&#038;theme=dark&#038;color=red&#038;controls=1&#038;\" class=\"__youtube_prefs__  epyt-is-override  no-lazyload\" title=\"YouTube player\"  allow=\"fullscreen; accelerometer; autoplay; clipboard-write; encrypted-media; gyroscope; picture-in-picture\" allowfullscreen data-no-lazy=\"1\" data-skipgform_ajax_framebjll=\"\"><\/iframe><\/div>\n","protected":false},"excerpt":{"rendered":"<p>&nbsp; Fecha de Nacimiento: 9 de marzo de 1930 &nbsp; Fecha de Fallecimiento: 11 de junio de 2011 &nbsp; Biograf\u00eda &nbsp; Fue un saxofonista, trompetista, violinista y compositor estadounidense de jazz. Figura fundacional de la vanguardia jazz\u00edstica con un cuarteto en el que estaba Don Cherry, sus innovaciones en el \u00e1mbito del free jazz fueron &hellip;<\/p>\n","protected":false},"author":1,"featured_media":0,"parent":0,"menu_order":0,"comment_status":"closed","ping_status":"closed","template":"","meta":{"footnotes":""},"class_list":["post-28211","page","type-page","status-publish",""],"jetpack_sharing_enabled":true,"_links":{"self":[{"href":"http:\/\/mickyandoniehn.com\/radio\/wp-json\/wp\/v2\/pages\/28211","targetHints":{"allow":["GET"]}}],"collection":[{"href":"http:\/\/mickyandoniehn.com\/radio\/wp-json\/wp\/v2\/pages"}],"about":[{"href":"http:\/\/mickyandoniehn.com\/radio\/wp-json\/wp\/v2\/types\/page"}],"author":[{"embeddable":true,"href":"http:\/\/mickyandoniehn.com\/radio\/wp-json\/wp\/v2\/users\/1"}],"replies":[{"embeddable":true,"href":"http:\/\/mickyandoniehn.com\/radio\/wp-json\/wp\/v2\/comments?post=28211"}],"version-history":[{"count":3,"href":"http:\/\/mickyandoniehn.com\/radio\/wp-json\/wp\/v2\/pages\/28211\/revisions"}],"predecessor-version":[{"id":30447,"href":"http:\/\/mickyandoniehn.com\/radio\/wp-json\/wp\/v2\/pages\/28211\/revisions\/30447"}],"wp:attachment":[{"href":"http:\/\/mickyandoniehn.com\/radio\/wp-json\/wp\/v2\/media?parent=28211"}],"curies":[{"name":"wp","href":"https:\/\/api.w.org\/{rel}","templated":true}]}}