{"id":28143,"date":"2022-08-26T08:12:19","date_gmt":"2022-08-26T14:12:19","guid":{"rendered":"https:\/\/mickyandoniehn.com\/radio\/?page_id=28143"},"modified":"2022-09-01T11:39:58","modified_gmt":"2022-09-01T17:39:58","slug":"nelson-ned","status":"publish","type":"page","link":"http:\/\/mickyandoniehn.com\/radio\/nelson-ned\/","title":{"rendered":"Nelson Ned"},"content":{"rendered":"<p style=\"text-align: justify;\"><img loading=\"lazy\" decoding=\"async\" class=\" wp-image-24788 aligncenter\" src=\"http:\/\/mickyandoniehn.com\/radio\/wp-content\/uploads\/2022\/08\/Nelson-Ned.png\" alt=\"\" width=\"556\" height=\"371\" \/><\/p>\n<p>&nbsp;<\/p>\n<div class=\"cxmmr5t8 oygrvhab hcukyx3x c1et5uql o9v6fnle ii04i59q\" style=\"text-align: justify;\">\n<div dir=\"auto\"><strong>Fecha de Nacimiento:<\/strong> 02 de marzo de 1947<\/div>\n<p>&nbsp;<\/p>\n<div dir=\"auto\"><\/div>\n<div dir=\"auto\"><strong>Fecha de Fallecimiento:<\/strong> 05 de enero del 2014 (66 A\u00f1os)<\/div>\n<p>&nbsp;<\/p>\n<div dir=\"auto\"><\/div>\n<\/div>\n<div class=\"cxmmr5t8 oygrvhab hcukyx3x c1et5uql o9v6fnle ii04i59q\" style=\"text-align: justify;\">\n<div dir=\"auto\"><strong>Biograf\u00eda<\/strong><\/div>\n<p>&nbsp;<\/p>\n<div dir=\"auto\"><\/div>\n<div dir=\"auto\">Fue un cantautor brasile\u00f1o.<\/div>\n<p>&nbsp;<\/p>\n<div dir=\"auto\"><\/div>\n<div dir=\"auto\">Sus padres y seis hermanos eran de estatura promedio y Nelson Ned naci\u00f3 con el tama\u00f1o de un beb\u00e9 normal, pero a los seis meses le fue diagnosticada una condici\u00f3n llamada displasia esp\u00f3ndilo-epifisiaria, un tipo de enanismo. La estatura de Nelson alcanz\u00f3 los 1,12 m. A los 5 a\u00f1os sus padres, viendo sus aptitudes para la canci\u00f3n, lo llevaron a las audiciones de la Radio Educadora Laborista, consagr\u00e1ndolo como una peque\u00f1a celebridad para el auditorio.<\/div>\n<p>&nbsp;<\/p>\n<div dir=\"auto\"><\/div>\n<\/div>\n<div class=\"cxmmr5t8 oygrvhab hcukyx3x c1et5uql o9v6fnle ii04i59q\" style=\"text-align: justify;\">\n<div dir=\"auto\">Hizo su primera aparici\u00f3n a los 14 a\u00f1os en la Tele Itacolomi, en Belo Horizonte, Minas Gerais, de su natal Brasil, comenzando as\u00ed su carrera. A los 16 a\u00f1os la mencionada cadena televisiva le ofreci\u00f3 ser el principal conductor en un programa que se llam\u00f3: &#8220;Gente, el tama\u00f1o no importa&#8221;. Gan\u00f3 el concurso &#8220;Un cantante por un mill\u00f3n&#8221; y, cuando menos se esperaba, apareci\u00f3 en S\u00e3o Paulo para presentarse en la &#8220;Discoteca la Chacrinha&#8221;.<\/div>\n<p>&nbsp;<\/p>\n<div dir=\"auto\"><\/div>\n<\/div>\n<div class=\"cxmmr5t8 oygrvhab hcukyx3x c1et5uql o9v6fnle ii04i59q\" style=\"text-align: justify;\">\n<div dir=\"auto\">Tras un largo bache personal y profesional, en 1993, Nelson se convirti\u00f3 al cristianismo evang\u00e9lico, y comenz\u00f3 a concentrar su retomada carrera en la m\u00fasica cristiana, componiendo canciones espirituales que expresaban su fe cristiana evang\u00e9lica.5 Public\u00f3 en 1996 su autobiograf\u00eda denominada &#8220;El Peque\u00f1o Gigante de la Canci\u00f3n&#8221;, que fue editada en primer t\u00e9rmino en portugu\u00e9s. Este libro es una recopilaci\u00f3n de sucesos en la vida de Nelson Ned realizada por Jefferson Magno Costa.<\/div>\n<p>&nbsp;<\/p>\n<div dir=\"auto\"><\/div>\n<\/div>\n<div class=\"cxmmr5t8 oygrvhab hcukyx3x c1et5uql o9v6fnle ii04i59q\" style=\"text-align: justify;\">\n<div dir=\"auto\">En 1993, sali\u00f3 el \u00e1lbum &#8220;Jes\u00fas Est\u00e1 Vivo&#8221; bajo el sello discogr\u00e1fico &#8220;Line Records&#8221;, que es una discogr\u00e1fica evang\u00e9lica de Brasil. Este CD fue el primero en ser editado tambi\u00e9n en espa\u00f1ol. En 1994, Nelson grab\u00f3 el \u00e1lbum &#8220;Jes\u00fas Te Ama&#8221;, editado por Warner Capell Brasil, siendo su segundo \u00e1lbum grabado tambi\u00e9n en espa\u00f1ol.<\/div>\n<p>&nbsp;<\/p>\n<div dir=\"auto\"><\/div>\n<\/div>\n<div class=\"cxmmr5t8 oygrvhab hcukyx3x c1et5uql o9v6fnle ii04i59q\" style=\"text-align: justify;\">\n<div dir=\"auto\">En 2002, realiz\u00f3 el \u00e1lbum &#8220;Jesus \u00e9 Vida&#8221;. Este fue su tercer CD traducido al espa\u00f1ol con el t\u00edtulo &#8220;Jesucristo es Vida&#8221;, este \u00e1lbum cont\u00f3 con la participaci\u00f3n especial para la versi\u00f3n en portugu\u00e9s de Luis de Carvalho, ambos grabados y distribuidos por &#8220;Bom Pastor&#8221; de Brasil.<\/div>\n<p>&nbsp;<\/p>\n<div dir=\"auto\"><\/div>\n<\/div>\n<div class=\"cxmmr5t8 oygrvhab hcukyx3x c1et5uql o9v6fnle ii04i59q\" style=\"text-align: justify;\">\n<div dir=\"auto\">En 2004 lanz\u00f3 su \u00faltimo trabajo de m\u00fasica cristiana llamado &#8220;Jesus Ressuscitou&#8221; bajo el sello &#8220;Zekap Gospel&#8221; de Brasil, con el cual pr\u00e1cticamente desapareci\u00f3 de los medios art\u00edsticos.<\/div>\n<p>&nbsp;<\/p>\n<\/div>\n<div dir=\"auto\" style=\"text-align: justify;\"><\/div>\n<div dir=\"auto\" style=\"text-align: justify;\">\n<p><strong>Date of Birth:<\/strong> March 02, 1947<\/p>\n<p><strong>Date of Death:<\/strong> January 05, 2014 (66 years old)<\/p>\n<p><strong>Biography<\/strong><\/p>\n<p>He was a Brazilian singer-songwriter.<\/p>\n<p>His parents and six siblings were of average height, and Nelson Ned was born the size of a normal baby, but at six months he was diagnosed with a condition called spondylo-epiphyseal dysplasia, a type of dwarfism. Nelson&#8217;s height reached 1.12 m. At the age of 5, his parents, seeing his aptitude for song, took him to the Labor Educator Radio auditions, consecrating him as a small celebrity for the audience.<\/p>\n<p>He made his first appearance at the age of 14 on Tele Itacolomi, in Belo Horizonte, Minas Gerais, in his native Brazil, thus beginning his career. At the age of 16, the aforementioned television network offered him to be the main driver in a program called: &#8220;People, size does not matter.&#8221; He won the contest &#8220;A singer for a million&#8221; and, when least expected, he appeared in S\u00e3o Paulo to perform at the &#8220;Discoteca la Chacrinha&#8221;.<\/p>\n<p>After a long personal and professional hiatus, in 1993, Nelson converted to evangelical Christianity, and began to focus his resumed career on Christian music, composing spiritual songs that expressed his evangelical Christian faith.5 In 1996 he published his autobiography called &#8220;The Little Gigante de la Canci\u00f3n&#8221;, which was first published in Portuguese. This book is a compilation of events in the life of Nelson Ned by Jefferson Magno Costa.<\/p>\n<p>In 1993, the album &#8220;Jesus Is Alive&#8221; came out under the record label &#8220;Line Records&#8221;, which is an evangelical record label in Brazil. This CD was the first to be released also in Spanish. In 1994, Nelson recorded the album &#8220;Jes\u00fas Te Ama&#8221;, edited by Warner Capell Brasil, being his second album also recorded in Spanish.<\/p>\n<p>In 2002, he released the album &#8220;Jesus \u00e9 Vida&#8221;. This was his third CD translated into Spanish with the title &#8220;Jesucristo es Vida&#8221;, this album had the special participation of the Portuguese version by Luis de Carvalho, both recorded and distributed by &#8220;Bom Pastor&#8221; from Brazil.<\/p>\n<p>In 2004 he released his latest work of Christian music called &#8220;Jesus Ressuscitou&#8221; under the label &#8220;Zekap Gospel&#8221; from Brazil, with which he practically disappeared from artistic circles.<\/p>\n<\/div>\n<div class=\"cxmmr5t8 oygrvhab hcukyx3x c1et5uql o9v6fnle ii04i59q\" style=\"text-align: justify;\">\n<div dir=\"auto\">\n<p><strong>Discograf\u00eda<\/strong><\/p>\n<table width=\"606\">\n<tbody>\n<tr>\n<td style=\"text-align: center;\" width=\"168\"><strong>Temas Bolero, Balada y Musica Cristiana<\/strong><\/td>\n<td style=\"text-align: center;\" width=\"237\"><strong>Escuchar tema<\/strong><\/td>\n<td style=\"text-align: center;\" width=\"201\"><strong>A\u00f1o de Publicacion<\/strong><\/td>\n<\/tr>\n<tr>\n<td>1<\/td>\n<td>Si Las Flores Pudieran Hablar<\/td>\n<td>1971<\/td>\n<\/tr>\n<tr>\n<td>2<\/td>\n<td>Al Hallar Tu Retrato<\/td>\n<td><\/td>\n<\/tr>\n<tr>\n<td>3<\/td>\n<td>La Biblia<\/td>\n<td><\/td>\n<\/tr>\n<tr>\n<td>4<\/td>\n<td>Nostalgia Del Primer Amor<\/td>\n<td><\/td>\n<\/tr>\n<tr>\n<td>5<\/td>\n<td>Yo Lo Dudo<\/td>\n<td><\/td>\n<\/tr>\n<tr>\n<td>6<\/td>\n<td>El Tiempo Borro<\/td>\n<td><\/td>\n<\/tr>\n<tr>\n<td>7<\/td>\n<td>Dos Corazones<\/td>\n<td><\/td>\n<\/tr>\n<tr>\n<td>8<\/td>\n<td>No Digas No<\/td>\n<td><\/td>\n<\/tr>\n<tr>\n<td>9<\/td>\n<td>D\u00e9jenme Si Estoy Llorando<\/td>\n<td><\/td>\n<\/tr>\n<tr>\n<td>10<\/td>\n<td>Yo Te Amo Tanto<\/td>\n<td><\/td>\n<\/tr>\n<tr>\n<td><\/td>\n<td><\/td>\n<td><\/td>\n<\/tr>\n<tr>\n<td style=\"text-align: center;\"><\/td>\n<td style=\"text-align: center;\"><strong>Nelson en Accion<\/strong><\/td>\n<td style=\"text-align: center;\"><strong>1972<\/strong><\/td>\n<\/tr>\n<tr>\n<td>1<\/td>\n<td>Happy Birthday, My Darling<\/td>\n<td><\/td>\n<\/tr>\n<tr>\n<td>2<\/td>\n<td>El Pecador<\/td>\n<td><\/td>\n<\/tr>\n<tr>\n<td>3<\/td>\n<td>Por Increible Que Parezca<\/td>\n<td><\/td>\n<\/tr>\n<tr>\n<td>4<\/td>\n<td>No Dejas Para Ma\u00f1ana<\/td>\n<td><\/td>\n<\/tr>\n<tr>\n<td>5<\/td>\n<td colspan=\"2\">Si Yo Pudiera Adivinar Sus Pensamientos<\/td>\n<\/tr>\n<tr>\n<td>6<\/td>\n<td>A Los Rom\u00e1nticos Del Mundo<\/td>\n<td><\/td>\n<\/tr>\n<tr>\n<td>7<\/td>\n<td>Flores, Cartas Y Promesas<\/td>\n<td><\/td>\n<\/tr>\n<tr>\n<td>8<\/td>\n<td>Quieres Bailar Este Vals?<\/td>\n<td><\/td>\n<\/tr>\n<tr>\n<td>9<\/td>\n<td>Hazme Creer Que Te Enamoras De Mi<\/td>\n<td><\/td>\n<\/tr>\n<tr>\n<td>10<\/td>\n<td>Mi Otro Yo<\/td>\n<td><\/td>\n<\/tr>\n<tr>\n<td><\/td>\n<td><\/td>\n<td><\/td>\n<\/tr>\n<tr>\n<td style=\"text-align: center;\"><\/td>\n<td style=\"text-align: center;\"><strong>Nelson Ned<\/strong><\/td>\n<td style=\"text-align: center;\"><strong>1994<\/strong><\/td>\n<\/tr>\n<tr>\n<td>1<\/td>\n<td>A Luz No Fim Do T\u00fanel<\/td>\n<td><\/td>\n<\/tr>\n<tr>\n<td>2<\/td>\n<td>Conhe\u00e7o Um Deus<\/td>\n<td><\/td>\n<\/tr>\n<tr>\n<td>3<\/td>\n<td>A Vit\u00f3ria Em Cristo Jesus<\/td>\n<td><\/td>\n<\/tr>\n<tr>\n<td>4<\/td>\n<td>Porta Aberta<\/td>\n<td><\/td>\n<\/tr>\n<tr>\n<td>5<\/td>\n<td>Procure Essa Paz<\/td>\n<td><\/td>\n<\/tr>\n<tr>\n<td>6<\/td>\n<td>Porque Ele Vive<\/td>\n<td><\/td>\n<\/tr>\n<tr>\n<td>7<\/td>\n<td>Um Milagre, Senhor<\/td>\n<td><\/td>\n<\/tr>\n<tr>\n<td>8<\/td>\n<td>Jesus \u00c9 Maravilhoso<\/td>\n<td><\/td>\n<\/tr>\n<tr>\n<td>9<\/td>\n<td>O Nome<\/td>\n<td><\/td>\n<\/tr>\n<tr>\n<td>10<\/td>\n<td>Cristo Tem Poder<\/td>\n<td><\/td>\n<\/tr>\n<tr>\n<td>11<\/td>\n<td>Ao \u00danico<\/td>\n<td><\/td>\n<\/tr>\n<tr>\n<td>12<\/td>\n<td colspan=\"2\">Ningu\u00e9m Pode Te Amar Como Jesus Ama<\/td>\n<\/tr>\n<tr>\n<td><\/td>\n<td><\/td>\n<td><\/td>\n<\/tr>\n<\/tbody>\n<\/table>\n<p>&nbsp;<\/p>\n<\/div>\n<\/div>\n<div class=\"cxmmr5t8 oygrvhab hcukyx3x c1et5uql o9v6fnle ii04i59q\" style=\"text-align: justify;\">\n<div dir=\"auto\"><a class=\"oajrlxb2 g5ia77u1 qu0x051f esr5mh6w e9989ue4 r7d6kgcz rq0escxv nhd2j8a9 nc684nl6 p7hjln8o kvgmc6g5 cxmmr5t8 oygrvhab hcukyx3x jb3vyjys rz4wbd8a qt6c0cv9 a8nywdso i1ao9s8h esuyzwwr f1sip0of lzcic4wl gpro0wi8 py34i1dx\" tabindex=\"0\" role=\"link\" href=\"https:\/\/es.wikipedia.org\/wiki\/Nelson_Ned?fbclid=IwAR0sv9rpHdc3MKUMASd_qUWuANXS8f4DJT552WgWyo0pp3wu2zEwXD8kzqE\" target=\"_blank\" rel=\"nofollow noopener\">https:\/\/es.wikipedia.org\/wiki\/Nelson_Ned<\/a><\/div>\n<div dir=\"auto\"><\/div>\n<p>&nbsp;<\/p>\n<\/div>\n<div class=\"epyt-video-wrapper\"><iframe loading=\"lazy\"  id=\"_ytid_92102\"  width=\"618\" height=\"347\"  data-origwidth=\"618\" data-origheight=\"347\" src=\"https:\/\/www.youtube.com\/embed\/JIarj4tkyx8?enablejsapi=1&#038;autoplay=0&#038;cc_load_policy=0&#038;cc_lang_pref=&#038;iv_load_policy=1&#038;loop=0&#038;modestbranding=0&#038;rel=1&#038;fs=1&#038;playsinline=0&#038;autohide=2&#038;theme=dark&#038;color=red&#038;controls=1&#038;\" class=\"__youtube_prefs__  epyt-is-override  no-lazyload\" title=\"YouTube player\"  allow=\"fullscreen; accelerometer; autoplay; clipboard-write; encrypted-media; gyroscope; picture-in-picture\" allowfullscreen data-no-lazy=\"1\" data-skipgform_ajax_framebjll=\"\"><\/iframe><\/div>\n","protected":false},"excerpt":{"rendered":"<p>&nbsp; Fecha de Nacimiento: 02 de marzo de 1947 &nbsp; Fecha de Fallecimiento: 05 de enero del 2014 (66 A\u00f1os) &nbsp; Biograf\u00eda &nbsp; Fue un cantautor brasile\u00f1o. &nbsp; Sus padres y seis hermanos eran de estatura promedio y Nelson Ned naci\u00f3 con el tama\u00f1o de un beb\u00e9 normal, pero a los seis meses le fue &hellip;<\/p>\n","protected":false},"author":1,"featured_media":0,"parent":0,"menu_order":0,"comment_status":"closed","ping_status":"closed","template":"","meta":{"footnotes":""},"class_list":["post-28143","page","type-page","status-publish",""],"jetpack_sharing_enabled":true,"_links":{"self":[{"href":"http:\/\/mickyandoniehn.com\/radio\/wp-json\/wp\/v2\/pages\/28143","targetHints":{"allow":["GET"]}}],"collection":[{"href":"http:\/\/mickyandoniehn.com\/radio\/wp-json\/wp\/v2\/pages"}],"about":[{"href":"http:\/\/mickyandoniehn.com\/radio\/wp-json\/wp\/v2\/types\/page"}],"author":[{"embeddable":true,"href":"http:\/\/mickyandoniehn.com\/radio\/wp-json\/wp\/v2\/users\/1"}],"replies":[{"embeddable":true,"href":"http:\/\/mickyandoniehn.com\/radio\/wp-json\/wp\/v2\/comments?post=28143"}],"version-history":[{"count":2,"href":"http:\/\/mickyandoniehn.com\/radio\/wp-json\/wp\/v2\/pages\/28143\/revisions"}],"predecessor-version":[{"id":30428,"href":"http:\/\/mickyandoniehn.com\/radio\/wp-json\/wp\/v2\/pages\/28143\/revisions\/30428"}],"wp:attachment":[{"href":"http:\/\/mickyandoniehn.com\/radio\/wp-json\/wp\/v2\/media?parent=28143"}],"curies":[{"name":"wp","href":"https:\/\/api.w.org\/{rel}","templated":true}]}}