{"id":27937,"date":"2022-08-25T12:24:07","date_gmt":"2022-08-25T18:24:07","guid":{"rendered":"https:\/\/mickyandoniehn.com\/radio\/?page_id=27937"},"modified":"2022-09-01T10:47:42","modified_gmt":"2022-09-01T16:47:42","slug":"joaquin-ramon-martinez-sabina","status":"publish","type":"page","link":"http:\/\/mickyandoniehn.com\/radio\/joaquin-ramon-martinez-sabina\/","title":{"rendered":"Joaqu\u00edn Ram\u00f3n Mart\u00ednez Sabina"},"content":{"rendered":"<p style=\"text-align: justify;\"><img loading=\"lazy\" decoding=\"async\" class=\" wp-image-24559 aligncenter\" src=\"http:\/\/mickyandoniehn.com\/radio\/wp-content\/uploads\/2022\/08\/Joaquin-Ramon-Martinez-Sabina-225x300.png\" alt=\"\" width=\"434\" height=\"579\" srcset=\"http:\/\/mickyandoniehn.com\/radio\/wp-content\/uploads\/2022\/08\/Joaquin-Ramon-Martinez-Sabina-225x300.png 225w, http:\/\/mickyandoniehn.com\/radio\/wp-content\/uploads\/2022\/08\/Joaquin-Ramon-Martinez-Sabina.png 249w\" sizes=\"auto, (max-width: 434px) 100vw, 434px\" \/><\/p>\n<p>&nbsp;<\/p>\n<div class=\"cxmmr5t8 oygrvhab hcukyx3x c1et5uql o9v6fnle\" style=\"text-align: justify;\">\n<div dir=\"auto\"><strong>Fecha de Nacimiento:<\/strong> 12 de febrero de 1949<\/div>\n<p>&nbsp;<\/p>\n<div dir=\"auto\"><\/div>\n<\/div>\n<div class=\"cxmmr5t8 oygrvhab hcukyx3x c1et5uql o9v6fnle\" style=\"text-align: justify;\">\n<div dir=\"auto\"><strong>Biograf\u00eda<\/strong><\/div>\n<p>&nbsp;<\/p>\n<div dir=\"auto\"><\/div>\n<div dir=\"auto\">Joaqu\u00edn Sabina naci\u00f3 en Ubeda (Ja\u00e9n) el 12 de febrero de 1949 (tiene 71 a\u00f1os de edad), es un cantautor, poeta y pintor espa\u00f1ol. hijo de un polic\u00eda. A los catorce a\u00f1os comienza a escribir versos y a tocar con unos amigos. En 1968 Joaquin Sabina inicia estudios en la Universidad de Granada, pero los deja poco despu\u00e9s para exiliarse en Londres, donde vivi\u00f3 como okupa y colabor\u00f3 con otros exiliados en movimientos culturales y teatrales.<\/div>\n<p>&nbsp;<\/p>\n<div dir=\"auto\"><\/div>\n<\/div>\n<div class=\"cxmmr5t8 oygrvhab hcukyx3x c1et5uql o9v6fnle\" style=\"text-align: justify;\">\n<div dir=\"auto\">En 1975 Joaqu\u00edn Sabina comienza a componer canciones y a tocar en locales. En 1977, tras la dictadura, regresa a Espa\u00f1a, donde tiene que realizar el servicio militar. Por fin, en 1978, se publica el primer disco de Sabina, &#8216;Inventario&#8217;, consiguiendo el n\u00famero uno con el tema &#8216;Pongamos que hablo de Madrid&#8217;.<\/div>\n<p>&nbsp;<\/p>\n<div dir=\"auto\"><\/div>\n<\/div>\n<div class=\"cxmmr5t8 oygrvhab hcukyx3x c1et5uql o9v6fnle\" style=\"text-align: justify;\">\n<div dir=\"auto\">A continuaci\u00f3n, Joaqu\u00edn Sabina edita &#8216;Malas compa\u00f1\u00edas&#8217; y el \u00e1lbum grabado en directo &#8216;La mandr\u00e1gora&#8217;, con los que provoca un peque\u00f1o esc\u00e1ndalo debido a los temas que toca en sus canciones. Recordemos que en Espa\u00f1a se acababa de salir del fascismo y en el aire quedaban restos de viejos olores.<\/div>\n<div dir=\"auto\"><\/div>\n<\/div>\n<div class=\"cxmmr5t8 oygrvhab hcukyx3x c1et5uql o9v6fnle\" style=\"text-align: justify;\">\n<div dir=\"auto\">Sus personajes preferidos son aquellos que nunca triunfar\u00e1n: los borrachos, las prostitutas, los ladrones de barrio&#8230; Le gusta hablar de aquello que va contra las reglas y contra lo que se considera &#8216;moralmente correcto&#8217;.<\/div>\n<div dir=\"auto\"><\/div>\n<\/div>\n<div class=\"cxmmr5t8 oygrvhab hcukyx3x c1et5uql o9v6fnle\" style=\"text-align: justify;\">\n<div dir=\"auto\">En 1983 Sabina publica &#8216;Ruleta rusa&#8217; y dos a\u00f1os despu\u00e9s &#8216;Juez y parte&#8217;. Sus inquietudes pol\u00edticas le llevan a participar en la campa\u00f1a anti-Otan. Trabaja con Viceversa en el disco &#8216;Joaqu\u00edn Sabina y Viceversa&#8217;.<\/div>\n<p>&nbsp;<\/p>\n<div dir=\"auto\"><\/div>\n<\/div>\n<div class=\"cxmmr5t8 oygrvhab hcukyx3x c1et5uql o9v6fnle\" style=\"text-align: justify;\">\n<div dir=\"auto\">En 1987 se publica &#8216;Hotel, dulce hotel&#8217;, que result\u00f3 un gran \u00e9xito de ventas en Espa\u00f1a. \u00c9xito que repiti\u00f3 al a\u00f1o siguiente con &#8216;El hombre del traje gris&#8217;, que le sirvi\u00f3 para dar una gran gira por Sudam\u00e9rica.<\/div>\n<p>&nbsp;<\/p>\n<div dir=\"auto\"><\/div>\n<\/div>\n<div class=\"cxmmr5t8 oygrvhab hcukyx3x c1et5uql o9v6fnle\" style=\"text-align: justify;\">\n<div dir=\"auto\">En 1990 publica &#8216;Mentiras piadosas&#8217; y en 1992 &#8216;F\u00edsica y qu\u00edmica&#8217;, con el que obtuvo unos espl\u00e9ndidos resultados y que le llev\u00f3 de nuevo a recorrer el continente americano.<\/div>\n<p>&nbsp;<\/p>\n<div dir=\"auto\"><\/div>\n<\/div>\n<div class=\"cxmmr5t8 oygrvhab hcukyx3x c1et5uql o9v6fnle\" style=\"text-align: justify;\">\n<div dir=\"auto\">Consigue nuevos \u00e9xitos, uno con &#8216;Esta boca es m\u00eda&#8217; y &#8216;Yo, mi, me, contigo&#8217;. En su trabajo &#8217;19 d\u00edas y 500 noches&#8217;, a pesar de notarse en su voz los excesos cometidos con el tabaco, nos presenta un \u00e1lbum lleno de muy buenas canciones.<\/div>\n<p>&nbsp;<\/p>\n<div dir=\"auto\"><\/div>\n<\/div>\n<div class=\"cxmmr5t8 oygrvhab hcukyx3x c1et5uql o9v6fnle\" style=\"text-align: justify;\">\n<div dir=\"auto\">Tras recuperarse de una grave enfermedad, nos trajo un nuevo disco de estudio: &#8216;Dimelo en la calle&#8217;. Grabado entre octubre del 2001 y septiembre del 2002, la producci\u00f3n fue realizada por dos fieles colaboradores y conocedores de Joaqu\u00edn Sabina, como son Antonio Garc\u00eda Diego y Pancho Varona. El disco cuenta con la colaboraci\u00f3n de Pasion Vega a los coros de &#8220;La canci\u00f3n m\u00e1s hermosa del mundo&#8221; y la de Santiago Segura que canta a d\u00fao con Sabina &#8220;Semos Diferentes&#8221;, canci\u00f3n que se incluye como Bonus Tracks. En total 14 canciones entre las cuales encontramos un son en &#8220;Ya Eyacul\u00e9&#8221;, un tango en &#8221; Yo tambi\u00e9n se jugarme la boca&#8221; o un rock en &#8220;Vamos pa&#8217;l Sur&#8221;.<\/div>\n<p>&nbsp;<\/p>\n<div dir=\"auto\"><\/div>\n<\/div>\n<div class=\"cxmmr5t8 oygrvhab hcukyx3x c1et5uql o9v6fnle\" style=\"text-align: justify;\">\n<div dir=\"auto\">En 2003 Joaqu\u00edn Sabina publica &#8220;Diario de un peat\u00f3n&#8221;, un doble CD que incluye su disco &#8220;D\u00edmelo en la calle&#8221; y otro CD con 12 nuevas canciones y sus dos \u00faltimos videoclips en una pista multimedia interactiva. Todo en un formato de lujo con un libreto ilustrado por el propio Sabina.<\/div>\n<p>&nbsp;<\/p>\n<div dir=\"auto\"><\/div>\n<\/div>\n<div class=\"cxmmr5t8 oygrvhab hcukyx3x c1et5uql o9v6fnle\" style=\"text-align: justify;\">\n<div dir=\"auto\">En 2005, despu\u00e9s de tres a\u00f1os volcado en su actividad liter\u00e1ria y po\u00e9tica, en los que Joaqu\u00edn Sabina no ha grabado ning\u00fan material nuevo, reaparece rodeado de un grupo de excelentes colaboradores. El t\u00edtulo del nuevo trabajo de Joaqu\u00edn Sabina es &#8220;Alivio de luto&#8221;, en el que adem\u00e1s se incluye un DVD con entrevistas y versiones ac\u00fasticas y caseras.<\/div>\n<div dir=\"auto\"><\/div>\n<p>&nbsp;<\/p>\n<\/div>\n<div class=\"cxmmr5t8 oygrvhab hcukyx3x c1et5uql o9v6fnle\" style=\"text-align: justify;\">\n<div dir=\"auto\">En Noviembre de 2009, Sabina regresa con un nuevo \u00e1lbum, titulado &#8220;Vinagre y rosas&#8221;, un \u00e1lbum integrado por 14 canciones en las que Joaqu\u00edn Sabina vuelve a desnudarse, esc\u00e9ptico y ut\u00f3pico, real y fant\u00e1stico, pero nunca complaciente.<\/div>\n<div dir=\"auto\"><\/div>\n<p>&nbsp;<\/p>\n<\/div>\n<div dir=\"auto\" style=\"text-align: justify;\"><strong>Date of Birth:<\/strong> February 12, 1949<\/div>\n<p>&nbsp;<\/p>\n<div dir=\"auto\"><\/div>\n<div dir=\"auto\" style=\"text-align: justify;\"><strong>Biography<\/strong><\/div>\n<p>&nbsp;<\/p>\n<div dir=\"auto\"><\/div>\n<div dir=\"auto\" style=\"text-align: justify;\">Joaqu\u00edn Sabina was born in Ubeda (Ja\u00e9n) on February 12, 1949 (he is 71 years old), he is a Spanish singer-songwriter, poet and painter. son of a policeman. At the age of fourteen he began to write verses and play with some friends. In 1968 Joaquin Sabina began his studies at the University of Granada, but left shortly after to go into exile in London, where he lived as a squat and collaborated with other exiles in cultural and theatrical movements.<\/div>\n<p>&nbsp;<\/p>\n<div dir=\"auto\" style=\"text-align: justify;\">In 1975 Joaqu\u00edn Sabina begins to compose songs and play in venues. In 1977, after the dictatorship, he returned to Spain, where he had to do his military service. Finally, in 1978, Sabina&#8217;s first album, &#8216;Inventario&#8217;, was released, reaching number one with the song &#8216;Pongamos que hablo de Madrid&#8217;.<\/div>\n<p>&nbsp;<\/p>\n<div dir=\"auto\" style=\"text-align: justify;\">Next, Joaqu\u00edn Sabina edits &#8216;Malas Compa\u00f1\u00edas&#8217; and the album recorded live &#8216;La mandr\u00e1gora&#8217;, with which he causes a minor scandal due to the themes he touches on in his songs. Let us remember that Spain had just come out of fascism and traces of old smells remained in the air.<\/div>\n<p>&nbsp;<\/p>\n<div dir=\"auto\" style=\"text-align: justify;\">His favorite characters are those who will never succeed: drunks, prostitutes, neighborhood thieves&#8230; He likes to talk about what goes against the rules and against what is considered &#8216;morally correct&#8217;.<\/div>\n<p>&nbsp;<\/p>\n<div dir=\"auto\" style=\"text-align: justify;\">In 1983 Sabina published &#8216;Russian Roulette&#8217; and two years later &#8216;Juez y parte&#8217;. His political concerns lead him to participate in the anti-NATO campaign. He works with Viceversa on the album &#8216;Joaqu\u00edn Sabina y Viceversa&#8217;.<\/div>\n<p>&nbsp;<\/p>\n<div dir=\"auto\" style=\"text-align: justify;\">In 1987 &#8216;Hotel, Dulce Hotel&#8217; was published, which was a great sales success in Spain. Success that he repeated the following year with &#8216;The man in the gray suit&#8217;, which served him to give a great tour of South America.<\/div>\n<p>&nbsp;<\/p>\n<div dir=\"auto\" style=\"text-align: justify;\">In 1990 he published &#8216;Pious Mentiras&#8217; and in 1992 &#8216;Physics and Chemistry&#8217;, with which he obtained splendid results and which led him once again to tour the American continent.<\/div>\n<p>&nbsp;<\/p>\n<div dir=\"auto\" style=\"text-align: justify;\">Get new hits, one with &#8216;This mouth is mine&#8217; and &#8216;Yo, mi, me, conti&#8217;. In his work &#8217;19 days and 500 nights&#8217;, despite the excesses committed with tobacco being noticed in his voice, he presents us with an album full of very good songs.<\/div>\n<p>&nbsp;<\/p>\n<div dir=\"auto\" style=\"text-align: justify;\"><\/div>\n<div dir=\"auto\" style=\"text-align: justify;\">After recovering from a serious illness, he brought us a new studio album: &#8216;Dimelo en la calle&#8217;. Recorded between October 2001 and September 2002, the production was carried out by two faithful collaborators and connoisseurs of Joaqu\u00edn Sabina, such as Antonio Garc\u00eda Diego and Pancho Varona. The album features the collaboration of Pasion Vega on the choirs of &#8220;The most beautiful song in the world&#8221; and that of Santiago Segura who sings a duet with Sabina &#8220;Semos Differens&#8221;, a song that is included as Bonus Tracks. A total of 14 songs among which we find a son in &#8220;Ya Eyacul\u00e9&#8221;, a tango in &#8220;I also play my mouth&#8221; or a rock in &#8220;Vamos pa&#8217;l Sur&#8221;.<\/div>\n<p>&nbsp;<\/p>\n<div dir=\"auto\" style=\"text-align: justify;\">In 2003 Joaqu\u00edn Sabina published &#8220;Diario de un ped\u00e9t\u00f3n&#8221;, a double CD that includes his album &#8220;D\u00edmelo en la calle&#8221; and another CD with 12 new songs and his last two video clips on an interactive multimedia track. All in a luxury format with a booklet illustrated by Sabina himself.<\/div>\n<p>&nbsp;<\/p>\n<div dir=\"auto\" style=\"text-align: justify;\">In 2005, after three years devoted to his literary and poetic activity, in which Joaqu\u00edn Sabina has not recorded any new material, he reappears surrounded by a group of excellent collaborators. The title of Joaqu\u00edn Sabina&#8217;s new work is &#8220;Alivio de mourning&#8221;, which also includes a DVD with interviews and acoustic and homemade versions.<\/div>\n<p>&nbsp;<\/p>\n<div dir=\"auto\" style=\"text-align: justify;\">In November 2009, Sabina returns with a new album, entitled &#8220;Vinagre y Rosas&#8221;, an album made up of 14 songs in which Joaqu\u00edn Sabina once again strips naked, skeptical and utopian, real and fantastic, but never complacent.<\/div>\n<div dir=\"auto\"><\/div>\n<p>&nbsp;<\/p>\n<div class=\"cxmmr5t8 oygrvhab hcukyx3x c1et5uql o9v6fnle\" style=\"text-align: justify;\">\n<div dir=\"auto\"><strong>Discograf\u00eda<\/strong><\/div>\n<p>&nbsp;<\/p>\n<div dir=\"auto\"><\/div>\n<div dir=\"auto\">\n<table width=\"671\">\n<tbody>\n<tr>\n<td style=\"text-align: center;\" width=\"248\"><strong>G\u00e9nero Pop, Rock, Latin<\/strong><\/td>\n<td style=\"text-align: center;\" width=\"423\"><strong>Escuchar Tema<\/strong><\/td>\n<\/tr>\n<tr>\n<td>1<\/td>\n<td>Inventario<\/td>\n<\/tr>\n<tr>\n<td>2<\/td>\n<td>Tratado De Impaciencia N\u00famero 10<\/td>\n<\/tr>\n<tr>\n<td>3<\/td>\n<td>Tango Del Quinielista<\/td>\n<\/tr>\n<tr>\n<td>4<\/td>\n<td>1968<\/td>\n<\/tr>\n<tr>\n<td>5<\/td>\n<td>40 Orsett Terrace<\/td>\n<\/tr>\n<tr>\n<td>6<\/td>\n<td>Romance De La Gentil Dama Y El Rustico Pastor<\/td>\n<\/tr>\n<tr>\n<td>7<\/td>\n<td>Donde Dijeron Digo Decid Diego<\/td>\n<\/tr>\n<tr>\n<td>8<\/td>\n<td>Canci\u00f3n Para Las Manos De Un Soldado<\/td>\n<\/tr>\n<tr>\n<td>9<\/td>\n<td>Palabras Como Cuerpos<\/td>\n<\/tr>\n<tr>\n<td>10<\/td>\n<td>Mi Vecino De Arriba<\/td>\n<\/tr>\n<tr>\n<td>11<\/td>\n<td>Calle Melancol\u00eda<\/td>\n<\/tr>\n<tr>\n<td>12<\/td>\n<td>Qu\u00e9 Demasiado (Una Canci\u00f3n Para El Jaro)<\/td>\n<\/tr>\n<tr>\n<td>13<\/td>\n<td>Carguen, Apunten, Fuego<\/td>\n<\/tr>\n<tr>\n<td>14<\/td>\n<td>Gulliver<\/td>\n<\/tr>\n<tr>\n<td>15<\/td>\n<td>C\u00edrculos Viciosos<\/td>\n<\/tr>\n<tr>\n<td>16<\/td>\n<td>Pongamos Que Hablo De Madrid<\/td>\n<\/tr>\n<tr>\n<td>17<\/td>\n<td>Manual Para H\u00e9roes O Canallas<\/td>\n<\/tr>\n<tr>\n<td>18<\/td>\n<td>Bruja<\/td>\n<\/tr>\n<tr>\n<td>19<\/td>\n<td>Mi Amigo Sat\u00e1n<\/td>\n<\/tr>\n<tr>\n<td>20<\/td>\n<td>Pas\u00e1ndolo Bien<\/td>\n<\/tr>\n<tr>\n<td>21<\/td>\n<td>Ocupen Su Localidad<\/td>\n<\/tr>\n<tr>\n<td>22<\/td>\n<td>Juana La Loca<\/td>\n<\/tr>\n<tr>\n<td>23<\/td>\n<td>Caballo De Cart\u00f3n<\/td>\n<\/tr>\n<tr>\n<td>24<\/td>\n<td>Guerra Mundial<\/td>\n<\/tr>\n<tr>\n<td>25<\/td>\n<td>Viejo Blues De La Soledad<\/td>\n<\/tr>\n<tr>\n<td>26<\/td>\n<td>Eh, Sabina<\/td>\n<\/tr>\n<tr>\n<td>27<\/td>\n<td>Negra Noche<\/td>\n<\/tr>\n<tr>\n<td>28<\/td>\n<td>Ring, Ring, Ring<\/td>\n<\/tr>\n<tr>\n<td>29<\/td>\n<td>Por El T\u00fanel<\/td>\n<\/tr>\n<tr>\n<td>30<\/td>\n<td>Pisa El Acelerador<\/td>\n<\/tr>\n<tr>\n<td>31<\/td>\n<td>G\u00fcisqui Sin Soda (Sexo Sin Boda)<\/td>\n<\/tr>\n<tr>\n<td>32<\/td>\n<td>Cuando Era M\u00e1s Joven<\/td>\n<\/tr>\n<tr>\n<td>33<\/td>\n<td>Ciudadano Cero<\/td>\n<\/tr>\n<tr>\n<td>34<\/td>\n<td>El Joven Aprendiz De Pintor<\/td>\n<\/tr>\n<tr>\n<td>35<\/td>\n<td>Rebajas De Enero<\/td>\n<\/tr>\n<tr>\n<td>36<\/td>\n<td>Kung Fu<\/td>\n<\/tr>\n<tr>\n<td>37<\/td>\n<td>Balada De Tolito<\/td>\n<\/tr>\n<tr>\n<td>38<\/td>\n<td>Incompatibilidad De Caracteres<\/td>\n<\/tr>\n<tr>\n<td>39<\/td>\n<td>Princesa<\/td>\n<\/tr>\n<tr>\n<td>40<\/td>\n<td>Qu\u00e9date A Dormir<\/td>\n<\/tr>\n<tr>\n<td>41<\/td>\n<td>As\u00ed Estoy Yo Sin Ti<\/td>\n<\/tr>\n<tr>\n<td>42<\/td>\n<td>Pacto Entre Caballeros<\/td>\n<\/tr>\n<tr>\n<td>43<\/td>\n<td>Que Se Llama Soledad<\/td>\n<\/tr>\n<tr>\n<td>44<\/td>\n<td>Besos De Judas<\/td>\n<\/tr>\n<tr>\n<td>45<\/td>\n<td>Oiga Doctor<\/td>\n<\/tr>\n<tr>\n<td>46<\/td>\n<td>Amores Eternos<\/td>\n<\/tr>\n<tr>\n<td>47<\/td>\n<td>M\u00f3nica<\/td>\n<\/tr>\n<tr>\n<td>48<\/td>\n<td>Cuernos<\/td>\n<\/tr>\n<tr>\n<td>49<\/td>\n<td>Hotel, Dulce Hotel<\/td>\n<\/tr>\n<tr>\n<td>50<\/td>\n<td>Eclipse De Mar<\/td>\n<\/tr>\n<tr>\n<td><\/td>\n<td><\/td>\n<\/tr>\n<\/tbody>\n<\/table>\n<p>&nbsp;<\/p>\n<\/div>\n<\/div>\n<div class=\"epyt-video-wrapper\"><iframe loading=\"lazy\"  id=\"_ytid_38844\"  width=\"618\" height=\"347\"  data-origwidth=\"618\" data-origheight=\"347\" src=\"https:\/\/www.youtube.com\/embed\/e_4fvEiE3qk?enablejsapi=1&#038;autoplay=0&#038;cc_load_policy=0&#038;cc_lang_pref=&#038;iv_load_policy=1&#038;loop=0&#038;modestbranding=0&#038;rel=1&#038;fs=1&#038;playsinline=0&#038;autohide=2&#038;theme=dark&#038;color=red&#038;controls=1&#038;\" class=\"__youtube_prefs__  epyt-is-override  no-lazyload\" title=\"YouTube player\"  allow=\"fullscreen; accelerometer; autoplay; clipboard-write; encrypted-media; gyroscope; picture-in-picture\" allowfullscreen data-no-lazy=\"1\" data-skipgform_ajax_framebjll=\"\"><\/iframe><\/div>\n","protected":false},"excerpt":{"rendered":"<p>&nbsp; Fecha de Nacimiento: 12 de febrero de 1949 &nbsp; Biograf\u00eda &nbsp; Joaqu\u00edn Sabina naci\u00f3 en Ubeda (Ja\u00e9n) el 12 de febrero de 1949 (tiene 71 a\u00f1os de edad), es un cantautor, poeta y pintor espa\u00f1ol. hijo de un polic\u00eda. A los catorce a\u00f1os comienza a escribir versos y a tocar con unos amigos. En &hellip;<\/p>\n","protected":false},"author":1,"featured_media":0,"parent":0,"menu_order":0,"comment_status":"closed","ping_status":"closed","template":"","meta":{"footnotes":""},"class_list":["post-27937","page","type-page","status-publish",""],"jetpack_sharing_enabled":true,"_links":{"self":[{"href":"http:\/\/mickyandoniehn.com\/radio\/wp-json\/wp\/v2\/pages\/27937","targetHints":{"allow":["GET"]}}],"collection":[{"href":"http:\/\/mickyandoniehn.com\/radio\/wp-json\/wp\/v2\/pages"}],"about":[{"href":"http:\/\/mickyandoniehn.com\/radio\/wp-json\/wp\/v2\/types\/page"}],"author":[{"embeddable":true,"href":"http:\/\/mickyandoniehn.com\/radio\/wp-json\/wp\/v2\/users\/1"}],"replies":[{"embeddable":true,"href":"http:\/\/mickyandoniehn.com\/radio\/wp-json\/wp\/v2\/comments?post=27937"}],"version-history":[{"count":2,"href":"http:\/\/mickyandoniehn.com\/radio\/wp-json\/wp\/v2\/pages\/27937\/revisions"}],"predecessor-version":[{"id":30294,"href":"http:\/\/mickyandoniehn.com\/radio\/wp-json\/wp\/v2\/pages\/27937\/revisions\/30294"}],"wp:attachment":[{"href":"http:\/\/mickyandoniehn.com\/radio\/wp-json\/wp\/v2\/media?parent=27937"}],"curies":[{"name":"wp","href":"https:\/\/api.w.org\/{rel}","templated":true}]}}