{"id":27927,"date":"2022-08-25T12:20:05","date_gmt":"2022-08-25T18:20:05","guid":{"rendered":"https:\/\/mickyandoniehn.com\/radio\/?page_id=27927"},"modified":"2022-09-01T09:17:22","modified_gmt":"2022-09-01T15:17:22","slug":"carole-king","status":"publish","type":"page","link":"http:\/\/mickyandoniehn.com\/radio\/carole-king\/","title":{"rendered":"Carole King"},"content":{"rendered":"<p style=\"text-align: justify;\"><img loading=\"lazy\" decoding=\"async\" class=\" wp-image-24543 aligncenter\" src=\"http:\/\/mickyandoniehn.com\/radio\/wp-content\/uploads\/2022\/08\/Carole-King-197x300.png\" alt=\"\" width=\"389\" height=\"592\" srcset=\"http:\/\/mickyandoniehn.com\/radio\/wp-content\/uploads\/2022\/08\/Carole-King-197x300.png 197w, http:\/\/mickyandoniehn.com\/radio\/wp-content\/uploads\/2022\/08\/Carole-King.png 356w\" sizes=\"auto, (max-width: 389px) 100vw, 389px\" \/><\/p>\n<p>&nbsp;<\/p>\n<div class=\"cxmmr5t8 oygrvhab hcukyx3x c1et5uql o9v6fnle ii04i59q\" style=\"text-align: justify;\">\n<div dir=\"auto\"><strong>Fecha de Nacimiento:<\/strong> 9 de febrero de 1942<\/div>\n<p>&nbsp;<\/p>\n<div dir=\"auto\"><\/div>\n<\/div>\n<div class=\"cxmmr5t8 oygrvhab hcukyx3x c1et5uql o9v6fnle ii04i59q\" style=\"text-align: justify;\">\n<div dir=\"auto\"><strong>Biograf\u00eda<\/strong><\/div>\n<p>&nbsp;<\/p>\n<div dir=\"auto\"><\/div>\n<div dir=\"auto\">Conocida como Carole King, es una cantante, pianista y compositora estadounidense. Su \u00e9poca de mayor actividad como compositora fue en los a\u00f1os 60, y como cantante fue durante la d\u00e9cada de los &#8217;70, si bien tanto antes como despu\u00e9s ha tenido considerable aceptaci\u00f3n como compositora.<\/div>\n<p>&nbsp;<\/p>\n<div dir=\"auto\"><\/div>\n<\/div>\n<div class=\"cxmmr5t8 oygrvhab hcukyx3x c1et5uql o9v6fnle ii04i59q\" style=\"text-align: justify;\">\n<div dir=\"auto\">King ha ganado cuatro premios Grammy y ha sido incluida en el Sal\u00f3n de la Fama del Rock and Roll (Rock and Roll Hall of Fame) y en el Sal\u00f3n de la Fama de los Compositores (Songwriters Hall of Fame) por su trabajo, junto con su compa\u00f1ero Gerry Goffin.<\/div>\n<div dir=\"auto\"><\/div>\n<p>&nbsp;<\/p>\n<\/div>\n<div class=\"cxmmr5t8 oygrvhab hcukyx3x c1et5uql o9v6fnle ii04i59q\" style=\"text-align: justify;\">\n<div dir=\"auto\">Con Goffin, King escribi\u00f3 m\u00e1s de dos docenas de \u00e9xitos para numerosos artistas durante los a\u00f1os 1960, muchos de los cuales se han convertido en est\u00e1ndares.<\/div>\n<p>&nbsp;<\/p>\n<div dir=\"auto\"><\/div>\n<\/div>\n<div class=\"cxmmr5t8 oygrvhab hcukyx3x c1et5uql o9v6fnle ii04i59q\" style=\"text-align: justify;\">\n<div dir=\"auto\">Como cantante, ha realizado 25 \u00e1lbumes en solitario, siendo su \u00e1lbum Tapestry el m\u00e1s exitoso de su carrera al encabezar la lista de \u00e1lbumes de Estados Unidos durante 15 semanas en 1971, y permanecer en las listas durante m\u00e1s de seis a\u00f1os. Adem\u00e1s, Tapestry mantuvo el r\u00e9cord de \u00e1lbum interpretado por una solista como n\u00famero uno durante m\u00e1s tiempo, solo superado por Whitney Houston con El Guardaespaldas y por Adele y su \u00e1lbum 21.<\/div>\n<p>&nbsp;<\/p>\n<div dir=\"auto\"><\/div>\n<\/div>\n<div class=\"cxmmr5t8 oygrvhab hcukyx3x c1et5uql o9v6fnle ii04i59q\" style=\"text-align: justify;\">\n<div dir=\"auto\">Tuvo mucho \u00e9xito como int\u00e9rprete en la primera mitad de la d\u00e9cada de 1970, a pesar de que fuera una compositora de \u00e9xito mucho antes y que despu\u00e9s lo haya seguido siendo. Tuvo su primer n\u00famero 1 en las listas Billboard como compositora en 1961 a los 19 a\u00f1os, con &#8220;Will You Love Me Tomorrow&#8221;, interpretada por &#8220;The Shirelles&#8221; que escribi\u00f3 con Gerry Goffin. En 1997, co-escribi\u00f3 &#8220;The Reason&#8221; de Aerosmith, aunque fue cantada por C\u00e9line Dion.<\/div>\n<p>&nbsp;<\/p>\n<div dir=\"auto\"><\/div>\n<\/div>\n<div class=\"cxmmr5t8 oygrvhab hcukyx3x c1et5uql o9v6fnle ii04i59q\" style=\"text-align: justify;\">\n<div dir=\"auto\"><strong>Wikipedia in English<\/strong><\/div>\n<p>&nbsp;<\/p>\n<div dir=\"auto\"><\/div>\n<\/div>\n<div class=\"cxmmr5t8 oygrvhab hcukyx3x c1et5uql o9v6fnle ii04i59q\" style=\"text-align: justify;\">\n<div dir=\"auto\"><strong>Date of Birth:<\/strong> February 9, 1942<\/div>\n<p>&nbsp;<\/p>\n<div dir=\"auto\"><\/div>\n<\/div>\n<div class=\"cxmmr5t8 oygrvhab hcukyx3x c1et5uql o9v6fnle ii04i59q\" style=\"text-align: justify;\">\n<div dir=\"auto\"><strong>Biography<\/strong><\/div>\n<p>&nbsp;<\/p>\n<div dir=\"auto\"><\/div>\n<div dir=\"auto\">Known as Carole King, is an American singer, pianist and songwriter. Her time of greatest activity as a songwriter was in the 60s, and as a singer it was during the &#8217;70s, although both before and after she has had considerable acceptance as a songwriter.<\/div>\n<div dir=\"auto\"><\/div>\n<p>&nbsp;<\/p>\n<\/div>\n<div class=\"cxmmr5t8 oygrvhab hcukyx3x c1et5uql o9v6fnle ii04i59q\" style=\"text-align: justify;\">\n<div dir=\"auto\">King has won four Grammy Awards and has been inducted into the Rock and Roll Hall of Fame and Songwriters Hall of Fame for his work, along with his partner Gerry Goffin.<\/div>\n<p>&nbsp;<\/p>\n<div dir=\"auto\"><\/div>\n<\/div>\n<div class=\"cxmmr5t8 oygrvhab hcukyx3x c1et5uql o9v6fnle ii04i59q\" style=\"text-align: justify;\">\n<div dir=\"auto\">With Goffin, King wrote more than two dozen hits for numerous artists during the 1960s, many of which have become standards.<\/div>\n<p>&nbsp;<\/p>\n<div dir=\"auto\"><\/div>\n<\/div>\n<div class=\"cxmmr5t8 oygrvhab hcukyx3x c1et5uql o9v6fnle ii04i59q\" style=\"text-align: justify;\">\n<div dir=\"auto\">As a singer, he has made 25 solo albums, with his album Tapestry being the most successful of his career, topping the US album chart for 15 weeks in 1971, and staying on the charts for more than six years. In addition, Tapestry held the record for the longest solo album performed by a female soloist, surpassed only by Whitney Houston with The Bodyguard and Adele and her album 21.<\/div>\n<div dir=\"auto\"><\/div>\n<p>&nbsp;<\/p>\n<\/div>\n<div class=\"cxmmr5t8 oygrvhab hcukyx3x c1et5uql o9v6fnle ii04i59q\" style=\"text-align: justify;\">\n<div dir=\"auto\">She was very successful as a performer in the first half of the 1970s, despite the fact that she was a successful songwriter long before and has continued to be successful. She had her first number 1 on the Billboard charts as a songwriter in 1961 at age 19, with &#8220;Will You Love Me Tomorrow,&#8221; performed by &#8220;The Shirelles&#8221; which she wrote with Gerry Goffin. In 1997, he co-wrote Aerosmith&#8217;s &#8220;The Reason&#8221;, although it was sung by C\u00e9line Dion.<\/div>\n<p>&nbsp;<\/p>\n<div dir=\"auto\"><\/div>\n<\/div>\n<div class=\"cxmmr5t8 oygrvhab hcukyx3x c1et5uql o9v6fnle ii04i59q\" style=\"text-align: justify;\">\n<div dir=\"auto\"><strong>Discography<\/strong><\/div>\n<p>&nbsp;<\/p>\n<div dir=\"auto\"><\/div>\n<\/div>\n<div class=\"cxmmr5t8 oygrvhab hcukyx3x c1et5uql o9v6fnle ii04i59q\" style=\"text-align: justify;\">\n<div dir=\"auto\">\n<table width=\"385\">\n<tbody>\n<tr>\n<td style=\"text-align: center;\" width=\"105\"><strong>Genero Folk rock, pop, soft rock<\/strong><\/td>\n<td style=\"text-align: center;\" width=\"200\"><strong>Escuchar Musica<\/strong><\/td>\n<td style=\"text-align: center;\" width=\"80\"><strong>A\u00f1o\u00a0<\/strong><\/td>\n<\/tr>\n<tr>\n<td>1<\/td>\n<td>Writer<\/td>\n<td>1970<\/td>\n<\/tr>\n<tr>\n<td>2<\/td>\n<td>Tapestry<\/td>\n<td>1971<\/td>\n<\/tr>\n<tr>\n<td>3<\/td>\n<td>Music<\/td>\n<td>1971<\/td>\n<\/tr>\n<tr>\n<td>4<\/td>\n<td>Rhymes and Reasons<\/td>\n<td>1972<\/td>\n<\/tr>\n<tr>\n<td>5<\/td>\n<td>\u00a0Fantasy<\/td>\n<td>1973<\/td>\n<\/tr>\n<tr>\n<td>6<\/td>\n<td>Wrap Around Joy<\/td>\n<td>1974<\/td>\n<\/tr>\n<tr>\n<td>7<\/td>\n<td>Really Rosie<\/td>\n<td>1975<\/td>\n<\/tr>\n<tr>\n<td>8<\/td>\n<td>Thoroughbred<\/td>\n<td>1976<\/td>\n<\/tr>\n<tr>\n<td>9<\/td>\n<td>Simple Things<\/td>\n<td>1977<\/td>\n<\/tr>\n<tr>\n<td>10<\/td>\n<td>Welcome Home<\/td>\n<td>1978<\/td>\n<\/tr>\n<tr>\n<td>11<\/td>\n<td>Touch the Sky<\/td>\n<td>1979<\/td>\n<\/tr>\n<tr>\n<td>12<\/td>\n<td>Pearls: Songs of Goffin and King<\/td>\n<td>1980<\/td>\n<\/tr>\n<tr>\n<td>13<\/td>\n<td>One to One<\/td>\n<td>1982<\/td>\n<\/tr>\n<tr>\n<td>14<\/td>\n<td>Speeding Time<\/td>\n<td>1983<\/td>\n<\/tr>\n<tr>\n<td>15<\/td>\n<td>City Streets<\/td>\n<td>1989<\/td>\n<\/tr>\n<tr>\n<td>16<\/td>\n<td>Color of Your Dreams<\/td>\n<td>1993<\/td>\n<\/tr>\n<tr>\n<td>17<\/td>\n<td>In concert<\/td>\n<td>1994<\/td>\n<\/tr>\n<tr>\n<td>18<\/td>\n<td>Carnegie Hal<\/td>\n<td>1996<\/td>\n<\/tr>\n<tr>\n<td>19<\/td>\n<td>\u00a0Time Heals All Wounds<\/td>\n<td>1997<\/td>\n<\/tr>\n<tr>\n<td>20<\/td>\n<td>Goin&#8217; Back<\/td>\n<td>1998<\/td>\n<\/tr>\n<tr>\n<td>21<\/td>\n<td>Super Hits<\/td>\n<td>2000<\/td>\n<\/tr>\n<tr>\n<td>22<\/td>\n<td>Love Makes the World<\/td>\n<td>2001<\/td>\n<\/tr>\n<tr>\n<td>23<\/td>\n<td>The Living Room Tour<\/td>\n<td>2005<\/td>\n<\/tr>\n<tr>\n<td>24<\/td>\n<td>Live at the Troubadour<\/td>\n<td>2010<\/td>\n<\/tr>\n<tr>\n<td>25<\/td>\n<td>A Holiday Carole<\/td>\n<td>2011<\/td>\n<\/tr>\n<tr>\n<td>26<\/td>\n<td>The Essential Carole King<\/td>\n<td>2011<\/td>\n<\/tr>\n<tr>\n<td>27<\/td>\n<td>The Legendary Demos<\/td>\n<td>2012<\/td>\n<\/tr>\n<\/tbody>\n<\/table>\n<p>Cr\u00e9ditos tomados de Wikipedia:<\/p>\n<\/div>\n<\/div>\n<div class=\"cxmmr5t8 oygrvhab hcukyx3x c1et5uql o9v6fnle ii04i59q\" style=\"text-align: justify;\">\n<div dir=\"auto\"><a class=\"oajrlxb2 g5ia77u1 qu0x051f esr5mh6w e9989ue4 r7d6kgcz rq0escxv nhd2j8a9 nc684nl6 p7hjln8o kvgmc6g5 cxmmr5t8 oygrvhab hcukyx3x jb3vyjys rz4wbd8a qt6c0cv9 a8nywdso i1ao9s8h esuyzwwr f1sip0of lzcic4wl gpro0wi8 py34i1dx\" tabindex=\"0\" role=\"link\" href=\"https:\/\/es.wikipedia.org\/wiki\/Carole_King?fbclid=IwAR0R8IXL5Y57zhzJKpQGcaFMSwv_g7zLjwmZP2ggyxyvsumPqkKlFW07e8E\" target=\"_blank\" rel=\"nofollow noopener\">https:\/\/es.wikipedia.org\/wiki\/Carole_King<\/a><\/div>\n<div dir=\"auto\"><\/div>\n<p>&nbsp;<\/p>\n<\/div>\n<div class=\"epyt-video-wrapper\"><iframe loading=\"lazy\"  id=\"_ytid_57770\"  width=\"618\" height=\"347\"  data-origwidth=\"618\" data-origheight=\"347\" src=\"https:\/\/www.youtube.com\/embed\/SClmj42XEHI?enablejsapi=1&#038;autoplay=0&#038;cc_load_policy=0&#038;cc_lang_pref=&#038;iv_load_policy=1&#038;loop=0&#038;modestbranding=0&#038;rel=1&#038;fs=1&#038;playsinline=0&#038;autohide=2&#038;theme=dark&#038;color=red&#038;controls=1&#038;\" class=\"__youtube_prefs__  epyt-is-override  no-lazyload\" title=\"YouTube player\"  allow=\"fullscreen; accelerometer; autoplay; clipboard-write; encrypted-media; gyroscope; picture-in-picture\" allowfullscreen data-no-lazy=\"1\" data-skipgform_ajax_framebjll=\"\"><\/iframe><\/div>\n","protected":false},"excerpt":{"rendered":"<p>&nbsp; Fecha de Nacimiento: 9 de febrero de 1942 &nbsp; Biograf\u00eda &nbsp; Conocida como Carole King, es una cantante, pianista y compositora estadounidense. Su \u00e9poca de mayor actividad como compositora fue en los a\u00f1os 60, y como cantante fue durante la d\u00e9cada de los &#8217;70, si bien tanto antes como despu\u00e9s ha tenido considerable aceptaci\u00f3n &hellip;<\/p>\n","protected":false},"author":1,"featured_media":0,"parent":0,"menu_order":0,"comment_status":"closed","ping_status":"closed","template":"","meta":{"footnotes":""},"class_list":["post-27927","page","type-page","status-publish",""],"jetpack_sharing_enabled":true,"_links":{"self":[{"href":"http:\/\/mickyandoniehn.com\/radio\/wp-json\/wp\/v2\/pages\/27927","targetHints":{"allow":["GET"]}}],"collection":[{"href":"http:\/\/mickyandoniehn.com\/radio\/wp-json\/wp\/v2\/pages"}],"about":[{"href":"http:\/\/mickyandoniehn.com\/radio\/wp-json\/wp\/v2\/types\/page"}],"author":[{"embeddable":true,"href":"http:\/\/mickyandoniehn.com\/radio\/wp-json\/wp\/v2\/users\/1"}],"replies":[{"embeddable":true,"href":"http:\/\/mickyandoniehn.com\/radio\/wp-json\/wp\/v2\/comments?post=27927"}],"version-history":[{"count":2,"href":"http:\/\/mickyandoniehn.com\/radio\/wp-json\/wp\/v2\/pages\/27927\/revisions"}],"predecessor-version":[{"id":30145,"href":"http:\/\/mickyandoniehn.com\/radio\/wp-json\/wp\/v2\/pages\/27927\/revisions\/30145"}],"wp:attachment":[{"href":"http:\/\/mickyandoniehn.com\/radio\/wp-json\/wp\/v2\/media?parent=27927"}],"curies":[{"name":"wp","href":"https:\/\/api.w.org\/{rel}","templated":true}]}}