{"id":27915,"date":"2022-08-25T12:15:40","date_gmt":"2022-08-25T18:15:40","guid":{"rendered":"https:\/\/mickyandoniehn.com\/radio\/?page_id=27915"},"modified":"2022-09-01T10:15:22","modified_gmt":"2022-09-01T16:15:22","slug":"gavin-degraw","status":"publish","type":"page","link":"http:\/\/mickyandoniehn.com\/radio\/gavin-degraw\/","title":{"rendered":"Gavin DeGraw"},"content":{"rendered":"<p style=\"text-align: justify;\"><img loading=\"lazy\" decoding=\"async\" class=\" wp-image-24498 aligncenter\" src=\"http:\/\/mickyandoniehn.com\/radio\/wp-content\/uploads\/2022\/08\/Gavin-DeGraw-200x300.jpg\" alt=\"\" width=\"578\" height=\"867\" srcset=\"http:\/\/mickyandoniehn.com\/radio\/wp-content\/uploads\/2022\/08\/Gavin-DeGraw-200x300.jpg 200w, http:\/\/mickyandoniehn.com\/radio\/wp-content\/uploads\/2022\/08\/Gavin-DeGraw.jpg 337w\" sizes=\"auto, (max-width: 578px) 100vw, 578px\" \/><\/p>\n<p>&nbsp;<\/p>\n<p style=\"text-align: justify;\"><strong>Nacimiento\u00a0\u00a0\u00a0 <\/strong>04 de febrero 1977<\/p>\n<p style=\"text-align: justify;\"><strong>Biograf\u00eda<\/strong><\/p>\n<p style=\"text-align: justify;\">Es un cantautor estadounidense m\u00e1s conocido por las canciones &#8220;Chariot&#8221;, y\u00a0 &#8220;Follow Through&#8221;.<\/p>\n<p style=\"text-align: justify;\">En 2003 el productor musical Clive Davis lo descubri\u00f3 en las salas de fiestas de Manhattan. Firm\u00f3 contrato con J Records y public\u00f3 su \u00e1lbum, Chariot. Fue certificado con el Disco de Platino en los Estados Unidos. Tuvo \u00e9xito con sus dos \u00e1lbumes siguientes, Gavin Degraw (2008) y Free (2009). Gavin DeGraw es el copropietario del bar The National Underground con su hermano el cantautor Joey.<\/p>\n<p style=\"text-align: justify;\">Originalmente, DeGraw se inici\u00f3 en Manhattan en los clubes locales de West junto a los pianistas Andr\u00e9s y Lenny Revell, atrayendo a varios de sus seguidores a la ciudad. Tuvo su gran oportunidad cuando &#8220;I Don&#8217;t Want to Be&#8221; fue elegido como el tema para la serie juvenil One Tree Hill. Su canci\u00f3n &#8220;We Belong Together&#8221; fue incluida tambi\u00e9n en la pel\u00edcula de 2006 Trist\u00e1n e Isolda.<\/p>\n<p style=\"text-align: justify;\">En 2004, DeGraw lanzado una versi\u00f3n ac\u00fastica de su \u00e1lbum Chariot llamado Chariot Stripped. DeGraw y su banda grab\u00f3 el \u00e1lbum en vivo en el estudio, en una sola toma en la voz, buscando un efecto \u00edntimo.<\/p>\n<p style=\"text-align: justify;\"><strong>Birth<\/strong> February 4, 1977<\/p>\n<p style=\"text-align: justify;\"><strong>Biography<\/strong><\/p>\n<p style=\"text-align: justify;\">He is an American singer-songwriter best known for the songs &#8220;Chariot&#8221;, and &#8220;Follow Through&#8221;.<\/p>\n<p style=\"text-align: justify;\">In 2003 music producer Clive Davis discovered him in Manhattan nightclubs. He signed with J Records and released his album, Chariot. It was certified Platinum in the United States. He had success with his next two albums, Gavin Degraw (2008) and Free (2009). Gavin DeGraw is the co-owner of The National Underground bar with his brother, singer-songwriter Joey.<\/p>\n<p style=\"text-align: justify;\">DeGraw originally got his start in Manhattan at local West clubs alongside pianists Andrew and Lenny Revell, attracting several of his fans to the city. He got his big break when &#8220;I Don&#8217;t Want to Be&#8221; was chosen as the theme song for the teen series One Tree Hill. His song &#8220;We Belong Together&#8221; was also included in the 2006 film Tristan and Iseult.<\/p>\n<p style=\"text-align: justify;\">In 2004, DeGraw released an acoustic version on his Chariot album called Chariot Stripped. DeGraw and his band recorded the album live in the studio, in one take on vocals, for an intimate effect.<\/p>\n<p style=\"text-align: justify;\"><strong>Discograf\u00eda<\/strong><\/p>\n<table width=\"385\">\n<tbody>\n<tr>\n<td style=\"text-align: center;\" width=\"105\"><strong>Genero pop rock\u00a0<\/strong><\/td>\n<td style=\"text-align: center;\" width=\"200\"><strong>Escuchar Musica<\/strong><\/td>\n<td style=\"text-align: center;\" width=\"80\"><strong>A\u00f1o\u00a0<\/strong><\/td>\n<\/tr>\n<tr>\n<td>1<\/td>\n<td>Gavin Live (\u00e1lbum indie)<\/td>\n<td>2001<\/td>\n<\/tr>\n<tr>\n<td>2<\/td>\n<td>Chariot<\/td>\n<td>2003<\/td>\n<\/tr>\n<tr>\n<td>3<\/td>\n<td>Chariot (Stripped)<\/td>\n<td>2004<\/td>\n<\/tr>\n<tr>\n<td>4<\/td>\n<td>Gavin Degraw<\/td>\n<td>2008<\/td>\n<\/tr>\n<tr>\n<td>5<\/td>\n<td>iTunes: Live from Soho (EP)<\/td>\n<td>2008<\/td>\n<\/tr>\n<tr>\n<td>6<\/td>\n<td>Free<\/td>\n<td>2009<\/td>\n<\/tr>\n<tr>\n<td>7<\/td>\n<td>Sweeter<\/td>\n<td>2011<\/td>\n<\/tr>\n<tr>\n<td>8<\/td>\n<td>Make a Move<\/td>\n<td>2013<\/td>\n<\/tr>\n<tr>\n<td>9<\/td>\n<td>Finest Hour: The Best of Gavin DeGraw<\/td>\n<td>2014<\/td>\n<\/tr>\n<\/tbody>\n<\/table>\n","protected":false},"excerpt":{"rendered":"<p>&nbsp; Nacimiento\u00a0\u00a0\u00a0 04 de febrero 1977 Biograf\u00eda Es un cantautor estadounidense m\u00e1s conocido por las canciones &#8220;Chariot&#8221;, y\u00a0 &#8220;Follow Through&#8221;. En 2003 el productor musical Clive Davis lo descubri\u00f3 en las salas de fiestas de Manhattan. Firm\u00f3 contrato con J Records y public\u00f3 su \u00e1lbum, Chariot. Fue certificado con el Disco de Platino en los &hellip;<\/p>\n","protected":false},"author":1,"featured_media":0,"parent":0,"menu_order":0,"comment_status":"closed","ping_status":"closed","template":"","meta":{"footnotes":""},"class_list":["post-27915","page","type-page","status-publish",""],"jetpack_sharing_enabled":true,"_links":{"self":[{"href":"http:\/\/mickyandoniehn.com\/radio\/wp-json\/wp\/v2\/pages\/27915","targetHints":{"allow":["GET"]}}],"collection":[{"href":"http:\/\/mickyandoniehn.com\/radio\/wp-json\/wp\/v2\/pages"}],"about":[{"href":"http:\/\/mickyandoniehn.com\/radio\/wp-json\/wp\/v2\/types\/page"}],"author":[{"embeddable":true,"href":"http:\/\/mickyandoniehn.com\/radio\/wp-json\/wp\/v2\/users\/1"}],"replies":[{"embeddable":true,"href":"http:\/\/mickyandoniehn.com\/radio\/wp-json\/wp\/v2\/comments?post=27915"}],"version-history":[{"count":2,"href":"http:\/\/mickyandoniehn.com\/radio\/wp-json\/wp\/v2\/pages\/27915\/revisions"}],"predecessor-version":[{"id":30245,"href":"http:\/\/mickyandoniehn.com\/radio\/wp-json\/wp\/v2\/pages\/27915\/revisions\/30245"}],"wp:attachment":[{"href":"http:\/\/mickyandoniehn.com\/radio\/wp-json\/wp\/v2\/media?parent=27915"}],"curies":[{"name":"wp","href":"https:\/\/api.w.org\/{rel}","templated":true}]}}