{"id":27905,"date":"2022-08-25T12:10:59","date_gmt":"2022-08-25T18:10:59","guid":{"rendered":"https:\/\/mickyandoniehn.com\/radio\/?page_id=27905"},"modified":"2022-09-01T09:37:15","modified_gmt":"2022-09-01T15:37:15","slug":"dennis-edwards","status":"publish","type":"page","link":"http:\/\/mickyandoniehn.com\/radio\/dennis-edwards\/","title":{"rendered":"Dennis Edwards"},"content":{"rendered":"<p style=\"text-align: justify;\"><img loading=\"lazy\" decoding=\"async\" class=\" wp-image-24486 aligncenter\" src=\"http:\/\/mickyandoniehn.com\/radio\/wp-content\/uploads\/2022\/08\/Dennis-Edwards-277x300.jpg\" alt=\"\" width=\"677\" height=\"733\" \/><\/p>\n<p>&nbsp;<\/p>\n<div class=\"cxmmr5t8 oygrvhab hcukyx3x c1et5uql o9v6fnle ii04i59q\" style=\"text-align: justify;\">\n<div dir=\"auto\"><strong>Fecha de Nacimiento:<\/strong> 3 de febrero de 1943<\/div>\n<p>&nbsp;<\/p>\n<div dir=\"auto\"><\/div>\n<div dir=\"auto\"><strong>Fecha de Fallecimiento:<\/strong> 1 de febrero de 2018<\/div>\n<p>&nbsp;<\/p>\n<div dir=\"auto\"><\/div>\n<\/div>\n<div class=\"cxmmr5t8 oygrvhab hcukyx3x c1et5uql o9v6fnle ii04i59q\" style=\"text-align: justify;\">\n<div dir=\"auto\"><strong>Biograf\u00eda<\/strong><\/div>\n<p>&nbsp;<\/p>\n<div dir=\"auto\"><\/div>\n<div dir=\"auto\">Fue un cantante estadounidense de soul y R&amp;B que fue mejor conocido como el l\u00edder de The Temptations , en Motown Records . Edwards se uni\u00f3 a The Temptations en 1968, reemplazando a David Ruffin y cant\u00f3 con el grupo de 1968 a 1976, de 1980 a 1984 y de 1987 a 1989. A mediados de la d\u00e9cada de 1980, intent\u00f3 una carrera en solitario, logrando un \u00e9xito en 1984 con &#8221; Don&#8217;t Mira m\u00e1s lejos &#8220;(con Siedah Garrett ). Hasta su muerte, Edwards fue el cantante principal de The Temptations Review, un grupo disidente de Temptations.<\/div>\n<div dir=\"auto\"><\/div>\n<p>&nbsp;<\/p>\n<\/div>\n<div class=\"cxmmr5t8 oygrvhab hcukyx3x c1et5uql o9v6fnle ii04i59q\" style=\"text-align: justify;\">\n<div dir=\"auto\">Cuando era adolescente, Edwards se uni\u00f3 a un grupo vocal de gospel llamado The Mighty Clouds of Joy y estudi\u00f3 m\u00fasica en el Conservatorio de M\u00fasica de Detroit. No se le permiti\u00f3 cantar ni escuchar m\u00fasica secular en casa, y su madre desaprob\u00f3 que \u00e9l comenzara a perseguir una carrera cantando ritmos y blues.<\/div>\n<p>&nbsp;<\/p>\n<div dir=\"auto\"><\/div>\n<\/div>\n<div class=\"cxmmr5t8 oygrvhab hcukyx3x c1et5uql o9v6fnle ii04i59q\" style=\"text-align: justify;\">\n<div dir=\"auto\">En 1961 organiz\u00f3 su propio grupo de soul \/ jazz , n 1961, [4] Edwards grab\u00f3 un sencillo para el oscuro sello de Detroit Despu\u00e9s de un tiempo sirvi\u00f3 en el ej\u00e9rcito de los Estados Unidos, en 1966 Edwards adicion\u00f3 para Motown Records de Detroit , donde fue contratado pero puesto en un anticipo . M\u00e1s tarde ese a\u00f1o, fue asignado a unirse a The Contours despu\u00e9s de que su cantante principal, Billy Gordon, se enfermara.<\/div>\n<p>&nbsp;<\/p>\n<div dir=\"auto\"><\/div>\n<\/div>\n<div class=\"cxmmr5t8 oygrvhab hcukyx3x c1et5uql o9v6fnle ii04i59q\" style=\"text-align: justify;\">\n<div dir=\"auto\"><strong>Wikipedia in English<\/strong><\/div>\n<p>&nbsp;<\/p>\n<div dir=\"auto\"><\/div>\n<\/div>\n<div class=\"cxmmr5t8 oygrvhab hcukyx3x c1et5uql o9v6fnle ii04i59q\" style=\"text-align: justify;\">\n<div dir=\"auto\"><strong>Date of Birth:<\/strong> February 3, 1943<\/div>\n<p>&nbsp;<\/p>\n<div dir=\"auto\"><\/div>\n<div dir=\"auto\"><strong>Date of Died:<\/strong> February 1, 2018<\/div>\n<p>&nbsp;<\/p>\n<div dir=\"auto\"><\/div>\n<\/div>\n<div class=\"cxmmr5t8 oygrvhab hcukyx3x c1et5uql o9v6fnle ii04i59q\" style=\"text-align: justify;\">\n<div dir=\"auto\"><strong>Biography<\/strong><\/div>\n<p>&nbsp;<\/p>\n<div dir=\"auto\"><\/div>\n<div dir=\"auto\">He was an American soul and R&amp;B singer who was best known as the frontman for The Temptations, on Motown Records. Edwards joined The Temptations in 1968, replacing David Ruffin, and sang with the group from 1968 to 1976, 1980 to 1984, and 1987 to 1989. In the mid-1980s, he attempted a solo career, achieving success. in 1984 with &#8220;Don&#8217;t Look Any Farther&#8221; (with Siedah Garrett). Until his death, Edwards was the lead singer of The Temptations Review, a Temptations splinter group.<\/div>\n<p>&nbsp;<\/p>\n<div dir=\"auto\"><\/div>\n<\/div>\n<div class=\"cxmmr5t8 oygrvhab hcukyx3x c1et5uql o9v6fnle ii04i59q\" style=\"text-align: justify;\">\n<div dir=\"auto\">As a teenager, Edwards joined a gospel vocal group called The Mighty Clouds of Joy and studied music at the Detroit Conservatory of Music. He was not allowed to sing or listen to secular music at home, and his mother disapproved of him beginning to pursue a career singing rhythm and blues.<\/div>\n<p>&nbsp;<\/p>\n<div dir=\"auto\"><\/div>\n<\/div>\n<div class=\"cxmmr5t8 oygrvhab hcukyx3x c1et5uql o9v6fnle ii04i59q\" style=\"text-align: justify;\">\n<div dir=\"auto\">In 1961 he organized his own soul\/jazz group, in 1961, [4] Edwards recorded a single for Detroit&#8217;s obscure label After serving for a time in the United States Army, in 1966 Edwards auditioned for Detroit&#8217;s Motown Records, where he was hired but put on an advance. Later that year, he was assigned to join The Contours after their lead singer, Billy Gordon, fell ill.<\/div>\n<p>&nbsp;<\/p>\n<div dir=\"auto\"><\/div>\n<\/div>\n<div class=\"cxmmr5t8 oygrvhab hcukyx3x c1et5uql o9v6fnle ii04i59q\" style=\"text-align: justify;\">\n<div dir=\"auto\"><strong>Discograf\u00eda<\/strong><\/div>\n<p>&nbsp;<\/p>\n<div dir=\"auto\"><\/div>\n<\/div>\n<div class=\"cxmmr5t8 oygrvhab hcukyx3x c1et5uql o9v6fnle ii04i59q\" style=\"text-align: justify;\">\n<div dir=\"auto\">\n<table width=\"676\">\n<tbody>\n<tr>\n<td style=\"text-align: center;\" width=\"175\"><strong>Genero R&amp;B, soul<\/strong><\/td>\n<td style=\"text-align: center;\" width=\"421\"><strong>Escuchar Musica\u00a0<\/strong><\/td>\n<td style=\"text-align: center;\" width=\"80\"><strong>A\u00f1o<\/strong><\/td>\n<\/tr>\n<tr>\n<td><\/td>\n<td>Don&#8217;t Look Any Further<\/td>\n<td>1984<\/td>\n<\/tr>\n<tr>\n<td><\/td>\n<td>Coolin&#8217; Out<\/td>\n<td>1985<\/td>\n<\/tr>\n<tr>\n<td><\/td>\n<td>Talk to Me<\/td>\n<td>1993<\/td>\n<\/tr>\n<\/tbody>\n<\/table>\n<p>&nbsp;<\/p>\n<\/div>\n<\/div>\n<div class=\"cxmmr5t8 oygrvhab hcukyx3x c1et5uql o9v6fnle ii04i59q\" style=\"text-align: justify;\">\n<div dir=\"auto\">Cr\u00e9ditos tomados de Wikipedia:<\/div>\n<div dir=\"auto\"><a class=\"oajrlxb2 g5ia77u1 qu0x051f esr5mh6w e9989ue4 r7d6kgcz rq0escxv nhd2j8a9 nc684nl6 p7hjln8o kvgmc6g5 cxmmr5t8 oygrvhab hcukyx3x jb3vyjys rz4wbd8a qt6c0cv9 a8nywdso i1ao9s8h esuyzwwr f1sip0of lzcic4wl gpro0wi8 py34i1dx\" tabindex=\"0\" role=\"link\" href=\"https:\/\/en.wikipedia.org\/wiki\/Dennis_Edwards?fbclid=IwAR1A_R6Q_xH-yot6fO93YN8w_l-7DTK5foO5o4Dir30ge-uH1cAkR-foATc\" target=\"_blank\" rel=\"nofollow noopener\">https:\/\/en.wikipedia.org\/wiki\/Dennis_Edwards<\/a><\/div>\n<div dir=\"auto\"><\/div>\n<p>&nbsp;<\/p>\n<\/div>\n<div class=\"epyt-video-wrapper\"><iframe loading=\"lazy\"  id=\"_ytid_73937\"  width=\"618\" height=\"347\"  data-origwidth=\"618\" data-origheight=\"347\" src=\"https:\/\/www.youtube.com\/embed\/1SKDhNm1PB0?enablejsapi=1&#038;autoplay=0&#038;cc_load_policy=0&#038;cc_lang_pref=&#038;iv_load_policy=1&#038;loop=0&#038;modestbranding=0&#038;rel=1&#038;fs=1&#038;playsinline=0&#038;autohide=2&#038;theme=dark&#038;color=red&#038;controls=1&#038;\" class=\"__youtube_prefs__  epyt-is-override  no-lazyload\" title=\"YouTube player\"  allow=\"fullscreen; accelerometer; autoplay; clipboard-write; encrypted-media; gyroscope; picture-in-picture\" allowfullscreen data-no-lazy=\"1\" data-skipgform_ajax_framebjll=\"\"><\/iframe><\/div>\n","protected":false},"excerpt":{"rendered":"<p>&nbsp; Fecha de Nacimiento: 3 de febrero de 1943 &nbsp; Fecha de Fallecimiento: 1 de febrero de 2018 &nbsp; Biograf\u00eda &nbsp; Fue un cantante estadounidense de soul y R&amp;B que fue mejor conocido como el l\u00edder de The Temptations , en Motown Records . Edwards se uni\u00f3 a The Temptations en 1968, reemplazando a David &hellip;<\/p>\n","protected":false},"author":1,"featured_media":0,"parent":0,"menu_order":0,"comment_status":"closed","ping_status":"closed","template":"","meta":{"footnotes":""},"class_list":["post-27905","page","type-page","status-publish",""],"jetpack_sharing_enabled":true,"_links":{"self":[{"href":"http:\/\/mickyandoniehn.com\/radio\/wp-json\/wp\/v2\/pages\/27905","targetHints":{"allow":["GET"]}}],"collection":[{"href":"http:\/\/mickyandoniehn.com\/radio\/wp-json\/wp\/v2\/pages"}],"about":[{"href":"http:\/\/mickyandoniehn.com\/radio\/wp-json\/wp\/v2\/types\/page"}],"author":[{"embeddable":true,"href":"http:\/\/mickyandoniehn.com\/radio\/wp-json\/wp\/v2\/users\/1"}],"replies":[{"embeddable":true,"href":"http:\/\/mickyandoniehn.com\/radio\/wp-json\/wp\/v2\/comments?post=27905"}],"version-history":[{"count":2,"href":"http:\/\/mickyandoniehn.com\/radio\/wp-json\/wp\/v2\/pages\/27905\/revisions"}],"predecessor-version":[{"id":30184,"href":"http:\/\/mickyandoniehn.com\/radio\/wp-json\/wp\/v2\/pages\/27905\/revisions\/30184"}],"wp:attachment":[{"href":"http:\/\/mickyandoniehn.com\/radio\/wp-json\/wp\/v2\/media?parent=27905"}],"curies":[{"name":"wp","href":"https:\/\/api.w.org\/{rel}","templated":true}]}}