{"id":151,"date":"2021-07-05T06:40:12","date_gmt":"2021-07-05T06:40:12","guid":{"rendered":"http:\/\/mickyandoniehn.com\/radio\/?page_id=151"},"modified":"2022-08-29T09:44:09","modified_gmt":"2022-08-29T15:44:09","slug":"paolo-salvatore","status":"publish","type":"page","link":"http:\/\/mickyandoniehn.com\/radio\/paolo-salvatore\/","title":{"rendered":"Paolo Salvatore"},"content":{"rendered":"\r\n<div class=\"wp-block-image\">\r\n<figure class=\"aligncenter size-large\">\r\n<p style=\"text-align: justify;\"><img loading=\"lazy\" decoding=\"async\" class=\" wp-image-24385 aligncenter\" src=\"http:\/\/mickyandoniehn.com\/radio\/wp-content\/uploads\/2022\/08\/Paolo-Salvatore.jpg\" alt=\"\" width=\"1008\" height=\"671\" \/><\/p>\r\n<p>&nbsp;<\/p>\r\n<p style=\"text-align: justify;\"><strong>Nacimiento:<\/strong> 27 de enero de 1941<\/p>\r\n<p style=\"text-align: justify;\"><strong>Fallecimiento:<\/strong> 03 de julio del 2007 (66 a\u00f1os)<\/p>\r\n<p style=\"text-align: justify;\"><strong>Biograf\u00eda<\/strong><\/p>\r\n<p style=\"text-align: justify;\">Naci\u00f3 en Italia en 1940 y lleg\u00f3 a Chile a los ocho a\u00f1os de edad junto con su familia, entre ellos su primo y pariente m\u00e1s cercano Sergio Meli Grosso. Se cas\u00f3 en dos ocasiones: en Chile, con la periodista Mar\u00eda In\u00e9s S\u00e1ez, con quien tuvo dos hijas, y en Espa\u00f1a en 1995 con la ex Miss Euskadi, Pilar Orive,2\u200b con quien tuvo un hijo, Lazlo. Pasaba el verano boreal en Espa\u00f1a y el verano austral en Chile. Comenz\u00f3 su carrera art\u00edstica en los a\u00f1os 1970. Era tanto su carisma que Mario Kreutzberger (Don Francisco) no dud\u00f3 en convertirlo en artista \u00abobligado\u00bb del programa S\u00e1bados gigantes, que entonces era el programa familiar m\u00e1s exitoso de la televisi\u00f3n chilena, junto con el espacio televisivo de Enrique Maluenda, S\u00e1bados en el 9. A sus fanes les encantaba mucho su timbre de voz y tambi\u00e9n el estilo de sus canciones, alegres y simples.<\/p>\r\n<p style=\"text-align: justify;\">En el verano de 1975 decidi\u00f3 concursar en el XVI Festival Internacional de la Canci\u00f3n de Vi\u00f1a del Mar, donde gan\u00f3 la &#8220;Gaviota de Plata&#8221; al mejor int\u00e9rprete con la canci\u00f3n \u00abEs de noche ya\u00bb, de los autores Reinaldo Tom\u00e1s Mart\u00ednez y Luis Miguel Silva. Para continuar con su carrera art\u00edstica, en la d\u00e9cada de 1980 se traslad\u00f3 a Espa\u00f1a, donde tuvo una brillante carrera art\u00edstica, logrando ser reconocido como cantante de la l\u00ednea del franc\u00e9s Georgie Dann y del argentino Luis Aguil\u00e9.<\/p>\r\n<p style=\"text-align: justify;\">A principios de la d\u00e9cada de 2000, regres\u00f3 a Chile, donde se dedic\u00f3 a los negocios con una l\u00ednea de cremas capilares, champ\u00fas y perfumes. Retom\u00f3 su carrera musical y se convirti\u00f3 en \u00edcono del movimiento kitsch. En 2006 tuvo una fuerte reca\u00edda de su salud, pues se le detect\u00f3, tras una semana de fuertes dolores de cabeza, un tumor cerebral maligno, que le oblig\u00f3 a ser hospitalizado en una cl\u00ednica el 17 de abril del mismo a\u00f1o. A las dos de la ma\u00f1ana (hora local) del 3 de julio de 2007, falleci\u00f3 a los 66 a\u00f1os, v\u00edctima de un tumor cerebral, en Santiago de Chile, donde sus restos fueron incinerados.<\/p>\r\n<p style=\"text-align: justify;\"><strong>Birth:<\/strong> January 27, 1941<\/p>\r\n<p style=\"text-align: justify;\"><strong>Death:<\/strong> July 03, 2007 (66 years old)<\/p>\r\n<p style=\"text-align: justify;\"><strong>Biography<\/strong><\/p>\r\n<p style=\"text-align: justify;\">He was born in Italy in 1940 and arrived in Chile at the age of eight along with his family, including his cousin and closest relative Sergio Meli Grosso. He married twice: in Chile, with the journalist Mar\u00eda In\u00e9s S\u00e1ez, with whom he had two daughters, and in Spain in 1995 with the former Miss Euskadi, Pilar Orive, with whom he had a son, Lazlo. He spent the boreal summer in Spain and the austral summer in Chile. He began his artistic career in the 1970s. His charisma was so great that Mario Kreutzberger (Don Francisco) did not hesitate to make him a &#8220;compulsory&#8221; artist on the program Saturdays Giants, which was then the most successful family program on Chilean television, along with the Enrique Maluenda&#8217;s television space, Saturdays at 9. His fans loved his voice tone and also the style of his songs, happy and simple.<\/p>\r\n<p style=\"text-align: justify;\">In the summer of 1975 he decided to compete in the XVI International Song Festival of Vi\u00f1a del Mar, where he won the &#8220;Gaviota de Plata&#8221; for best performer with the song &#8220;Es de noche ya&#8221;, by the authors Reinaldo Tom\u00e1s Mart\u00ednez and Luis Miguel. Silva. To continue his artistic career, in the 1980s he moved to Spain, where he had a brilliant artistic career, managing to be recognized as a singer along the lines of the French Georgie Dann and the Argentine Luis Aguil\u00e9.<\/p>\r\n<p style=\"text-align: justify;\">In the early 2000s, he returned to Chile, where he went into business with a line of hair creams, shampoos, and perfumes. He resumed his musical career and became an icon of the kitsch movement. In 2006 he had a strong relapse in his health, as a malignant brain tumor was detected after a week of severe headaches, which forced him to be hospitalized in a Clinic on April 17 of the same year. At two in the morning (local time) on July 3, 2007, he died at the age of 66, a victim of a brain tumor, in Santiago de Chile, where his remains were cremated.<\/p>\r\n<p style=\"text-align: justify;\"><strong>Discografia<\/strong><\/p>\r\n<table width=\"465\">\r\n<tbody>\r\n<tr>\r\n<td style=\"text-align: center;\" width=\"172\"><strong>Paolo Salvatore<\/strong><\/td>\r\n<td style=\"text-align: center;\" width=\"229\"><strong>Escuchar tema<\/strong><\/td>\r\n<td style=\"text-align: center;\" width=\"64\"><strong>A\u00f1o<\/strong><\/td>\r\n<\/tr>\r\n<tr>\r\n<td style=\"text-align: center;\">\u00a0<\/td>\r\n<td style=\"text-align: center;\"><strong>Abrazame y\u00a0<\/strong><b>Qui\u00e9reme<\/b><\/td>\r\n<td style=\"text-align: center;\"><strong>1977<\/strong><\/td>\r\n<\/tr>\r\n<tr>\r\n<td>1<\/td>\r\n<td>Abrazame Y Qui\u00e9reme (Guardami)<\/td>\r\n<td>\u00a0<\/td>\r\n<\/tr>\r\n<tr>\r\n<td>2<\/td>\r\n<td>A Tu Capricho<\/td>\r\n<td>\u00a0<\/td>\r\n<\/tr>\r\n<tr>\r\n<td>3<\/td>\r\n<td>B\u00e9same Que Tengo Miedo<\/td>\r\n<td>\u00a0<\/td>\r\n<\/tr>\r\n<tr>\r\n<td>4<\/td>\r\n<td>El Silencio Habla Por Los Dos<\/td>\r\n<td>\u00a0<\/td>\r\n<\/tr>\r\n<tr>\r\n<td>5<\/td>\r\n<td>De Lo Que Has Perdido<\/td>\r\n<td>\u00a0<\/td>\r\n<\/tr>\r\n<tr>\r\n<td>6<\/td>\r\n<td>Buenos D\u00edas, Amor<\/td>\r\n<td>\u00a0<\/td>\r\n<\/tr>\r\n<tr>\r\n<td>7<\/td>\r\n<td>Mujercita De Ojos Claros<\/td>\r\n<td>\u00a0<\/td>\r\n<\/tr>\r\n<tr>\r\n<td>8<\/td>\r\n<td>Cuatro Semanas<\/td>\r\n<td>\u00a0<\/td>\r\n<\/tr>\r\n<tr>\r\n<td>9<\/td>\r\n<td>\u00c1mame<\/td>\r\n<td>\u00a0<\/td>\r\n<\/tr>\r\n<tr>\r\n<td>10<\/td>\r\n<td>D\u00e9jame Que Yo Te Quiera<\/td>\r\n<td>\u00a0<\/td>\r\n<\/tr>\r\n<tr>\r\n<td>\u00a0<\/td>\r\n<td>\u00a0<\/td>\r\n<td>\u00a0<\/td>\r\n<\/tr>\r\n<tr>\r\n<td style=\"text-align: center;\">\u00a0<\/td>\r\n<td style=\"text-align: center;\"><strong>Para mi es la Musica<\/strong><\/td>\r\n<td style=\"text-align: center;\"><strong>1980<\/strong><\/td>\r\n<\/tr>\r\n<tr>\r\n<td>1<\/td>\r\n<td>Ven<\/td>\r\n<td>\u00a0<\/td>\r\n<\/tr>\r\n<tr>\r\n<td>2<\/td>\r\n<td>Yo Necesito<\/td>\r\n<td>\u00a0<\/td>\r\n<\/tr>\r\n<tr>\r\n<td>3<\/td>\r\n<td>Diecis\u00e9is A\u00f1os<\/td>\r\n<td>\u00a0<\/td>\r\n<\/tr>\r\n<tr>\r\n<td>4<\/td>\r\n<td>Mia (Donna, Donna Mia)<\/td>\r\n<td>\u00a0<\/td>\r\n<\/tr>\r\n<tr>\r\n<td>5<\/td>\r\n<td>Tu Eres Mi M\u00fasica<\/td>\r\n<td>\u00a0<\/td>\r\n<\/tr>\r\n<tr>\r\n<td>6<\/td>\r\n<td>Yo Que Soy<\/td>\r\n<td>\u00a0<\/td>\r\n<\/tr>\r\n<tr>\r\n<td>7<\/td>\r\n<td>Cerca De Ti<\/td>\r\n<td>\u00a0<\/td>\r\n<\/tr>\r\n<tr>\r\n<td>8<\/td>\r\n<td>Solo Tu<\/td>\r\n<td>\u00a0<\/td>\r\n<\/tr>\r\n<tr>\r\n<td>9<\/td>\r\n<td>No Somos Dos<\/td>\r\n<td>\u00a0<\/td>\r\n<\/tr>\r\n<tr>\r\n<td>10<\/td>\r\n<td>V\u00e1monos<\/td>\r\n<td>\u00a0<\/td>\r\n<\/tr>\r\n<tr>\r\n<td>\u00a0<\/td>\r\n<td>\u00a0<\/td>\r\n<td>\u00a0<\/td>\r\n<\/tr>\r\n<tr>\r\n<td style=\"text-align: center;\">\u00a0<\/td>\r\n<td style=\"text-align: center;\"><strong>Grandes Exitos<\/strong><\/td>\r\n<td style=\"text-align: center;\"><strong>1983<\/strong><\/td>\r\n<\/tr>\r\n<tr>\r\n<td>1<\/td>\r\n<td>Enamorado de Ti<\/td>\r\n<td>\u00a0<\/td>\r\n<\/tr>\r\n<tr>\r\n<td>2<\/td>\r\n<td>Mi Vida Es Mi Vida<\/td>\r\n<td>\u00a0<\/td>\r\n<\/tr>\r\n<tr>\r\n<td>3<\/td>\r\n<td>No Le Mientas Mas<\/td>\r\n<td>\u00a0<\/td>\r\n<\/tr>\r\n<tr>\r\n<td>4<\/td>\r\n<td>Una Comedia<\/td>\r\n<td>\u00a0<\/td>\r\n<\/tr>\r\n<tr>\r\n<td>5<\/td>\r\n<td>No Puedo Estar Sin Ti<\/td>\r\n<td>\u00a0<\/td>\r\n<\/tr>\r\n<tr>\r\n<td>6<\/td>\r\n<td>Dimelo<\/td>\r\n<td>\u00a0<\/td>\r\n<\/tr>\r\n<tr>\r\n<td>7<\/td>\r\n<td>No Se Cuando Regresare<\/td>\r\n<td>\u00a0<\/td>\r\n<\/tr>\r\n<tr>\r\n<td>8<\/td>\r\n<td>Si Me Vas A Abandonar<\/td>\r\n<td>\u00a0<\/td>\r\n<\/tr>\r\n<tr>\r\n<td>9<\/td>\r\n<td>La Ladrona<\/td>\r\n<td>\u00a0<\/td>\r\n<\/tr>\r\n<tr>\r\n<td>10<\/td>\r\n<td>Nada de Nada<\/td>\r\n<td>\u00a0<\/td>\r\n<\/tr>\r\n<tr>\r\n<td>\u00a0<\/td>\r\n<td>\u00a0<\/td>\r\n<td>\u00a0<\/td>\r\n<\/tr>\r\n<\/tbody>\r\n<\/table>\r\n<p>Creditos tomados de Wikipedia<\/p>\r\n<p><a href=\"https:\/\/es.wikipedia.org\/wiki\/Paolo_Salvatore\">https:\/\/es.wikipedia.org\/wiki\/Paolo_Salvatore<\/a><\/p>\r\n<\/figure>\r\n<\/div>\r\n","protected":false},"excerpt":{"rendered":"<p>&nbsp; Nacimiento: 27 de enero de 1941 Fallecimiento: 03 de julio del 2007 (66 a\u00f1os) Biograf\u00eda Naci\u00f3 en Italia en 1940 y lleg\u00f3 a Chile a los ocho a\u00f1os de edad junto con su familia, entre ellos su primo y pariente m\u00e1s cercano Sergio Meli Grosso. Se cas\u00f3 en dos ocasiones: en Chile, con la &hellip;<\/p>\n","protected":false},"author":1,"featured_media":0,"parent":0,"menu_order":0,"comment_status":"open","ping_status":"closed","template":"","meta":{"footnotes":""},"class_list":["post-151","page","type-page","status-publish",""],"jetpack_sharing_enabled":true,"_links":{"self":[{"href":"http:\/\/mickyandoniehn.com\/radio\/wp-json\/wp\/v2\/pages\/151","targetHints":{"allow":["GET"]}}],"collection":[{"href":"http:\/\/mickyandoniehn.com\/radio\/wp-json\/wp\/v2\/pages"}],"about":[{"href":"http:\/\/mickyandoniehn.com\/radio\/wp-json\/wp\/v2\/types\/page"}],"author":[{"embeddable":true,"href":"http:\/\/mickyandoniehn.com\/radio\/wp-json\/wp\/v2\/users\/1"}],"replies":[{"embeddable":true,"href":"http:\/\/mickyandoniehn.com\/radio\/wp-json\/wp\/v2\/comments?post=151"}],"version-history":[{"count":2,"href":"http:\/\/mickyandoniehn.com\/radio\/wp-json\/wp\/v2\/pages\/151\/revisions"}],"predecessor-version":[{"id":29237,"href":"http:\/\/mickyandoniehn.com\/radio\/wp-json\/wp\/v2\/pages\/151\/revisions\/29237"}],"wp:attachment":[{"href":"http:\/\/mickyandoniehn.com\/radio\/wp-json\/wp\/v2\/media?parent=151"}],"curies":[{"name":"wp","href":"https:\/\/api.w.org\/{rel}","templated":true}]}}