{"id":127,"date":"2021-07-05T06:34:34","date_gmt":"2021-07-05T06:34:34","guid":{"rendered":"http:\/\/mickyandoniehn.com\/radio\/?page_id=127"},"modified":"2022-08-29T09:38:27","modified_gmt":"2022-08-29T15:38:27","slug":"elli-medeiros","status":"publish","type":"page","link":"http:\/\/mickyandoniehn.com\/radio\/elli-medeiros\/","title":{"rendered":"Elli Medeiros"},"content":{"rendered":"\r\n<div class=\"wp-block-image\">\r\n<figure class=\"aligncenter size-large\">\r\n<p style=\"text-align: justify;\"><img loading=\"lazy\" decoding=\"async\" class=\" wp-image-1608 aligncenter\" src=\"http:\/\/mickyandoniehn.com\/radio\/wp-content\/uploads\/2021\/10\/id-52-199x300.jpg\" alt=\"\" width=\"370\" height=\"558\" srcset=\"http:\/\/mickyandoniehn.com\/radio\/wp-content\/uploads\/2021\/10\/id-52-199x300.jpg 199w, http:\/\/mickyandoniehn.com\/radio\/wp-content\/uploads\/2021\/10\/id-52.jpg 395w\" sizes=\"auto, (max-width: 370px) 100vw, 370px\" \/><\/p>\r\n<p>&nbsp;<\/p>\r\n<p style=\"text-align: justify;\"><strong>Fecha de Nacimiento:<\/strong> 18 de Enero de 1956<\/p>\r\n\r\n\r\n\r\n<p style=\"text-align: justify;\"><b>Biografia<\/b><\/p>\r\n\r\n\r\n\r\n<p style=\"text-align: justify;\">Es una cantante y actriz uruguaya. Siendo todav\u00eda beb\u00e9, su madre, Mirtha Medeiros, decidi\u00f3 estudiar teatro y la llev\u00e1ndola consigo a los cursos del dramaturgo Jos\u00e9 Estruch en la Escuela Municipal de Arte Dram\u00e1tico de Montevideo es por ello que era contratada cada vez que se necesitaba una ni\u00f1a o ni\u00f1o en las piezas de teatro. Su primer rol, lo obtuvo a los 4 a\u00f1os en la \u00f3pera de Giacomo Puccini como el hijo de Madame Butterfly en la \u00f3pera del mismo nombre.<\/p>\r\n\r\n\r\n\r\n<p style=\"text-align: justify;\">Su padre Jos\u00e9 Luis Medeiros abandona el hogar cuando Elli ten\u00eda cinco a\u00f1os. A\u00f1os m\u00e1s tarde, junto a su madre parte de Montevideo, primero por Buenos Aires y luego hacia Par\u00eds.<\/p>\r\n\r\n\r\n\r\n<p style=\"text-align: justify;\">Abandona la escuela de arte antes de obtener su bachillerato para dedicarse a ser la voz de los Stinky Toys donde acaba de debutar junto a Jacno. Los Stinky Toys era la punta de lanza del punk franc\u00e9s y llegan a realizan varios conciertos en festivales londinenses junto a The Clash, The Sex Pistols y hacen la cobertura de Melody Maker. Malcolm McLaren, el m\u00e1nager de Sex Pistols se interesa en el grupo y copia a Elli la idea de los alfileres que sostienen su jean roto, como s\u00edmbolo del punk.[cita requerida] El grupo que pregona la anarqu\u00eda, la fiesta y el exceso suscita una verdadera fascinaci\u00f3n en los medios &#8220;conectados&#8221; y particularmente en Alain Pacadis.<\/p>\r\n<p style=\"text-align: justify;\"><strong>Date of Birth:<\/strong> January 18, 1956<\/p>\r\n<p style=\"text-align: justify;\"><b>Biography<\/b><\/p>\r\n<p style=\"text-align: justify;\">She is a Uruguayan singer and actress. While still a baby, her mother, Mirtha Medeiros, decided to study theater and taking her with her to the courses of the playwright Jos\u00e9 Estruch at the Municipal School of Dramatic Art in Montevideo, which is why she was hired every time a girl or boy was needed in the theater pieces. His first role was obtained at the age of 4 in Giacomo Puccini&#8217;s opera as the son of Madame Butterfly in the opera of the same name.<\/p>\r\n<p style=\"text-align: justify;\">Her father Jos\u00e9 Luis Medeiros leaves home when Elli was five years old. Years later, together with his mother, he left Montevideo, first for Buenos Aires and then for Paris.<\/p>\r\n<p style=\"text-align: justify;\">He drops out of art school before getting his high school degree to dedicate himself to being the voice of Stinky Toys where he just debuted alongside Jacno. The Stinky Toys were the spearhead of French punk and they perform several concerts at London festivals with The Clash, The Sex Pistols and they cover Melody Maker. Malcolm McLaren, the manager of the Sex Pistols, is interested in the group and copies Elli&#8217;s idea of \u200b\u200bthe pins that hold up her ripped jeans, as a symbol of punk. a real fascination in the &#8220;connected&#8221; media and particularly in Alain Pacadis.<\/p>\r\n\r\n\r\n\r\n<p style=\"text-align: justify;\"><strong>Discograf\u00eda<\/strong><\/p>\r\n\r\n\r\n\r\n<table width=\"650\">\r\n<tbody>\r\n<tr>\r\n<td style=\"text-align: center;\" width=\"80\"><strong>G\u00e9nero Pop<\/strong><\/td>\r\n<td style=\"text-align: center;\" width=\"490\"><strong>Escuchar Tema<\/strong><\/td>\r\n<td style=\"text-align: center;\" width=\"80\"><strong>A\u00f1o de Publicaci\u00f3n<\/strong><\/td>\r\n<\/tr>\r\n<tr>\r\n<td>\u00a0<\/td>\r\n<td>\u00a0<\/td>\r\n<td>\u00a0<\/td>\r\n<\/tr>\r\n<tr>\r\n<td>1<\/td>\r\n<td>Primer \u00e1lbum (Polydor) Stinky Toys.<\/td>\r\n<td>1977<\/td>\r\n<\/tr>\r\n<tr>\r\n<td>2<\/td>\r\n<td>Segundo \u00e1lbum (Vogue) Stinky Toys.<\/td>\r\n<td>1979<\/td>\r\n<\/tr>\r\n<tr>\r\n<td>3<\/td>\r\n<td>Tout va sauter (Vogue) Elli &amp; Jacno.<\/td>\r\n<td>1980<\/td>\r\n<\/tr>\r\n<tr>\r\n<td>4<\/td>\r\n<td>Inedits 77-81 (Celluloid\/EJC\/Vogue) Elli &amp; Jacno.<\/td>\r\n<td>1981<\/td>\r\n<\/tr>\r\n<tr>\r\n<td>5<\/td>\r\n<td>Boomerang (Celluloid\/EJC\/ Vogue) Elli &amp; Jacno.<\/td>\r\n<td>1982<\/td>\r\n<\/tr>\r\n<tr>\r\n<td>6<\/td>\r\n<td>Les nuits de la pleine lune para el film &#8216;Les nuits de la pleine lune d\u2019\u00c9ric Rohmer (EJC\/CBS) Elli &amp; Jacno.<\/td>\r\n<td>1984<\/td>\r\n<\/tr>\r\n<tr>\r\n<td>7<\/td>\r\n<td>Bom Bom (Barclay)<\/td>\r\n<td>1986<\/td>\r\n<\/tr>\r\n<tr>\r\n<td>8<\/td>\r\n<td>Elli (Barclay)<\/td>\r\n<td>1989<\/td>\r\n<\/tr>\r\n<tr>\r\n<td>9<\/td>\r\n<td>Les Symphonies de poche compilaci\u00f3n de Elli &amp; Jacno (Virgin).<\/td>\r\n<td>1994<\/td>\r\n<\/tr>\r\n<tr>\r\n<td>10<\/td>\r\n<td>Best of Elli (Barclay)<\/td>\r\n<td>1998<\/td>\r\n<\/tr>\r\n<tr>\r\n<td>11<\/td>\r\n<td>E M (V2)<\/td>\r\n<td>2006<\/td>\r\n<\/tr>\r\n<tr>\r\n<td>\u00a0<\/td>\r\n<td>\u00a0<\/td>\r\n<td>\u00a0<\/td>\r\n<\/tr>\r\n<\/tbody>\r\n<\/table>\r\n<\/figure>\r\n<\/div>\r\n","protected":false},"excerpt":{"rendered":"<p>&nbsp; Fecha de Nacimiento: 18 de Enero de 1956 Biografia Es una cantante y actriz uruguaya. Siendo todav\u00eda beb\u00e9, su madre, Mirtha Medeiros, decidi\u00f3 estudiar teatro y la llev\u00e1ndola consigo a los cursos del dramaturgo Jos\u00e9 Estruch en la Escuela Municipal de Arte Dram\u00e1tico de Montevideo es por ello que era contratada cada vez que &hellip;<\/p>\n","protected":false},"author":1,"featured_media":0,"parent":0,"menu_order":0,"comment_status":"open","ping_status":"closed","template":"","meta":{"footnotes":""},"class_list":["post-127","page","type-page","status-publish",""],"jetpack_sharing_enabled":true,"_links":{"self":[{"href":"http:\/\/mickyandoniehn.com\/radio\/wp-json\/wp\/v2\/pages\/127","targetHints":{"allow":["GET"]}}],"collection":[{"href":"http:\/\/mickyandoniehn.com\/radio\/wp-json\/wp\/v2\/pages"}],"about":[{"href":"http:\/\/mickyandoniehn.com\/radio\/wp-json\/wp\/v2\/types\/page"}],"author":[{"embeddable":true,"href":"http:\/\/mickyandoniehn.com\/radio\/wp-json\/wp\/v2\/users\/1"}],"replies":[{"embeddable":true,"href":"http:\/\/mickyandoniehn.com\/radio\/wp-json\/wp\/v2\/comments?post=127"}],"version-history":[{"count":2,"href":"http:\/\/mickyandoniehn.com\/radio\/wp-json\/wp\/v2\/pages\/127\/revisions"}],"predecessor-version":[{"id":29226,"href":"http:\/\/mickyandoniehn.com\/radio\/wp-json\/wp\/v2\/pages\/127\/revisions\/29226"}],"wp:attachment":[{"href":"http:\/\/mickyandoniehn.com\/radio\/wp-json\/wp\/v2\/media?parent=127"}],"curies":[{"name":"wp","href":"https:\/\/api.w.org\/{rel}","templated":true}]}}

<div class="wp-block-image">
<figure class="aligncenter size-large">
<p style="text-align: justify;"><img loading="lazy" decoding="async" class=" wp-image-1608 aligncenter" src="http://mickyandoniehn.com/radio/wp-content/uploads/2021/10/id-52-199x300.jpg" alt="" width="370" height="558" srcset="http://mickyandoniehn.com/radio/wp-content/uploads/2021/10/id-52-199x300.jpg 199w, http://mickyandoniehn.com/radio/wp-content/uploads/2021/10/id-52.jpg 395w" sizes="auto, (max-width: 370px) 100vw, 370px" /></p>
<p>&nbsp;</p>
<p style="text-align: justify;"><strong>Fecha de Nacimiento:</strong> 18 de Enero de 1956</p>



<p style="text-align: justify;"><b>Biografia</b></p>



<p style="text-align: justify;">Es una cantante y actriz uruguaya. Siendo todavía bebé, su madre, Mirtha Medeiros, decidió estudiar teatro y la llevándola consigo a los cursos del dramaturgo José Estruch en la Escuela Municipal de Arte Dramático de Montevideo es por ello que era contratada cada vez que se necesitaba una niña o niño en las piezas de teatro. Su primer rol, lo obtuvo a los 4 años en la ópera de Giacomo Puccini como el hijo de Madame Butterfly en la ópera del mismo nombre.</p>



<p style="text-align: justify;">Su padre José Luis Medeiros abandona el hogar cuando Elli tenía cinco años. Años más tarde, junto a su madre parte de Montevideo, primero por Buenos Aires y luego hacia París.</p>



<p style="text-align: justify;">Abandona la escuela de arte antes de obtener su bachillerato para dedicarse a ser la voz de los Stinky Toys donde acaba de debutar junto a Jacno. Los Stinky Toys era la punta de lanza del punk francés y llegan a realizan varios conciertos en festivales londinenses junto a The Clash, The Sex Pistols y hacen la cobertura de Melody Maker. Malcolm McLaren, el mánager de Sex Pistols se interesa en el grupo y copia a Elli la idea de los alfileres que sostienen su jean roto, como símbolo del punk.[cita requerida] El grupo que pregona la anarquía, la fiesta y el exceso suscita una verdadera fascinación en los medios &#8220;conectados&#8221; y particularmente en Alain Pacadis.</p>
<p style="text-align: justify;"><strong>Date of Birth:</strong> January 18, 1956</p>
<p style="text-align: justify;"><b>Biography</b></p>
<p style="text-align: justify;">She is a Uruguayan singer and actress. While still a baby, her mother, Mirtha Medeiros, decided to study theater and taking her with her to the courses of the playwright José Estruch at the Municipal School of Dramatic Art in Montevideo, which is why she was hired every time a girl or boy was needed in the theater pieces. His first role was obtained at the age of 4 in Giacomo Puccini&#8217;s opera as the son of Madame Butterfly in the opera of the same name.</p>
<p style="text-align: justify;">Her father José Luis Medeiros leaves home when Elli was five years old. Years later, together with his mother, he left Montevideo, first for Buenos Aires and then for Paris.</p>
<p style="text-align: justify;">He drops out of art school before getting his high school degree to dedicate himself to being the voice of Stinky Toys where he just debuted alongside Jacno. The Stinky Toys were the spearhead of French punk and they perform several concerts at London festivals with The Clash, The Sex Pistols and they cover Melody Maker. Malcolm McLaren, the manager of the Sex Pistols, is interested in the group and copies Elli&#8217;s idea of ​​the pins that hold up her ripped jeans, as a symbol of punk. a real fascination in the &#8220;connected&#8221; media and particularly in Alain Pacadis.</p>



<p style="text-align: justify;"><strong>Discografía</strong></p>



<table width="650">
<tbody>
<tr>
<td style="text-align: center;" width="80"><strong>Género Pop</strong></td>
<td style="text-align: center;" width="490"><strong>Escuchar Tema</strong></td>
<td style="text-align: center;" width="80"><strong>Año de Publicación</strong></td>
</tr>
<tr>
<td> </td>
<td> </td>
<td> </td>
</tr>
<tr>
<td>1</td>
<td>Primer álbum (Polydor) Stinky Toys.</td>
<td>1977</td>
</tr>
<tr>
<td>2</td>
<td>Segundo álbum (Vogue) Stinky Toys.</td>
<td>1979</td>
</tr>
<tr>
<td>3</td>
<td>Tout va sauter (Vogue) Elli &amp; Jacno.</td>
<td>1980</td>
</tr>
<tr>
<td>4</td>
<td>Inedits 77-81 (Celluloid/EJC/Vogue) Elli &amp; Jacno.</td>
<td>1981</td>
</tr>
<tr>
<td>5</td>
<td>Boomerang (Celluloid/EJC/ Vogue) Elli &amp; Jacno.</td>
<td>1982</td>
</tr>
<tr>
<td>6</td>
<td>Les nuits de la pleine lune para el film &#8216;Les nuits de la pleine lune d’Éric Rohmer (EJC/CBS) Elli &amp; Jacno.</td>
<td>1984</td>
</tr>
<tr>
<td>7</td>
<td>Bom Bom (Barclay)</td>
<td>1986</td>
</tr>
<tr>
<td>8</td>
<td>Elli (Barclay)</td>
<td>1989</td>
</tr>
<tr>
<td>9</td>
<td>Les Symphonies de poche compilación de Elli &amp; Jacno (Virgin).</td>
<td>1994</td>
</tr>
<tr>
<td>10</td>
<td>Best of Elli (Barclay)</td>
<td>1998</td>
</tr>
<tr>
<td>11</td>
<td>E M (V2)</td>
<td>2006</td>
</tr>
<tr>
<td> </td>
<td> </td>
<td> </td>
</tr>
</tbody>
</table>
</figure>
</div>

<p>&nbsp; Fecha de Nacimiento: 18 de Enero de 1956 Biografia Es una cantante y actriz uruguaya. Siendo todavía bebé, su madre, Mirtha Medeiros, decidió estudiar teatro y la llevándola consigo a los cursos del dramaturgo José Estruch en la Escuela Municipal de Arte Dramático de Montevideo es por ello que era contratada cada vez que &hellip;</p>
