{"id":112,"date":"2021-07-05T06:30:46","date_gmt":"2021-07-05T06:30:46","guid":{"rendered":"http:\/\/mickyandoniehn.com\/radio\/?page_id=112"},"modified":"2022-08-29T09:43:31","modified_gmt":"2022-08-29T15:43:31","slug":"omar-enrique-alfanno-velazquez","status":"publish","type":"page","link":"http:\/\/mickyandoniehn.com\/radio\/omar-enrique-alfanno-velazquez\/","title":{"rendered":"Omar Enrique Alfanno Vel\u00e1zquez"},"content":{"rendered":"\r\n<div class=\"wp-block-image\">\r\n<figure class=\"aligncenter size-large\">\r\n<p style=\"text-align: justify;\"><img loading=\"lazy\" decoding=\"async\" class=\" wp-image-1209 aligncenter\" src=\"http:\/\/mickyandoniehn.com\/radio\/wp-content\/uploads\/2021\/10\/id-47-300x300.jpg\" alt=\"\" width=\"764\" height=\"764\" srcset=\"http:\/\/mickyandoniehn.com\/radio\/wp-content\/uploads\/2021\/10\/id-47-300x300.jpg 300w, http:\/\/mickyandoniehn.com\/radio\/wp-content\/uploads\/2021\/10\/id-47-150x150.jpg 150w, http:\/\/mickyandoniehn.com\/radio\/wp-content\/uploads\/2021\/10\/id-47.jpg 480w\" sizes=\"auto, (max-width: 764px) 100vw, 764px\" \/><\/p>\r\n<p>&nbsp;<\/p>\r\n<p>&nbsp;<\/p>\r\n<p style=\"text-align: justify;\"><strong>Fecha de Nacimiento:<\/strong> 4 de Enero de 1957<\/p>\r\n\r\n\r\n\r\n<p style=\"text-align: justify;\"><b>Biografia<\/b><\/p>\r\n\r\n\r\n\r\n<p style=\"text-align: justify;\">En 1987, graba su primer disco titulado &#8220;Cosas de Barrio&#8221;. Al a\u00f1o siguiente viaja a Puerto Rico, donde grab\u00f3 &#8220;Joe De Barrio&#8221; y &#8220;Cuerpos al calor&#8221;. En el 1990 firm\u00f3 un contrato con CBS y grab\u00f3 &#8220;En torno al amor&#8221;, el cuarto \u00e1lbum que graba como cantante.<\/p>\r\n\r\n\r\n\r\n<p style=\"text-align: justify;\">En la Isla del Encanto, Omar Alfanno cosech\u00f3 sus primeros \u00e9xitos en su carrera. En 1988, Willie Col\u00f3n le grab\u00f3 &#8220;El Gran Var\u00f3n&#8221;, tema que recorri\u00f3 Latinoam\u00e9rica y el mundo.<\/p>\r\n\r\n\r\n\r\n<p style=\"text-align: justify;\">Le siguen las canciones &#8220;Vivir sin Ella&#8221; y &#8220;Conciencia&#8221; de Gilberto Santa Rosa, &#8220;Aparentemente&#8221; y &#8220;Esa Mujer&#8221; de Tony Vega, &#8220;Date un chance&#8221; y &#8220;As\u00ed es la vida&#8221; de Luis Enrique, &#8220;Amores como el nuestro&#8221; y &#8220;Cuenta Conmigo&#8221; de Jerry Rivera, entre otras.<\/p>\r\n\r\n\r\n\r\n<p style=\"text-align: justify;\">Otro de los int\u00e9rpretes que se ha dado a conocer gracias a Alfanno es V\u00edctor Manuelle, quien tras su exitoso debut con &#8220;Api\u00e1date de mi&#8221;, ha obtenido un gran n\u00famero de reconocimientos con otros sencillos como &#8220;Hay que poner el alma&#8221;, &#8220;As\u00ed es la mujer&#8221;, &#8220;Que habr\u00eda sido de mi&#8221; y &#8220;Si la Ves&#8221;.<\/p>\r\n\r\n\r\n\r\n<p style=\"text-align: justify;\">Otros artistas que han grabado temas compuestos por Omar son los grandes: Celia Cruz, El Gran Combo, Oscar D&#8217;Le\u00f3n, Cheo Feliciano, Jos\u00e9 Alberto &#8220;El Canario&#8221;, Milly Quezada, Elvis Crespo, Olga Ta\u00f1\u00f3n, Rub\u00e9n Blades, Lalo Rodr\u00edguez, Rey Ruiz, Ismael Miranda, Domingo Qui\u00f1ones, Tito Nieves, Manny Manuelle, DLG Ray Sep\u00falveda, Huey Dumbar, Charlie Cardona, Eddie Santiago, entre otros.<\/p>\r\n\r\n\r\n\r\n<p style=\"text-align: justify;\">Gilberto Santa Rosa, ha sido uno de los mejores int\u00e9rpretes de Alfanno, y otros de los \u00e9xitos que han sido reconocidos en su carrera son: &#8220;Sin Voluntad&#8221;, &#8220;Me volvieron hablar de ella&#8221; y &#8220;Que alguien me diga&#8221;.<\/p>\r\n\r\n\r\n\r\n<p style=\"text-align: justify;\">Cantantes de otros g\u00e9neros que han interpretado canciones de Alfanno son: Shakira, Thal\u00eda, Gente de Zona, Alejandro Sanz, Paty Cantu, Joey Montana, CD9, Fonseca, Ricky Martin, Grupo Orishas, Jos\u00e9 Feliciano, Amanda Miguel, Olga Ta\u00f1on Diego Verdaguer, Proyecto M., Marianela, Lourdes Robles, Diana Vega, Melina Le\u00f3n, entre otros. Otros cantantes que han interpretado los sencillos de Alfanno son: Charlie Zaa y Huey Dumbar, entre otros.<\/p>\r\n\r\n\r\n\r\n<p style=\"text-align: justify;\">Los premios concedidos a Alfanno son: Latin Grammy, Premios Billboard, Premio ASCAP y Premio SESAC, en varias oportunidades. Premio a la Excelencia, Premio TV y Novelas, Premio Diplo, Premio Agueybana y Premio Ronda de Venezuela, entre muchos otros<\/p>\r\n\r\n\r\n\r\n<p style=\"text-align: justify;\">El tema &#8220;A puro dolor&#8221;, se mantuvo No1 en la revista Billboard por 18 semanas consecutivas, y tambi\u00e9n se domin\u00f3 como &#8220;Canci\u00f3n Tropical del A\u00f1o&#8221;, para la primera entrega del Grammy Latino. Despu\u00e9s de esto le han sido entregado muchos premios.<\/p>\r\n<p style=\"text-align: justify;\"><strong>Date of Birth:<\/strong> January 4, 1957<\/p>\r\n<p style=\"text-align: justify;\"><strong>Biography<\/strong><\/p>\r\n<p style=\"text-align: justify;\">In 1987, he recorded his first album titled &#8220;Cosas de Barrio&#8221;. The following year he traveled to Puerto Rico, where he recorded &#8220;Joe De Barrio&#8221; and &#8220;Cuerpos al calor&#8221;. In 1990 he signed a contract with CBS and recorded &#8220;Entorno al amor&#8221;, the fourth album he recorded as a singer.<\/p>\r\n<p style=\"text-align: justify;\">On Isla del Encanto, Omar Alfanno reaped his first successes in his career. In 1988, Willie Col\u00f3n recorded &#8220;El Gran Var\u00f3n&#8221; for him, a song that toured Latin America and the world.<\/p>\r\n<p style=\"text-align: justify;\">It is followed by the songs &#8220;Vivir sin Ella&#8221; and &#8220;Conciencia&#8221; by Gilberto Santa Rosa, &#8220;Aparentemente&#8221; and &#8220;Esa Mujer&#8221; by Tony Vega, &#8220;Date un chance&#8221; and &#8221; As\u00ed es la vida&#8221; by Luis Enrique, &#8220;Amores como el Nuestro&#8221; and &#8220;Cuenta Conmigo&#8221; by Jerry Rivera, among others.<\/p>\r\n<p style=\"text-align: justify;\">Another of the performers who has become known thanks to Alfanno is V\u00edctor Manuelle, who after his successful debut with &#8220;Api\u00e1date de mi&#8221;, has obtained a large number of awards with other singles such as &#8220;Hay que ponen el alma&#8221;, &#8221; As\u00ed is the woman&#8221;, &#8220;What would have become of me&#8221; and &#8220;Si la Ves&#8221;.<\/p>\r\n<p style=\"text-align: justify;\">Other artists who have recorded songs composed by Omar are the greats: Celia Cruz, El Gran Combo, Oscar D&#8217;Le\u00f3n, Cheo Feliciano, Jos\u00e9 Alberto &#8220;El Canario&#8221;, Milly Quezada, Elvis Crespo, Olga Ta\u00f1\u00f3n, Rub\u00e9n Blades, Lalo Rodr\u00edguez, Rey Ruiz, Ismael Miranda, Domingo Qui\u00f1ones, Tito Nieves, Manny Manuelle, DLG Ray Sep\u00falveda, Huey Dumbar, Charlie Cardona, Eddie Santiago, among others.<\/p>\r\n<p style=\"text-align: justify;\">Gilberto Santa Rosa has been one of Alfanno&#8217;s best interpreters, and other successes that have been recognized in his career are: &#8220;Without Will&#8221;, &#8220;They talked about her again&#8221; and &#8220;Somebody tell me&#8221;.<\/p>\r\n<p style=\"text-align: justify;\">Singers from other genres who have performed songs by Alfanno are: Shakira, Thal\u00eda, Gente de Zona, Alejandro Sanz, Paty Cantu, Joey Montana, CD9, Fonseca, Ricky Martin, Grupo Orishas, \u200b\u200bJos\u00e9 Feliciano, Amanda Miguel, Olga Ta\u00f1on Diego Verdaguer, Proyecto M., Marianela, Lourdes Robles, Diana Vega, Melina Le\u00f3n, among others. Other singers who have performed Alfanno&#8217;s singles are: Charlie Zaa and Huey Dumbar, among others.<\/p>\r\n<p style=\"text-align: justify;\">The awards granted to Alfanno are: Latin Grammy, Billboard Awards, ASCAP Award and SESAC Award, on several occasions. Excellence Award, TV and Novels Award, Diplo Award, Agueybana Award and Ronda de Venezuela Award, among many others<\/p>\r\n<p style=\"text-align: justify;\">The song &#8220;A puro Dolor&#8221; remained No1 in Billboard magazine for 18 consecutive weeks, and was also dominated as &#8220;Tropical Song of the Year&#8221; for the first Latin Grammy Awards. After this many awards have been given to him.<\/p>\r\n\r\n\r\n\r\n<p style=\"text-align: justify;\"><strong>Discograf\u00eda\u00a0<\/strong><\/p>\r\n<table width=\"508\">\r\n<tbody>\r\n<tr>\r\n<td style=\"text-align: center;\" width=\"142\"><strong>Temas Salsa y Musica Tropical<\/strong><\/td>\r\n<td style=\"text-align: center;\" width=\"232\"><strong>Escuchar tema<\/strong><\/td>\r\n<td style=\"text-align: center;\" width=\"134\"><strong>A\u00f1o de Publicaci\u00f3n<\/strong><\/td>\r\n<\/tr>\r\n<tr>\r\n<td style=\"text-align: center;\">\u00a0<\/td>\r\n<td style=\"text-align: center;\"><strong>Cuerpos al Calor<\/strong><\/td>\r\n<td style=\"text-align: center;\"><strong>1987<\/strong><\/td>\r\n<\/tr>\r\n<tr>\r\n<td>1<\/td>\r\n<td>Vibro<\/td>\r\n<td>\u00a0<\/td>\r\n<\/tr>\r\n<tr>\r\n<td>2<\/td>\r\n<td>Mi Hembra<\/td>\r\n<td>\u00a0<\/td>\r\n<\/tr>\r\n<tr>\r\n<td>3<\/td>\r\n<td>Para Vivir<\/td>\r\n<td>\u00a0<\/td>\r\n<\/tr>\r\n<tr>\r\n<td>4<\/td>\r\n<td>Tu<\/td>\r\n<td>\u00a0<\/td>\r\n<\/tr>\r\n<tr>\r\n<td>5<\/td>\r\n<td>La Noche Es Nuestra<\/td>\r\n<td>\u00a0<\/td>\r\n<\/tr>\r\n<tr>\r\n<td>6<\/td>\r\n<td>Yo Te Adoro<\/td>\r\n<td>\u00a0<\/td>\r\n<\/tr>\r\n<tr>\r\n<td>7<\/td>\r\n<td>Cuerpos Al Calor<\/td>\r\n<td>\u00a0<\/td>\r\n<\/tr>\r\n<tr>\r\n<td>8<\/td>\r\n<td>Cada Vez Que Te Acercas<\/td>\r\n<td>\u00a0<\/td>\r\n<\/tr>\r\n<tr>\r\n<td>\u00a0<\/td>\r\n<td>\u00a0<\/td>\r\n<td>\u00a0<\/td>\r\n<\/tr>\r\n<tr>\r\n<td style=\"text-align: center;\">\u00a0<\/td>\r\n<td style=\"text-align: center;\"><strong>Joe de Barrio<\/strong><\/td>\r\n<td style=\"text-align: center;\"><strong>1987<\/strong><\/td>\r\n<\/tr>\r\n<tr>\r\n<td>1<\/td>\r\n<td>Joe De Barrio<\/td>\r\n<td>\u00a0<\/td>\r\n<\/tr>\r\n<tr>\r\n<td>2<\/td>\r\n<td>La Boda De Ana<\/td>\r\n<td>\u00a0<\/td>\r\n<\/tr>\r\n<tr>\r\n<td>3<\/td>\r\n<td>Maldita Mujer<\/td>\r\n<td>\u00a0<\/td>\r\n<\/tr>\r\n<tr>\r\n<td>4<\/td>\r\n<td>Abuela<\/td>\r\n<td>\u00a0<\/td>\r\n<\/tr>\r\n<tr>\r\n<td>5<\/td>\r\n<td>Caribe<\/td>\r\n<td>\u00a0<\/td>\r\n<\/tr>\r\n<tr>\r\n<td>6<\/td>\r\n<td>Maril\u00fa<\/td>\r\n<td>\u00a0<\/td>\r\n<\/tr>\r\n<tr>\r\n<td>7<\/td>\r\n<td>Qu\u00e9date Un Poco Mas<\/td>\r\n<td>\u00a0<\/td>\r\n<\/tr>\r\n<tr>\r\n<td>8<\/td>\r\n<td>Quimeras (Estudiante)<\/td>\r\n<td>\u00a0<\/td>\r\n<\/tr>\r\n<tr>\r\n<td>\u00a0<\/td>\r\n<td>\u00a0<\/td>\r\n<td>\u00a0<\/td>\r\n<\/tr>\r\n<tr>\r\n<td style=\"text-align: center;\">\u00a0<\/td>\r\n<td style=\"text-align: center;\"><strong>En Torno al Amor<\/strong><\/td>\r\n<td style=\"text-align: center;\"><strong>1991<\/strong><\/td>\r\n<\/tr>\r\n<tr>\r\n<td>1<\/td>\r\n<td>En Esa Hora<\/td>\r\n<td>\u00a0<\/td>\r\n<\/tr>\r\n<tr>\r\n<td>2<\/td>\r\n<td>Me Fascina Esa Mujer<\/td>\r\n<td>\u00a0<\/td>\r\n<\/tr>\r\n<tr>\r\n<td>3<\/td>\r\n<td>Toda vida<\/td>\r\n<td>\u00a0<\/td>\r\n<\/tr>\r\n<tr>\r\n<td>4<\/td>\r\n<td>Para Empezar De Nuevo<\/td>\r\n<td>\u00a0<\/td>\r\n<\/tr>\r\n<tr>\r\n<td>5<\/td>\r\n<td>No Supe Estar Sin Ti<\/td>\r\n<td>\u00a0<\/td>\r\n<\/tr>\r\n<tr>\r\n<td>6<\/td>\r\n<td>Amor Prohibido<\/td>\r\n<td>\u00a0<\/td>\r\n<\/tr>\r\n<tr>\r\n<td>7<\/td>\r\n<td>El \u00danico Que Te Entiende<\/td>\r\n<td>\u00a0<\/td>\r\n<\/tr>\r\n<tr>\r\n<td>8<\/td>\r\n<td>Nuestros Sue\u00f1os<\/td>\r\n<td>\u00a0<\/td>\r\n<\/tr>\r\n<tr>\r\n<td>\u00a0<\/td>\r\n<td>\u00a0<\/td>\r\n<td>\u00a0<\/td>\r\n<\/tr>\r\n<\/tbody>\r\n<\/table>\r\n<p>&nbsp;<\/p>\r\n<p><iframe loading=\"lazy\" title=\"OMAR ENRIQUE ALFANNO VEL\u00c1ZQUEZ\" width=\"618\" height=\"464\" src=\"https:\/\/www.youtube.com\/embed\/fJeDj34hHDc?feature=oembed\" frameborder=\"0\" allow=\"accelerometer; autoplay; clipboard-write; encrypted-media; gyroscope; picture-in-picture; web-share\" referrerpolicy=\"strict-origin-when-cross-origin\" allowfullscreen><\/iframe><\/p>\r\n<\/figure>\r\n<\/div>\r\n","protected":false},"excerpt":{"rendered":"<p>&nbsp; &nbsp; Fecha de Nacimiento: 4 de Enero de 1957 Biografia En 1987, graba su primer disco titulado &#8220;Cosas de Barrio&#8221;. Al a\u00f1o siguiente viaja a Puerto Rico, donde grab\u00f3 &#8220;Joe De Barrio&#8221; y &#8220;Cuerpos al calor&#8221;. En el 1990 firm\u00f3 un contrato con CBS y grab\u00f3 &#8220;En torno al amor&#8221;, el cuarto \u00e1lbum que &hellip;<\/p>\n","protected":false},"author":1,"featured_media":0,"parent":0,"menu_order":0,"comment_status":"open","ping_status":"closed","template":"","meta":{"footnotes":""},"class_list":["post-112","page","type-page","status-publish",""],"jetpack_sharing_enabled":true,"_links":{"self":[{"href":"http:\/\/mickyandoniehn.com\/radio\/wp-json\/wp\/v2\/pages\/112","targetHints":{"allow":["GET"]}}],"collection":[{"href":"http:\/\/mickyandoniehn.com\/radio\/wp-json\/wp\/v2\/pages"}],"about":[{"href":"http:\/\/mickyandoniehn.com\/radio\/wp-json\/wp\/v2\/types\/page"}],"author":[{"embeddable":true,"href":"http:\/\/mickyandoniehn.com\/radio\/wp-json\/wp\/v2\/users\/1"}],"replies":[{"embeddable":true,"href":"http:\/\/mickyandoniehn.com\/radio\/wp-json\/wp\/v2\/comments?post=112"}],"version-history":[{"count":2,"href":"http:\/\/mickyandoniehn.com\/radio\/wp-json\/wp\/v2\/pages\/112\/revisions"}],"predecessor-version":[{"id":29236,"href":"http:\/\/mickyandoniehn.com\/radio\/wp-json\/wp\/v2\/pages\/112\/revisions\/29236"}],"wp:attachment":[{"href":"http:\/\/mickyandoniehn.com\/radio\/wp-json\/wp\/v2\/media?parent=112"}],"curies":[{"name":"wp","href":"https:\/\/api.w.org\/{rel}","templated":true}]}}